-- Table structure for table `josfs_finder_links_terms`
--

CREATE TABLE `josfs_finder_links_terms` (
  `link_id` int(10) unsigned NOT NULL,
  `term_id` int(10) unsigned NOT NULL,
  `weight` float unsigned NOT NULL DEFAULT 0,
  PRIMARY KEY (`link_id`,`term_id`),
  KEY `idx_term_weight` (`term_id`,`weight`),
  KEY `idx_link_term_weight` (`link_id`,`term_id`,`weight`)
) ENGINE=InnoDB DEFAULT CHARSET=utf8mb4 COLLATE=utf8mb4_unicode_ci;

--
-- Dumping data for table `josfs_finder_links_terms`
--

INSERT INTO `josfs_finder_links_terms` VALUES (1,1,0.17),(10,1,0.17),(25,1,0.17),(7,2,0.32669),(25,2,0.32669),(26,2,0.32669),(27,2,0.32669),(28,2,0.32669),(1,2,0.56004),(2,2,0.56004),(3,2,0.56004),(4,2,0.56004),(9,2,0.56004),(10,2,0.56004),(11,2,0.56004),(12,2,0.56004),(13,2,0.56004),(14,2,0.56004),(18,2,0.56004),(19,2,0.56004),(30,2,0.56004),(16,2,0.88673),(17,2,0.88673),(15,2,2.3335),(7,3,0.32669),(25,3,0.32669),(26,3,0.32669),(27,3,0.32669),(28,3,0.32669),(1,3,0.56004),(2,3,0.56004),(3,3,0.56004),(4,3,0.56004),(9,3,0.56004),(10,3,0.56004),(11,3,0.56004),(12,3,0.56004),(13,3,0.56004),(14,3,0.56004),(18,3,0.56004),(19,3,0.56004),(30,3,0.56004),(16,3,0.88673),(17,3,1.21342),(15,3,2.89354),(1,4,0.56004),(2,4,0.56004),(3,4,0.56004),(4,4,0.56004),(9,4,0.56004),(10,4,0.56004),(11,4,0.56004),(12,4,0.56004),(13,4,0.56004),(14,4,0.56004),(17,4,0.56004),(18,4,0.56004),(19,4,0.56004),(30,4,0.56004),(16,4,0.88673),(15,4,1.21342),(7,5,0.32669),(25,5,0.32669),(26,5,0.32669),(27,5,0.32669),(28,5,0.32669),(1,5,0.56004),(2,5,0.56004),(3,5,0.56004),(4,5,0.56004),(9,5,0.56004),(10,5,0.56004),(11,5,0.56004),(12,5,0.56004),(13,5,0.56004),(14,5,0.56004),(18,5,0.56004),(30,5,0.56004),(19,5,1.12008),(16,5,1.44677),(17,5,2.10015),(15,5,2.3335),(1,6,0.9334),(1,7,0.79339),(2,8,0.17),(11,8,0.17),(2,9,1.48),(3,11,0.17),(12,11,0.17),(4,11,0.37),(3,12,0.98679),(4,14,0.17),(13,14,0.17),(9,15,0.48),(11,15,0.48),(12,15,0.48),(14,15,0.48),(18,15,0.48),(13,15,1.04),(4,15,1.48),(10,15,1.88),(5,17,0.17),(16,17,0.17),(9,18,0.18669),(14,18,0.18669),(18,18,0.18669),(12,18,0.56007),(5,18,0.98679),(11,18,0.98679),(6,20,0.17),(17,20,0.17),(6,21,0.98679),(7,23,0.34),(18,23,0.34),(8,24,0.34),(19,24,0.34),(8,25,2.46679),(19,25,2.93348),(9,27,0.17),(9,28,0.04669),(12,28,0.04669),(15,28,0.04669),(19,28,0.04669),(14,28,0.09338),(10,28,0.14007),(13,28,0.14007),(26,28,0.14007),(17,28,0.18676),(30,28,0.23345),(16,28,0.28014),(9,29,0.18669),(10,29,0.18669),(9,30,0.37331),(7,31,0.09331),(9,31,0.09331),(19,31,0.09331),(20,31,0.09331),(21,31,0.09331),(22,31,0.09331),(24,31,0.09331),(25,31,0.09331),(29,31,0.09331),(11,31,0.18662),(12,31,0.18662),(17,31,0.18662),(26,31,0.18662),(14,31,0.37324),(18,31,0.37324),(23,31,0.37324),(13,31,0.74648),(15,31,0.78647),(10,31,0.9331),(16,31,1.02641),(30,31,1.95951),(7,32,0.04669),(9,32,0.04669),(12,32,0.04669),(14,32,0.04669),(17,32,0.04669),(25,32,0.04669),(26,32,0.04669),(13,32,0.09338),(23,32,0.09338),(11,32,0.18676),(15,32,0.22011),(16,32,0.28014),(20,32,0.29348),(10,32,0.4669),(30,32,0.9338),(9,33,0.28),(11,33,0.28),(14,33,0.28),(13,33,0.84),(9,34,0.28),(16,34,0.28),(15,34,0.48),(13,34,0.56),(9,35,0.32669),(9,36,0.18669),(9,37,0.18669),(11,37,0.18669),(13,37,0.18669),(14,37,0.18669),(9,38,0.32669),(12,38,0.32669),(13,38,0.32669),(9,39,0.18669),(9,40,0.28),(12,40,0.28),(9,41,0.09331),(30,41,0.09331),(11,41,0.18662),(12,41,0.27993),(14,41,0.27993),(10,41,0.37324),(13,41,0.65317),(7,42,0.04669),(9,42,0.04669),(13,42,0.04669),(17,42,0.04669),(18,42,0.04669),(25,42,0.04669),(26,42,0.04669),(11,42,0.09338),(16,42,0.09338),(15,42,0.12673),(14,42,0.14007),(30,42,0.14007),(12,42,0.18676),(10,42,0.32683),(9,43,0.28),(30,43,0.28),(9,44,0.37331),(16,44,0.37331),(9,45,0.23331),(9,46,0.28),(11,46,0.28),(10,46,0.56),(12,46,1.52),(9,47,0.28),(14,47,0.28),(10,47,0.56),(13,47,0.56),(9,48,0.14),(11,48,0.14),(12,48,0.14),(14,48,0.14),(16,48,0.14),(30,48,0.14),(15,48,0.28),(17,48,0.28),(18,48,0.28),(10,48,0.98),(13,48,1.54),(9,49,0.09331),(11,49,0.09331),(13,49,0.09331),(17,49,0.09331),(30,49,0.09331),(10,49,0.18662),(12,49,0.27993),(9,50,0.18669),(10,50,0.18669),(16,51,0.23331),(30,51,0.23331),(10,51,0.46662),(12,51,1.23321),(9,51,1.46652),(9,52,0.09331),(12,52,0.09331),(14,52,0.09331),(15,52,0.09331),(16,52,0.09331),(18,52,0.09331),(11,52,0.18662),(30,52,0.18662),(13,52,0.27993),(10,52,0.46655),(9,53,0.23331),(13,53,0.23331),(10,58,0.7),(10,59,0.51331),(10,60,0.51331),(10,61,0.28),(10,62,0.28),(10,63,0.28),(10,64,0.42),(11,64,0.42),(13,64,0.42),(11,65,0.60669),(13,65,0.60669),(14,65,0.60669),(12,65,1.21338),(10,65,1.82007),(10,66,0.23331),(10,67,0.46662),(10,68,0.32669),(13,69,0.32669),(14,69,0.32669),(12,69,0.65338),(10,69,0.98007),(10,70,0.42),(14,70,0.42),(10,71,0.28),(10,72,0.37331),(10,73,0.28),(11,73,0.28),(12,73,0.28),(10,74,0.32669),(11,74,0.65338),(12,74,0.65338),(18,74,0.65338),(13,74,0.98007),(10,75,0.09331),(14,75,0.09331),(18,75,0.09331),(12,75,0.18662),(13,75,0.18662),(30,75,0.27993),(10,76,0.42),(10,77,0.37331),(10,78,0.28),(10,79,0.32669),(10,80,0.18669),(13,80,0.18669),(10,81,0.28),(12,82,0.14),(14,82,0.14),(10,82,0.28),(30,82,0.28),(13,82,0.42),(15,82,0.42),(16,82,0.42),(12,83,0.18669),(17,83,0.18669),(30,83,0.18669),(11,83,0.37338),(10,83,0.74676),(10,84,0.46669),(14,85,0.60669),(12,85,1.21338),(10,85,1.82007),(10,86,0.37331),(16,86,0.37331),(12,86,1.11993),(10,87,0.42),(10,88,0.18669),(10,89,0.23331),(11,89,0.23331),(7,90,0.09331),(10,90,0.09331),(12,90,0.09331),(16,90,0.09331),(17,90,0.09331),(25,90,0.09331),(15,90,0.25327),(20,90,0.49321),(30,90,1.11972),(10,91,0.14),(14,91,0.14),(30,91,0.42),(10,92,0.32669),(10,93,0.32669),(10,94,0.42),(14,94,0.42),(10,95,1.12),(10,96,0.46669),(10,97,0.18669),(10,98,0.23331),(10,99,0.46669),(15,99,0.46669),(18,99,0.46669),(14,100,0.51331),(10,100,1.02662),(11,101,0.09331),(15,101,0.09331),(12,101,0.27993),(13,101,0.27993),(14,101,0.55986),(10,101,0.83979),(30,101,1.49296),(10,102,0.56),(10,103,0.28),(15,103,0.28),(16,103,0.56),(7,104,0.09331),(11,104,0.09331),(14,104,0.09331),(25,104,0.09331),(12,104,0.18662),(13,104,0.18662),(17,104,0.18662),(16,104,0.27993),(30,104,0.46655),(15,104,0.62651),(10,104,0.77314),(10,105,0.28),(15,105,0.28),(10,106,0.18669),(11,106,0.18669),(12,106,0.18669),(14,106,0.37338),(14,107,0.23331),(15,107,0.23331),(10,107,0.46662),(10,108,0.28),(12,108,0.28),(10,109,0.32669),(10,110,0.37331),(10,111,0.42),(13,111,0.42),(14,111,0.42),(10,112,0.14),(14,112,0.14),(11,113,0.23331),(30,113,0.23331),(10,113,0.93324),(10,114,0.37331),(10,115,0.32669),(10,116,0.28),(10,117,0.42),(10,118,0.09331),(12,118,0.09331),(10,119,0.51331),(10,120,0.46669),(14,121,0.37331),(10,121,0.74662),(10,122,0.14),(10,123,0.18669),(10,124,0.23331),(10,125,0.09331),(10,126,0.23331),(10,127,0.32669),(11,128,0.23331),(14,128,0.23331),(10,128,0.46662),(10,129,0.37331),(14,130,0.18669),(15,130,0.18669),(16,130,0.37338),(10,130,0.56007),(12,130,0.56007),(13,130,0.56007),(10,131,0.14),(10,132,0.18669),(13,132,0.18669),(14,132,0.18669),(10,133,0.23331),(10,134,0.23331),(11,134,0.23331),(10,135,0.28),(10,136,0.23331),(16,136,0.23331),(10,137,0.28),(13,137,0.28),(10,138,0.65338),(13,138,2.42684),(10,139,0.42),(10,140,0.23331),(10,141,0.23331),(10,142,0.18669),(10,143,0.14),(11,144,0.18669),(14,144,0.18669),(10,144,0.37338),(18,144,0.98679),(10,145,0.14),(11,145,0.14),(30,145,0.14),(10,146,0.23331),(30,146,0.23331),(10,147,0.23331),(10,148,0.32669),(10,149,0.18669),(10,150,0.28),(12,150,0.28),(13,150,0.28),(14,150,0.56),(10,151,0.09331),(11,151,0.09331),(14,151,0.09331),(15,151,0.09331),(26,151,0.09331),(27,151,0.09331),(12,151,0.18662),(30,151,0.18662),(16,151,0.27993),(18,151,0.27993),(16,152,0.09331),(10,152,0.27993),(10,153,0.23331),(11,154,0.28),(13,154,0.28),(10,154,0.56),(10,155,0.28),(10,156,0.23331),(11,157,0.18669),(17,157,0.18669),(18,157,0.18669),(26,157,0.18669),(13,157,0.37338),(15,157,0.56007),(30,157,0.56007),(12,157,0.93345),(16,157,1.12014),(10,157,1.30683),(10,158,0.23331),(30,158,0.23331),(10,159,0.28),(12,159,0.28),(11,160,0.37338),(12,160,0.37338),(14,160,0.56007),(10,160,0.74676),(13,160,0.93345),(10,161,0.23331),(16,161,0.23331),(10,162,0.32669),(10,163,0.32669),(10,164,0.42),(10,165,1.21338),(10,166,0.42),(10,167,0.23331),(13,167,0.23331),(30,167,0.23331),(10,168,0.18669),(30,168,0.18669),(13,169,0.28),(10,169,0.56),(10,170,0.51331),(10,171,0.23331),(16,171,0.23331),(10,172,0.28),(13,172,0.28),(10,173,0.37331),(10,174,0.84),(10,175,0.23331),(10,176,0.60669),(16,177,0.14),(12,177,0.42),(13,177,0.56),(11,177,0.88),(14,177,1.02),(10,177,1.44),(10,178,0.42),(10,179,0.32669),(16,180,0.18669),(30,180,0.18669),(12,180,0.37338),(11,180,0.56007),(13,180,0.74676),(14,180,1.12014),(10,180,2.85369),(10,181,0.14),(10,182,0.28),(14,182,0.28),(11,182,0.56),(13,182,0.56),(10,183,0.14),(13,183,0.14),(17,183,0.28),(14,184,0.37331),(10,184,0.74662),(10,185,0.42),(14,185,0.42),(10,186,0.18669),(10,187,0.46669),(10,188,0.37331),(14,189,0.51331),(10,189,2.71321),(10,190,0.42),(15,190,0.42),(10,191,0.37331),(16,191,0.37331),(30,191,0.37331),(18,191,0.74662),(10,192,0.56),(14,192,0.56),(10,193,0.14),(15,193,0.14),(16,193,0.14),(17,193,0.14),(26,193,0.14),(30,193,0.14),(13,193,0.28),(12,193,0.56),(10,194,0.28),(14,194,0.28),(10,195,0.18669),(10,196,0.32669),(10,197,1.11993),(10,198,0.28),(10,199,0.14),(10,200,0.93338),(10,201,0.32669),(14,201,0.32669),(15,202,0.18669),(16,202,0.18669),(11,202,0.74676),(12,202,0.74676),(14,202,0.74676),(13,202,1.8669),(10,202,2.80035),(10,203,0.09331),(11,203,0.09331),(10,204,0.46662),(10,205,0.28),(10,206,0.18669),(21,206,0.18669),(22,206,0.18669),(24,206,0.18669),(29,206,0.18669),(30,206,0.18669),(7,207,0.04669),(11,207,0.04669),(13,207,0.04669),(17,207,0.04669),(25,207,0.04669),(30,207,0.09338),(15,207,0.12673),(10,207,0.14007),(11,313,0.32669),(11,314,0.46669),(30,315,0.09331),(16,315,0.18662),(11,315,0.49321),(11,316,0.4),(11,317,1.02),(11,318,0.23331),(11,319,0.32669),(14,319,0.32669),(18,319,0.32669),(11,320,0.46669),(11,321,0.23331),(11,322,0.28),(11,323,0.18669),(12,323,0.18669),(14,323,0.18669),(11,324,0.37331),(11,325,0.28),(11,326,0.42),(11,327,0.18669),(11,328,0.28),(11,329,0.23331),(11,330,0.65331),(11,331,0.56),(11,332,0.37331),(11,333,0.23331),(15,333,0.23331),(27,333,0.23331),(11,334,0.18669),(12,334,0.18669),(11,335,0.6666),(11,336,0.28),(11,337,0.04669),(12,344,0.14),(12,345,0.32669),(13,345,0.32669),(12,346,0.42),(12,347,0.28),(12,348,0.37331),(12,349,0.37331),(12,350,0.51331),(12,351,0.56),(12,352,0.37331),(12,353,0.18669),(12,354,0.18669),(12,355,0.37331),(12,356,0.23331),(12,357,0.28),(12,358,0.32669),(12,359,0.32669),(16,359,0.32669),(12,360,0.56),(12,361,0.93338),(12,362,0.18669),(12,363,0.23331),(15,364,0.09331),(16,364,0.09331),(18,364,0.09331),(21,364,0.09331),(22,364,0.09331),(24,364,0.09331),(29,364,0.09331),(12,364,0.18662),(30,364,0.37324),(12,365,0.32669),(12,366,0.32669),(12,367,0.8),(12,368,0.18669),(12,369,2.22),(12,370,0.37331),(12,371,0.28),(12,372,0.28),(12,373,0.56),(12,374,0.37331),(12,375,0.32669),(18,375,1.72679),(12,376,0.37331),(12,377,0.18669),(12,378,0.37331),(17,379,0.14),(12,379,0.88),(12,380,0.23331),(12,381,0.23331),(16,381,0.46662),(12,382,0.14),(13,407,0.28),(13,408,0.28),(13,409,0.46669),(13,410,0.18669),(13,411,0.23331),(13,412,0.23331),(13,413,0.60669),(13,414,0.42),(13,415,0.37331),(13,416,0.46669),(13,417,0.28),(13,418,0.32669),(13,419,0.42),(13,420,0.18669),(13,421,0.42),(13,422,0.18669),(13,423,0.37331),(13,424,0.56),(13,425,0.28),(13,426,0.23331),(13,427,0.46669),(13,428,0.51331),(14,428,0.51331),(13,429,0.84),(13,430,0.28),(13,431,0.46669),(13,432,0.32669),(13,433,0.23331),(13,434,0.28),(13,435,0.37331),(13,436,0.28),(13,437,0.46662),(13,438,0.37331),(13,439,0.28),(13,440,0.28),(13,441,0.28),(13,442,0.9334),(13,443,0.28),(13,444,0.14),(13,445,0.84),(13,446,0.37331),(13,447,0.28),(13,448,0.32669),(13,449,0.60669),(13,450,0.42),(7,451,0.14),(13,451,0.14),(14,451,0.14),(17,451,0.14),(25,451,0.14),(30,451,0.14),(15,451,0.38),(13,452,0.23331),(13,453,0.28),(30,453,0.28),(13,454,0.84),(13,455,0.7),(13,456,0.37331),(13,457,0.14),(13,458,0.46669),(13,459,0.28),(26,460,0.18669),(18,460,0.37338),(16,460,0.56007),(13,460,1.36017),(13,461,0.18669),(16,461,0.18669),(17,461,0.18669),(13,462,0.37331),(13,463,0.42),(13,464,0.28),(13,465,0.56007),(13,466,0.18669),(13,467,0.28),(13,468,0.18669),(13,469,0.23331),(14,470,0.17),(14,471,0.46669),(14,472,0.42),(14,473,0.28),(14,474,0.37331),(14,475,0.23331),(14,476,0.23331),(14,477,0.42),(14,478,0.56),(14,479,1.36017),(14,480,0.14),(15,485,0.17),(19,488,2.42697),(19,494,0.93345),(19,495,3.26634),(19,496,1.4),(19,503,0.93345),(19,508,3.96627),(19,512,4.43289),(19,513,1.16655),(19,520,0.7),(19,521,1.82),(19,526,1.39965),(18,557,0.14),(18,692,0.28),(18,738,0.60669),(18,739,0.37331),(18,740,0.42),(18,741,0.23331),(18,742,0.56),(18,743,0.23331),(18,744,0.23331),(18,745,0.28),(18,746,0.23331),(18,747,0.37331),(15,748,0.46669),(18,748,0.46669),(28,748,0.46669),(17,748,2.93348),(27,748,2.93348),(16,749,0.23331),(18,749,0.23331),(18,750,2.22),(19,753,0.46655),(19,754,2.33345),(19,755,1.63345),(19,756,1.63345),(19,757,0.18669),(19,758,0.18669),(19,759,2.8),(19,760,2.05324),(19,761,0.23331),(19,762,0.28),(19,763,0.42),(19,764,0.42),(19,765,0.42),(19,766,0.42),(19,767,0.93345),(19,768,0.93345),(19,769,0.32669),(19,770,1.63345),(19,771,0.46655),(19,772,1.4),(19,773,0.09331),(19,774,0.09331),(19,775,0.09331),(19,776,0.09331),(19,777,0.09331),(19,778,0.18669),(19,779,1.63345),(19,780,0.18669),(19,781,0.18662),(19,782,0.28),(19,783,1.86655),(19,784,1.16655),(19,785,0.93345),(19,786,0.93345),(19,787,1.63345),(19,788,1.63345),(19,789,0.09331),(19,790,0.23345),(19,791,0.32669),(19,792,0.93345),(19,793,0.42),(19,794,0.28),(19,795,0.32669),(19,796,1.86655),(19,797,1.4),(19,798,0.51331),(19,799,0.42),(19,800,0.56),(19,801,0.65331),(19,802,0.56),(19,803,0.56),(19,804,2.1),(19,805,0.09331),(19,806,2.56655),(19,807,1.4),(19,808,0.37331),(19,809,0.32669),(19,810,1.86655),(19,811,0.32669),(19,812,0.93345),(20,816,0.34),(30,816,0.34),(20,817,0.46669),(20,818,1.0666),(30,819,0.74662),(20,819,1.27992),(20,820,0.51331),(20,821,1.48),(20,822,0.28),(30,822,0.28),(20,823,0.42),(30,823,0.84),(29,823,2.64),(20,824,0.46669),(20,825,0.14),(23,825,0.14),(20,826,1.97321),(20,827,0.51331),(21,827,0.51331),(22,827,0.51331),(23,827,0.51331),(24,827,0.51331),(29,827,0.51331),(20,828,0.32669),(23,828,0.32669),(30,828,0.32669),(7,829,0.23331),(17,829,0.23331),(20,829,0.23331),(23,829,0.23331),(25,829,0.23331),(30,829,0.23331),(15,829,0.86658),(21,831,0.34),(21,832,2.34652),(22,834,0.34),(22,835,2.34652),(23,837,0.34),(23,838,0.42),(23,839,0.42),(30,839,6.84),(23,840,0.51331),(23,841,0.23331),(30,841,0.46662),(30,842,1.40007),(24,842,2.93348),(23,842,3.26683),(23,843,0.42),(23,844,0.37331),(24,844,1.27992),(23,845,0.37331),(30,845,0.37331),(17,846,0.46669),(30,846,0.46669),(23,846,2.46679),(23,847,0.42),(24,852,0.34),(24,853,1.0666),(15,855,0.46669),(15,856,0.23331),(15,857,0.18669),(30,857,0.18669),(15,858,0.23331),(16,858,0.23331),(26,858,0.23331),(15,859,0.37331),(15,860,0.14),(30,860,0.14),(15,861,0.32669),(15,862,0.42),(15,863,0.09331),(30,863,0.09331),(15,864,0.28),(15,865,0.65331),(7,866,0.51331),(16,866,0.51331),(25,866,0.51331),(15,866,1.39327),(15,867,1.02662),(7,868,0.37331),(25,868,0.37331),(15,868,1.01327),(15,869,0.60669),(15,870,0.56),(15,871,0.60669),(15,872,0.32669),(15,873,0.23331),(7,874,0.37331),(25,874,0.37331),(15,874,1.01327),(7,875,0.37331),(16,875,0.37331),(25,875,0.37331),(15,875,2.1332),(15,876,0.46669),(26,876,2.93348),(16,876,4.33355),(16,877,0.42),(25,877,1.02),(7,877,2.22),(15,877,2.22),(15,878,0.23331),(16,878,0.23331),(30,879,0.28),(7,879,1.48),(15,879,1.48),(25,879,1.48),(15,880,0.65331),(15,881,0.32669),(16,881,0.32669),(7,882,0.51331),(25,882,0.51331),(15,882,1.39327),(15,883,0.51331),(15,884,0.37331),(16,884,0.37331),(16,885,0.23331),(15,885,0.46662),(15,886,0.56),(16,886,1.12),(15,887,0.32669),(15,888,0.46669),(15,889,0.32669),(7,890,0.60669),(25,890,0.60669),(30,890,0.60669),(15,890,2.25342),(15,891,0.37331),(7,892,0.56),(16,892,0.56),(25,892,0.56),(15,892,1.52),(7,893,0.18669),(25,893,0.18669),(15,893,0.88011),(26,894,0.42),(15,894,1.26),(16,894,1.26),(15,895,0.14),(15,896,0.42),(15,897,0.23331),(30,918,0.23331),(15,918,0.39996),(15,919,0.48),(15,920,0.63996),(30,921,0.46662),(15,921,1.19988),(17,922,0.37331),(15,922,0.63996),(15,923,0.80004),(16,923,0.93338),(25,925,0.34),(16,927,0.46669),(16,928,0.42),(16,929,0.42),(26,930,0.28),(16,930,0.56),(16,931,0.37331),(16,932,0.42),(16,933,0.18669),(16,934,0.56),(16,935,0.32669),(16,936,0.46669),(26,937,0.32669),(16,937,0.98007),(16,938,0.32669),(16,939,0.32669),(16,940,0.51331),(16,941,0.32669),(16,942,0.42),(16,943,0.37331),(16,944,0.23331),(16,945,0.28),(16,946,0.37331),(16,947,0.23331),(16,948,0.46669),(16,949,0.18669),(26,949,0.18669),(16,950,0.28),(26,951,0.32669),(16,951,0.65338),(16,952,0.32669),(16,953,0.28),(26,954,0.37331),(16,954,0.74662),(16,955,0.32669),(26,955,0.32669),(16,956,0.32669),(16,957,0.37331),(16,958,0.37331),(16,959,0.32669),(16,960,0.42),(17,960,0.42),(26,960,0.42),(30,960,0.42),(16,961,0.37331),(16,962,0.32669),(30,962,0.32669),(26,963,1.27992),(16,963,2.77316),(16,964,0.32669),(16,965,0.42),(16,966,0.37331),(16,990,1.0666),(26,990,1.0666),(25,991,1.3334),(26,992,0.34),(27,993,0.34),(27,994,1.76),(28,994,1.76),(17,994,2.32),(27,995,0.18669),(28,995,0.18669),(30,995,0.56007),(28,996,0.34),(17,997,0.28),(17,998,0.18669),(17,999,0.32669),(17,1000,0.28),(17,1002,0.46669),(17,1003,0.46669),(17,1004,0.37331),(17,1005,0.23331),(17,1006,0.37331),(17,1007,0.37331),(17,1008,0.60669),(17,1009,0.37331),(17,1010,0.37331),(17,1011,0.37331),(29,1012,0.34),(30,1013,0.42),(30,1014,5.02686),(30,1015,0.28),(30,1016,0.28),(30,1017,0.28),(30,1018,0.28),(30,1019,0.28),(30,1020,0.28),(30,1021,0.28),(30,1022,0.28),(30,1023,0.28),(30,1024,1.05),(30,1025,0.14),(30,1026,0.74662),(30,1027,0.28),(30,1028,0.37331),(30,1029,0.37331),(30,1030,0.42),(30,1031,0.42),(30,1032,0.18669),(30,1033,0.46669),(30,1034,0.37331),(30,1035,0.56),(30,1036,0.37331),(30,1037,0.60669),(30,1038,0.28),(30,1039,0.28),(30,1040,0.23331),(30,1041,0.04669),(30,1042,0.18669),(30,1043,0.46662),(30,1044,0.28),(30,1045,0.18669),(30,1046,0.37331),(30,1047,0.37331),(30,1048,0.42),(30,1049,0.37331),(30,1050,1.02662),(30,1051,0.51331),(30,1052,0.23331),(30,1053,0.74662),(30,1054,0.23331),(30,1055,0.28),(30,1056,0.28),(30,1057,0.14),(30,1058,0.46669),(30,1059,0.7),(30,1060,0.46669),(30,1061,0.32669),(30,1062,0.74662),(30,1063,1.02662),(30,1064,0.32669),(30,1065,0.56),(30,1066,0.42),(30,1067,0.37331),(30,1068,0.56),(30,1069,0.46669),(30,1070,0.14),(30,1071,0.46669),(30,1072,0.65331),(30,1073,1.02662),(30,1074,0.28),(30,1075,0.65331),(30,1076,0.46669),(30,1077,0.65338),(30,1078,0.32669),(30,1079,0.37331),(30,1080,0.42),(30,1081,0.32669),(30,1082,0.98007),(30,1083,0.51331),(30,1084,0.51331),(30,1085,0.28),(30,1086,0.04669),(30,1087,1.02662),(30,1088,0.51331),(30,1089,0.42),(30,1090,2.61317),(30,1091,1.21338),(30,1092,0.46669),(30,1093,0.51331),(30,1094,1.12),(30,1095,0.84),(30,1096,0.28),(30,1097,0.23331),(30,1098,1.14),(30,1099,0.46669),(30,1100,0.18669),(30,1101,0.23331),(30,1102,0.32669),(30,1103,0.32669),(30,1104,0.51331),(30,1105,0.46669),(30,1106,0.60669),(30,1107,0.60669),(30,1108,0.37338),(30,1109,0.51331),(30,1110,0.56),(30,1111,0.56),(30,1112,0.37331),(30,1113,0.28),(30,1114,0.42),(30,1115,0.65338),(30,1116,0.37331),(30,1117,0.32669),(30,1118,0.28),(30,1119,0.32669),(30,1120,0.56007),(30,1121,0.37331),(30,1122,0.56),(30,1123,0.28),(30,1124,0.42),(30,1125,0.42),(30,1126,0.51331),(30,1127,0.51331),(30,1128,0.46669),(30,1129,0.37331),(30,1130,0.60669),(30,1131,0.37331),(30,1132,0.56),(30,1133,0.14),(30,1135,0.32669),(30,1136,0.56),(30,1137,0.46669),(30,1138,0.23331),(30,1139,0.09331),(30,1140,0.51331),(30,1141,0.7),(30,1142,0.42),(30,1143,0.18669),(30,1144,0.37331),(30,1145,0.23331),(30,1146,0.23331),(30,1147,0.46669),(30,1148,0.46669),(30,1149,0.60669),(30,1150,0.37331),(30,1151,0.42),(30,1152,1.26),(30,1153,0.7),(30,1154,0.32669),(30,1155,0.46669),(30,1156,1.21338),(30,1157,0.18669),(30,1158,0.32669),(30,1159,0.37331),(30,1160,0.18669),(30,1161,0.14),(30,1162,0.23331),(30,1163,0.46669),(30,1164,0.46669),(30,1165,0.42),(30,1166,0.28),(30,1167,0.23331),(30,1168,0.65338),(30,1169,0.42),(30,1170,0.65331),(30,1171,0.32669),(30,1172,0.51331),(30,1173,0.23331),(30,1174,0.46669),(30,1175,0.51331),(30,1176,0.23331),(30,1177,0.23331),(30,1178,0.32669),(30,1179,0.42),(30,1180,0.23331),(30,1181,0.37331),(30,1182,0.04669),(30,1183,0.28),(30,1184,1.68),(30,1185,0.56),(30,1186,0.60669),(30,1187,1.38658),(30,1188,0.28),(30,1189,0.28);

--
-- Table structure for table `josfs_finder_logging`
--

CREATE TABLE `josfs_finder_logging` (
  `searchterm` varchar(255) NOT NULL DEFAULT '',
  `md5sum` varchar(32) NOT NULL DEFAULT '',
  `query` blob NOT NULL,
  `hits` int(11) NOT NULL DEFAULT 1,
  `results` int(11) NOT NULL DEFAULT 0,
  PRIMARY KEY (`md5sum`),
  KEY `searchterm` (`searchterm`(191))
) ENGINE=InnoDB DEFAULT CHARSET=utf8mb4 COLLATE=utf8mb4_unicode_ci;

--
-- Dumping data for table `josfs_finder_logging`
--


--
-- Table structure for table `josfs_finder_taxonomy`
--

CREATE TABLE `josfs_finder_taxonomy` (
  `id` int(10) unsigned NOT NULL AUTO_INCREMENT,
  `parent_id` int(10) unsigned NOT NULL DEFAULT 0,
  `lft` int(11) NOT NULL DEFAULT 0,
  `rgt` int(11) NOT NULL DEFAULT 0,
  `level` int(10) unsigned NOT NULL DEFAULT 0,
  `path` varchar(400) NOT NULL DEFAULT '',
  `title` varchar(255) NOT NULL DEFAULT '',
  `alias` varchar(400) NOT NULL DEFAULT '',
  `state` tinyint(3) unsigned NOT NULL DEFAULT 1,
  `access` tinyint(3) unsigned NOT NULL DEFAULT 1,
  `language` char(7) NOT NULL DEFAULT '',
  PRIMARY KEY (`id`),
  KEY `idx_state` (`state`),
  KEY `idx_access` (`access`),
  KEY `idx_path` (`path`(100)),
  KEY `idx_level` (`level`),
  KEY `idx_left_right` (`lft`,`rgt`),
  KEY `idx_alias` (`alias`(100)),
  KEY `idx_language` (`language`),
  KEY `idx_parent_published` (`parent_id`,`state`,`access`)
) ENGINE=InnoDB AUTO_INCREMENT=25 DEFAULT CHARSET=utf8mb4 COLLATE=utf8mb4_unicode_ci;

--
-- Dumping data for table `josfs_finder_taxonomy`
--

INSERT INTO `josfs_finder_taxonomy` VALUES (1,0,0,41,0,'','ROOT','root',1,1,'*'),(2,1,1,8,1,'type','Type','type',1,1,''),(3,2,2,3,2,'type/tag','Tag','tag',1,1,''),(4,1,9,18,1,'author','Author','author',1,1,''),(5,4,10,11,2,'author/contato-editora-ci-ecirc-ncia-capital','Contato Editora Ci&ecirc;ncia Capital','contato-editora-ci-ecirc-ncia-capital',1,1,''),(6,1,19,22,1,'language','Language','language',1,1,''),(7,6,20,21,2,'language/faef360113599eb6a0282d981cc199d8','*','faef360113599eb6a0282d981cc199d8',1,1,''),(8,2,4,5,2,'type/category','Category','category',1,1,''),(9,2,6,7,2,'type/article','Article','article',1,1,''),(10,4,12,13,2,'author/joomla','Joomla','joomla',1,1,''),(11,1,23,40,1,'category','Category','category',1,1,''),(12,11,24,25,2,'category/help','Help','help',1,1,'*'),(13,11,26,27,2,'category/blog','Blog','blog',1,1,'*'),(15,11,28,29,2,'category/tipografia','Tipografia','tipografia',1,1,'*'),(16,4,14,15,2,'author/editora','Editora','editora',1,1,''),(18,11,30,31,2,'category/equipe-editorial','Equipe Editorial','equipe-editorial',1,1,'*'),(19,11,32,33,2,'category/servicos-editoriais','Serviços Editoriais','servicos-editoriais',1,1,'*'),(20,11,34,39,2,'category/livros-publicados','Livros Publicados','livros-publicados',1,1,'*'),(22,20,35,38,3,'category/livros-publicados/ciencias-exatas-e-da-natureza','Ciências Exatas e da Natureza','ciencias-exatas-e-da-natureza',1,1,'*'),(23,22,36,37,4,'category/livros-publicados/ciencias-exatas-e-da-natureza/geografia','Geografia','geografia',1,1,'*'),(24,4,16,17,2,'author/williams-guimaraes','Williams Guimarães','williams-guimaraes',1,1,'');

--
-- Table structure for table `josfs_finder_taxonomy_map`
--

CREATE TABLE `josfs_finder_taxonomy_map` (
  `link_id` int(10) unsigned NOT NULL,
  `node_id` int(10) unsigned NOT NULL,
  PRIMARY KEY (`link_id`,`node_id`),
  KEY `link_id` (`link_id`),
  KEY `node_id` (`node_id`)
) ENGINE=InnoDB DEFAULT CHARSET=utf8mb4 COLLATE=utf8mb4_unicode_ci;

--
-- Dumping data for table `josfs_finder_taxonomy_map`
--

INSERT INTO `josfs_finder_taxonomy_map` VALUES (1,3),(1,5),(1,7),(2,3),(2,5),(2,7),(3,3),(3,5),(3,7),(4,3),(4,5),(4,7),(5,7),(5,8),(6,7),(6,8),(7,7),(7,8),(8,7),(8,8),(9,7),(9,9),(9,10),(9,12),(10,7),(10,9),(10,10),(10,12),(11,7),(11,9),(11,10),(11,13),(12,7),(12,9),(12,10),(12,13),(13,7),(13,9),(13,10),(13,13),(14,7),(14,9),(14,10),(14,13),(15,7),(15,9),(15,16),(15,18),(16,7),(16,9),(16,16),(16,19),(17,7),(17,9),(17,16),(17,20),(18,7),(18,9),(18,10),(18,12),(19,7),(19,9),(19,15),(19,16),(20,7),(20,8),(21,7),(21,8),(22,7),(22,8),(23,7),(23,8),(24,7),(24,8),(25,7),(25,8),(26,7),(26,8),(27,7),(27,8),(28,7),(28,8),(29,7),(29,8),(30,7),(30,9),(30,23),(30,24);

--
-- Table structure for table `josfs_finder_terms`
--

CREATE TABLE `josfs_finder_terms` (
  `term_id` int(10) unsigned NOT NULL AUTO_INCREMENT,
  `term` varchar(75) CHARACTER SET utf8mb4 COLLATE utf8mb4_bin NOT NULL,
  `stem` varchar(75) CHARACTER SET utf8mb4 COLLATE utf8mb4_bin NOT NULL DEFAULT '',
  `common` tinyint(3) unsigned NOT NULL DEFAULT 0,
  `phrase` tinyint(3) unsigned NOT NULL DEFAULT 0,
  `weight` float unsigned NOT NULL DEFAULT 0,
  `soundex` varchar(75) CHARACTER SET utf8mb4 COLLATE utf8mb4_bin NOT NULL DEFAULT '',
  `links` int(11) NOT NULL DEFAULT 0,
  `language` char(7) NOT NULL DEFAULT '',
  PRIMARY KEY (`term_id`),
  UNIQUE KEY `idx_term_language` (`term`,`language`),
  KEY `idx_stem` (`stem`),
  KEY `idx_term_phrase` (`term`,`phrase`),
  KEY `idx_stem_phrase` (`stem`,`phrase`),
  KEY `idx_soundex_phrase` (`soundex`,`phrase`),
  KEY `idx_language` (`language`)
) ENGINE=InnoDB AUTO_INCREMENT=1190 DEFAULT CHARSET=utf8mb4 COLLATE=utf8mb4_unicode_ci;

--
-- Dumping data for table `josfs_finder_terms`
--

INSERT INTO `josfs_finder_terms` VALUES (1,'2','2',0,0,0.1,'',5,'*'),(2,'capital','capital',0,0,0.4667,'C134',78,'*'),(3,'ciência','ciência',0,0,0.4667,'C520',78,'*'),(4,'contato','contato',0,0,0.4667,'C530',66,'*'),(5,'editora','editora',0,0,0.4667,'E360',78,'*'),(6,'milhoes','milhoes',0,0,0.4667,'M420',2,'*'),(7,'milhões','milhões',0,0,0.4667,'M420',2,'*'),(8,'3','3',0,0,0.1,'',2,'*'),(9,'global','global',0,0,0.4,'G414',1,'*'),(11,'4','4',0,0,0.1,'',6,'*'),(12,'amar','amar',0,0,0.2667,'A560',3,'*'),(14,'5','5',0,0,0.1,'',2,'*'),(15,'joomla','joomla',0,0,0.4,'J540',27,'*'),(17,'8','8',0,0,0.1,'',21,'*'),(18,'blog','blog',0,0,0.2667,'B420',7,'*'),(20,'9','9',0,0,0.1,'',8,'*'),(21,'help','help',0,0,0.2667,'H410',1,'*'),(23,'10','10',0,0,0.2,'',5,'*'),(24,'11','11',0,0,0.2,'',4,'*'),(25,'tipografia','tipografia',0,0,0.6667,'T1261',4,'*'),(27,'1','1',0,0,0.1,'',1,'*'),(28,'a','a',0,0,0.0667,'A000',59,'*'),(29,'aqui','aqui',0,0,0.2667,'A200',2,'*'),(30,'clicando','clicando',0,0,0.5333,'C4253',1,'*'),(31,'de','de',0,0,0.1333,'D000',81,'*'),(32,'e','e',0,0,0.0667,'E000',67,'*'),(33,'editar','editar',0,0,0.4,'E360',4,'*'),(34,'edição','edição',0,0,0.4,'E300',32,'*'),(35,'escreve','escreve',0,0,0.4667,'E261',1,'*'),(36,'esta','esta',0,0,0.2667,'E230',1,'*'),(37,'este','este',0,0,0.2667,'E230',4,'*'),(38,'estiver','estiver',0,0,0.4667,'E2316',3,'*'),(39,'fala','fala',0,0,0.2667,'F400',1,'*'),(40,'logado','logado',0,0,0.4,'L230',2,'*'),(41,'no','no',0,0,0.1333,'N000',19,'*'),(42,'o','o',0,0,0.0667,'O000',63,'*'),(43,'pessoa','pessoa',0,0,0.4,'P200',7,'*'),(44,'possível','possível',0,0,0.5333,'P214',21,'*'),(45,'pouco','pouco',0,0,0.3333,'P200',1,'*'),(46,'página','página',0,0,0.4,'P250',4,'*'),(47,'quando','quando',0,0,0.4,'Q530',4,'*'),(48,'que','que',0,0,0.2,'Q000',55,'*'),(49,'se','se',0,0,0.1333,'S000',17,'*'),(50,'será','será',0,0,0.2667,'S600',2,'*'),(51,'sobre','sobre',0,0,0.3333,'S160',33,'*'),(52,'um','um',0,0,0.1333,'U500',50,'*'),(53,'ícone','ícone',0,0,0.3333,'í250',2,'*'),(58,'\'administrador\'','\'administrador\'',0,0,1,'A3523636',1,'*'),(59,'\'back-end\',','\'back-end\',',0,0,0.7333,'B253',1,'*'),(60,'\'front-end\'','\'front-end\'',0,0,0.7333,'F65353',1,'*'),(61,'aberto','aberto',0,0,0.4,'A163',1,'*'),(62,'acesse','acesse',0,0,0.4,'A200',1,'*'),(63,'acesso','acesso',0,0,0.4,'A200',1,'*'),(64,'adicionar','adicionar',0,0,0.6,'A3256',3,'*'),(65,'administrador','administrador',0,0,0.8667,'A3523636',5,'*'),(66,'agora','agora',0,0,0.3333,'A260',1,'*'),(67,'ajuda','ajuda',0,0,0.3333,'A230',1,'*'),(68,'algumas','algumas',0,0,0.4667,'A4252',1,'*'),(69,'alterar','alterar',0,0,0.4667,'A436',4,'*'),(70,'aparência','aparência',0,0,0.6,'A1652',2,'*'),(71,'apenas','apenas',0,0,0.4,'A152',1,'*'),(72,'aprender','aprender',0,0,0.5333,'A16536',1,'*'),(73,'artigo','artigo',0,0,0.4,'A632',3,'*'),(74,'artigos','artigos',0,0,0.4667,'A632',5,'*'),(75,'as','as',0,0,0.1333,'A200',13,'*'),(76,'avançadas','avançadas',0,0,0.6,'A1532',1,'*'),(77,'avançado','avançado',0,0,0.5333,'A153',1,'*'),(78,'botões','botões',0,0,0.4,'B320',1,'*'),(79,'básicas','básicas',0,0,0.4667,'B200',1,'*'),(80,'cada','cada',0,0,0.2667,'C300',2,'*'),(81,'coisas','coisas',0,0,0.4,'C000',1,'*'),(82,'com','com',0,0,0.2,'C500',47,'*'),(83,'como','como',0,0,0.2667,'C500',13,'*'),(84,'configurar','configurar',0,0,0.6667,'C5126',1,'*'),(85,'configurações','configurações',0,0,0.8667,'C51262',3,'*'),(86,'conteúdo','conteúdo',0,0,0.5333,'C530',22,'*'),(87,'controlar','controlar',0,0,0.6,'C53646',1,'*'),(88,'cria','cria',0,0,0.2667,'C600',1,'*'),(89,'criar','criar',0,0,0.3333,'C600',2,'*'),(90,'da','da',0,0,0.1333,'D000',59,'*'),(91,'das','das',0,0,0.2,'D200',8,'*'),(92,'decidir','decidir',0,0,0.4667,'D236',1,'*'),(93,'definir','definir',0,0,0.4667,'D156',1,'*'),(94,'descrição','descrição',0,0,0.6,'D260',2,'*'),(95,'despublicado','despublicado',0,0,0.8,'D21423',1,'*'),(96,'detalhadas','detalhadas',0,0,0.6667,'D432',1,'*'),(97,'deve','deve',0,0,0.2667,'D100',1,'*'),(98,'dicas','dicas',0,0,0.3333,'D200',1,'*'),(99,'diferentes','diferentes',0,0,0.6667,'D16532',20,'*'),(100,'disponíveis','disponíveis',0,0,0.7333,'D21512',2,'*'),(101,'do','do',0,0,0.1333,'D000',35,'*'),(102,'documentação','documentação',0,0,0.8,'D253',1,'*'),(103,'e-mail','e-mail',0,0,0.4,'E540',36,'*'),(104,'em','em',0,0,0.1333,'E500',58,'*'),(105,'entrar','entrar',0,0,0.4,'E536',19,'*'),(106,'está','está',0,0,0.2667,'E230',4,'*'),(107,'estão','estão',0,0,0.3333,'E230',20,'*'),(108,'exibir','exibir',0,0,0.4,'E216',2,'*'),(109,'existem','existem',0,0,0.4667,'E235',1,'*'),(110,'extensão','extensão',0,0,0.5333,'E2352',1,'*'),(111,'extensões','extensões',0,0,0.6,'E2352',3,'*'),(112,'faz','faz',0,0,0.2,'F200',2,'*'),(113,'fazer','fazer',0,0,0.3333,'F260',8,'*'),(114,'fornecem','fornecem',0,0,0.5333,'F6525',1,'*'),(115,'funções','funções',0,0,0.4667,'F520',1,'*'),(116,'fóruns','fóruns',0,0,0.4,'F652',1,'*'),(117,'gratuitos','gratuitos',0,0,0.6,'G632',1,'*'),(118,'há','há',0,0,0.1333,'H000',2,'*'),(119,'informações','informações',0,0,0.7333,'I51652',1,'*'),(120,'instalador','instalador',0,0,0.6667,'I523436',1,'*'),(121,'instalar','instalar',0,0,0.5333,'I52346',2,'*'),(122,'irá','irá',0,0,0.2,'I600',1,'*'),(123,'isso','isso',0,0,0.2667,'I200',1,'*'),(124,'itens','itens',0,0,0.3333,'I352',1,'*'),(125,'já','já',0,0,0.1333,'J000',1,'*'),(126,'linha','linha',0,0,0.3333,'L500',1,'*'),(127,'logados','logados',0,0,0.4667,'L232',1,'*'),(128,'login','login',0,0,0.3333,'L250',3,'*'),(129,'logotipo','logotipo',0,0,0.5333,'L231',1,'*'),(130,'mais','mais',0,0,0.2667,'M200',43,'*'),(131,'mas','mas',0,0,0.2,'M200',1,'*'),(132,'menu','menu',0,0,0.2667,'M000',3,'*'),(133,'menus','menus',0,0,0.3333,'M200',1,'*'),(134,'mesmo','mesmo',0,0,0.3333,'M250',2,'*'),(135,'modelo','modelo',0,0,0.4,'M340',1,'*'),(136,'muito','muito',0,0,0.3333,'M300',21,'*'),(137,'muitos','muitos',0,0,0.4,'M320',2,'*'),(138,'módulos','módulos',0,0,0.4667,'M342',2,'*'),(139,'navegador','navegador',0,0,0.6,'N1236',1,'*'),(140,'nessa','nessa',0,0,0.3333,'N200',1,'*'),(141,'nesta','nesta',0,0,0.3333,'N230',1,'*'),(142,'nome','nome',0,0,0.2667,'N000',1,'*'),(143,'nos','nos',0,0,0.2,'N200',1,'*'),(144,'novo','novo',0,0,0.2667,'N100',4,'*'),(145,'não','não',0,0,0.2,'N000',10,'*'),(146,'nível','nível',0,0,0.3333,'N140',7,'*'),(147,'obter','obter',0,0,0.3333,'O136',1,'*'),(148,'olhando','olhando',0,0,0.4667,'O453',1,'*'),(149,'onde','onde',0,0,0.2667,'O530',1,'*'),(150,'opções','opções',0,0,0.4,'O120',4,'*'),(151,'os','os',0,0,0.1333,'O200',54,'*'),(152,'ou','ou',0,0,0.1333,'O000',21,'*'),(153,'outro','outro',0,0,0.3333,'O360',1,'*'),(154,'outros','outros',0,0,0.4,'O362',3,'*'),(155,'padrão','padrão',0,0,0.4,'P360',1,'*'),(156,'pagos','pagos',0,0,0.3333,'P200',1,'*'),(157,'para','para',0,0,0.2667,'P600',53,'*'),(158,'parte','parte',0,0,0.3333,'P630',7,'*'),(159,'partes','partes',0,0,0.4,'P632',2,'*'),(160,'pode','pode',0,0,0.2667,'P300',5,'*'),(161,'podem','podem',0,0,0.3333,'P350',21,'*'),(162,'poderão','poderão',0,0,0.4667,'P360',1,'*'),(163,'precisa','precisa',0,0,0.4667,'P620',1,'*'),(164,'primeiras','primeiras',0,0,0.6,'P6562',1,'*'),(165,'provavelmente','provavelmente',0,0,0.8667,'P61453',1,'*'),(166,'publicado','publicado',0,0,0.6,'P423',1,'*'),(167,'quais','quais',0,0,0.3333,'Q000',10,'*'),(168,'quem','quem',0,0,0.2667,'Q500',9,'*'),(169,'querer','querer',0,0,0.4,'Q600',2,'*'),(170,'registrados','registrados',0,0,0.7333,'R23632',1,'*'),(171,'saber','saber',0,0,0.3333,'S160',21,'*'),(172,'salvar','salvar',0,0,0.4,'S416',2,'*'),(173,'salvá-lo','salvá-lo',0,0,0.5333,'S414',1,'*'),(174,'selecione','selecione',0,0,0.6,'S425',1,'*'),(175,'senha','senha',0,0,0.3333,'S500',1,'*'),(176,'separadamente','separadamente',0,0,0.8667,'S16353',1,'*'),(177,'seu','seu',0,0,0.2,'S000',25,'*'),(178,'significa','significa',0,0,0.6,'S512',1,'*'),(179,'sistema','sistema',0,0,0.4667,'S350',1,'*'),(180,'site','site',0,0,0.2667,'S300',33,'*'),(181,'tag','tag',0,0,0.2,'T200',1,'*'),(182,'também','também',0,0,0.4,'T515',4,'*'),(183,'tem','tem',0,0,0.2,'T500',6,'*'),(184,'template','template',0,0,0.5333,'T5143',2,'*'),(185,'templates','templates',0,0,0.6,'T51432',2,'*'),(186,'tipo','tipo',0,0,0.2667,'T100',1,'*'),(187,'totalmente','totalmente',0,0,0.6667,'T453',1,'*'),(188,'trabalha','trabalha',0,0,0.5333,'T614',1,'*'),(189,'trabalhando','trabalhando',0,0,0.7333,'T61453',2,'*'),(190,'trabalhar','trabalhar',0,0,0.6,'T6146',19,'*'),(191,'trabalho','trabalho',0,0,0.5333,'T614',31,'*'),(192,'título','título',0,0,0.4,'T400',2,'*'),(193,'uma','uma',0,0,0.2,'U500',51,'*'),(194,'usando','usando',0,0,0.4,'U253',2,'*'),(195,'usou','usou',0,0,0.2667,'U200',1,'*'),(196,'usuário','usuário',0,0,0.4667,'U260',1,'*'),(197,'usuários','usuários',0,0,0.5333,'U262',1,'*'),(198,'vai','vai',0,0,0.2,'V000',1,'*'),(199,'ver','ver',0,0,0.2,'V600',1,'*'),(200,'visitantes','visitantes',0,0,0.6667,'V23532',1,'*'),(201,'visível','visível',0,0,0.4667,'V214',2,'*'),(202,'você','você',0,0,0.2667,'V200',40,'*'),(203,'vá','vá',0,0,0.1333,'V000',2,'*'),(204,'vê-lo','vê-lo',0,0,0.3333,'V400',1,'*'),(205,'vê-los','vê-los',0,0,0.4,'V420',1,'*'),(206,'área','área',0,0,0.2667,'á600',14,'*'),(207,'é','é',0,0,0.0667,'é000',38,'*'),(313,'acessar','acessar',0,0,0.4667,'A260',1,'*'),(314,'alterações','alterações',0,0,0.6667,'A4362',1,'*'),(315,'ao','ao',0,0,0.1333,'A000',29,'*'),(316,'bem','bem',0,0,0.2,'B500',1,'*'),(317,'bem-vindo','bem-vindo',0,0,0.6,'B5153',1,'*'),(318,'desta','desta',0,0,0.3333,'D230',1,'*'),(319,'exemplo','exemplo',0,0,0.4667,'E2514',3,'*'),(320,'existentes','existentes',0,0,0.6667,'E23532',1,'*'),(321,'final','final',0,0,0.3333,'F540',1,'*'),(322,'frente','frente',0,0,0.4,'F653',1,'*'),(323,'link','link',0,0,0.2667,'L520',3,'*'),(324,'maneiras','maneiras',0,0,0.5333,'M620',1,'*'),(325,'medida','medida',0,0,0.4,'M300',1,'*'),(326,'modificar','modificar',0,0,0.6,'M3126',1,'*'),(327,'muda','muda',0,0,0.2667,'M300',1,'*'),(328,'outras','outras',0,0,0.4,'O362',1,'*'),(329,'parar','parar',0,0,0.3333,'P600',1,'*'),(330,'personalizá-lo','personalizá-lo',0,0,0.9333,'P625424',1,'*'),(331,'poderá','poderá',0,0,0.4,'P360',1,'*'),(332,'postagem','postagem',0,0,0.5333,'P2325',1,'*'),(333,'todos','todos',0,0,0.3333,'T200',22,'*'),(334,'verá','verá',0,0,0.2667,'V600',2,'*'),(335,'vindo','vindo',0,0,0.3333,'V530',1,'*'),(336,'várias','várias',0,0,0.4,'V620',1,'*'),(337,'à','à',0,0,0.0667,'à000',2,'*'),(344,'aba','aba',0,0,0.2,'A100',1,'*'),(345,'antigos','antigos',0,0,0.4667,'A532',2,'*'),(346,'categoria','categoria',0,0,0.6,'C326',1,'*'),(347,'coluna','coluna',0,0,0.4,'C450',1,'*'),(348,'completa','completa',0,0,0.5333,'C5143',1,'*'),(349,'completo','completo',0,0,0.5333,'C5143',1,'*'),(350,'configurada','configurada',0,0,0.7333,'C51263',1,'*'),(351,'depois','depois',0,0,0.4,'D120',1,'*'),(352,'dividido','dividido',0,0,0.5333,'D130',1,'*'),(353,'dois','dois',0,0,0.2667,'D200',1,'*'),(354,'duas','duas',0,0,0.2667,'D200',1,'*'),(355,'editando','editando',0,0,0.5333,'E353',1,'*'),(356,'esses','esses',0,0,0.3333,'E200',1,'*'),(357,'existe','existe',0,0,0.4,'E230',1,'*'),(358,'inicial','inicial',0,0,0.4667,'I524',1,'*'),(359,'inserir','inserir',0,0,0.4667,'I526',21,'*'),(360,'introdutório','introdutório',0,0,0.8,'I53636',1,'*'),(361,'introdução','introdução',0,0,0.6667,'I5363',1,'*'),(362,'leia','leia',0,0,0.2667,'L000',1,'*'),(363,'links','links',0,0,0.3333,'L520',1,'*'),(364,'na','na',0,0,0.1333,'N000',50,'*'),(365,'números','números',0,0,0.4667,'N620',1,'*'),(366,'ocultar','ocultar',0,0,0.4667,'O2436',1,'*'),(367,'pagina','pagina',0,0,0.4,'P250',1,'*'),(368,'post','post',0,0,0.2667,'P230',1,'*'),(369,'principal','principal',0,0,0.6,'P65214',1,'*'),(370,'próximos','próximos',0,0,0.5333,'P6252',1,'*'),(371,'quatro','quatro',0,0,0.4,'Q360',1,'*'),(372,'quebra','quebra',0,0,0.4,'Q160',1,'*'),(373,'quiser','quiser',0,0,0.4,'Q600',1,'*'),(374,'recentes','recentes',0,0,0.5333,'R2532',1,'*'),(375,'recurso','recurso',0,0,0.4667,'R262',2,'*'),(376,'restante','restante',0,0,0.5333,'R2353',1,'*'),(377,'seja','seja',0,0,0.2667,'S000',1,'*'),(378,'separada','separada',0,0,0.5333,'S163',1,'*'),(379,'sua','sua',0,0,0.2,'S000',5,'*'),(380,'tanto','tanto',0,0,0.3333,'T530',1,'*'),(381,'texto','texto',0,0,0.3333,'T230',21,'*'),(382,'use','use',0,0,0.2,'U200',1,'*'),(407,'abaixo','abaixo',0,0,0.4,'A120',1,'*'),(408,'alguns','alguns',0,0,0.4,'A4252',1,'*'),(409,'aparecerão','aparecerão',0,0,0.6667,'A1626',1,'*'),(410,'base','base',0,0,0.2667,'B200',1,'*'),(411,'campo','campo',0,0,0.3333,'C510',1,'*'),(412,'canto','canto',0,0,0.3333,'C530',1,'*'),(413,'certifique-se','certifique-se',0,0,0.8667,'C6312',1,'*'),(414,'conectado','conectado',0,0,0.6,'C523',1,'*'),(415,'conforme','conforme',0,0,0.5333,'C5165',1,'*'),(416,'desenvolve','desenvolve',0,0,0.6667,'D25141',1,'*'),(417,'destes','destes',0,0,0.4,'D232',1,'*'),(418,'direito','direito',0,0,0.4667,'D630',1,'*'),(419,'diretório','diretório',0,0,0.6,'D636',1,'*'),(420,'eles','eles',0,0,0.2667,'E420',1,'*'),(421,'encontrar','encontrar',0,0,0.6,'E52536',1,'*'),(422,'esse','esse',0,0,0.2667,'E200',1,'*'),(423,'etiqueta','etiqueta',0,0,0.5333,'E323',1,'*'),(424,'experimentar','experimentar',0,0,0.8,'E216536',1,'*'),(425,'fechar','fechar',0,0,0.4,'F260',1,'*'),(426,'foram','foram',0,0,0.3333,'F650',1,'*'),(427,'frequência','frequência',0,0,0.6667,'F6252',1,'*'),(428,'gerenciador','gerenciador',0,0,0.7333,'G65236',2,'*'),(429,'imagem','imagem',0,0,0.4,'I525',1,'*'),(430,'inclui','inclui',0,0,0.4,'I524',1,'*'),(431,'incorporar','incorporar',0,0,0.6667,'I52616',1,'*'),(432,'informe','informe',0,0,0.4667,'I5165',1,'*'),(433,'leiam','leiam',0,0,0.3333,'L500',1,'*'),(434,'leitor','leitor',0,0,0.4,'L360',1,'*'),(435,'leitores','leitores',0,0,0.5333,'L362',1,'*'),(436,'levará','levará',0,0,0.4,'L160',1,'*'),(437,'lidas','lidas',0,0,0.3333,'L320',1,'*'),(438,'listadas','listadas',0,0,0.5333,'L232',1,'*'),(439,'listam','listam',0,0,0.4,'L235',1,'*'),(440,'mantêm','mantêm',0,0,0.4,'M350',1,'*'),(441,'modulo','modulo',0,0,0.4,'M340',1,'*'),(442,'modulos','modulos',0,0,0.4667,'M342',1,'*'),(443,'muitas','muitas',0,0,0.4,'M320',1,'*'),(444,'mês','mês',0,0,0.2,'M200',1,'*'),(445,'módulo','módulo',0,0,0.4,'M340',1,'*'),(446,'notícias','notícias',0,0,0.5333,'N320',1,'*'),(447,'número','número',0,0,0.4,'N600',1,'*'),(448,'permite','permite',0,0,0.4667,'P653',1,'*'),(449,'personalizado','personalizado',0,0,0.8667,'P625423',1,'*'),(450,'populares','populares',0,0,0.6,'P462',1,'*'),(451,'por','por',0,0,0.2,'P600',37,'*'),(452,'possa','possa',0,0,0.3333,'P200',1,'*'),(453,'possui','possui',0,0,0.4,'P200',7,'*'),(454,'postagens','postagens',0,0,0.6,'P23252',1,'*'),(455,'pré-configurados','pré-configurados',0,0,1,'P62512632',1,'*'),(456,'qualquer','qualquer',0,0,0.5333,'Q426',1,'*'),(457,'rss','rss',0,0,0.2,'R200',1,'*'),(458,'selecionar','selecionar',0,0,0.6667,'S4256',1,'*'),(459,'sempre','sempre',0,0,0.4,'S516',1,'*'),(460,'seus','seus',0,0,0.2667,'S000',23,'*'),(461,'suas','suas',0,0,0.2667,'S000',25,'*'),(462,'superior','superior',0,0,0.5333,'S160',1,'*'),(463,'syndicate','syndicate',0,0,0.6,'S5323',1,'*'),(464,'são','são',0,0,0.2,'S000',2,'*'),(465,'tags','tags',0,0,0.2667,'T200',1,'*'),(466,'tela','tela',0,0,0.2667,'T400',1,'*'),(467,'usados','usados',0,0,0.4,'U232',1,'*'),(468,'usar','usar',0,0,0.2667,'U260',1,'*'),(469,'vezes','vezes',0,0,0.3333,'V200',1,'*'),(470,'6','6',0,0,0.1,'',1,'*'),(471,'cassiopeia','cassiopeia',0,0,0.6667,'C100',1,'*'),(472,'controlam','controlam',0,0,0.6,'C53645',1,'*'),(473,'cor','cor',0,0,0.2,'C600',1,'*'),(474,'destaque','destaque',0,0,0.5333,'D232',1,'*'),(475,'fonte','fonte',0,0,0.3333,'F530',1,'*'),(476,'fundo','fundo',0,0,0.3333,'F530',1,'*'),(477,'instalado','instalado',0,0,0.6,'I52343',1,'*'),(478,'selecionando','selecionando',0,0,0.8,'S4253',1,'*'),(479,'tema','tema',0,0,0.2667,'T500',1,'*'),(480,'uso','uso',0,0,0.2,'U200',1,'*'),(485,'7','7',0,0,0.1,'',16,'*'),(486,'accusam','accusam',0,0,0.4667,'A250',1,'*'),(487,'aliquyam','aliquyam',0,0,0.5333,'A425',1,'*'),(488,'amet','amet',0,0,0.2667,'A530',6,'*'),(489,'at','at',0,0,0.1333,'A300',1,'*'),(490,'bela','bela',0,0,0.2667,'B400',1,'*'),(491,'clita','clita',0,0,0.3333,'C430',1,'*'),(492,'consetetur','consetetur',0,0,0.6667,'C5236',1,'*'),(493,'construídos','construídos',0,0,0.7333,'C523632',1,'*'),(494,'diam','diam',0,0,0.2667,'D500',3,'*'),(495,'dolor','dolor',0,0,0.3333,'D460',6,'*'),(496,'dolore','dolore',0,0,0.4,'D460',3,'*'),(497,'dolores','dolores',0,0,0.4667,'D462',1,'*'),(498,'duo','duo',0,0,0.2,'D000',1,'*'),(499,'ea','ea',0,0,0.1333,'E000',1,'*'),(500,'eirmod','eirmod',0,0,0.4,'E653',1,'*'),(501,'elitr','elitr',0,0,0.3333,'E436',1,'*'),(502,'eos','eos',0,0,0.2,'E200',1,'*'),(503,'erat','erat',0,0,0.2667,'E630',3,'*'),(504,'est','est',0,0,0.2,'E230',1,'*'),(505,'et','et',0,0,0.1333,'E300',1,'*'),(506,'gubergren','gubergren',0,0,0.6,'G16265',1,'*'),(507,'invidunt','invidunt',0,0,0.5333,'I51353',1,'*'),(508,'ipsum','ipsum',0,0,0.3333,'I125',6,'*'),(509,'justo','justo',0,0,0.3333,'J300',1,'*'),(510,'kasd','kasd',0,0,0.2667,'K300',1,'*'),(511,'labore','labore',0,0,0.4,'L160',1,'*'),(512,'lorem','lorem',0,0,0.3333,'L650',3,'*'),(513,'magna','magna',0,0,0.3333,'M250',3,'*'),(514,'nonumy','nonumy',0,0,0.4,'N000',1,'*'),(515,'rebum','rebum',0,0,0.3333,'R150',1,'*'),(516,'sadipscing','sadipscing',0,0,0.6667,'S31252',1,'*'),(517,'saiba','saiba',0,0,0.3333,'S100',4,'*'),(518,'sanctus','sanctus',0,0,0.4667,'S5232',1,'*'),(519,'sea','sea',0,0,0.2,'S000',1,'*'),(520,'sed','sed',0,0,0.2,'S300',3,'*'),(521,'sit','sit',0,0,0.2,'S300',6,'*'),(522,'sites','sites',0,0,0.3333,'S320',1,'*'),(523,'stet','stet',0,0,0.2667,'S300',1,'*'),(524,'takimata','takimata',0,0,0.5333,'T253',1,'*'),(525,'tempor','tempor',0,0,0.4,'T516',1,'*'),(526,'ut','ut',0,0,0.1333,'U300',3,'*'),(527,'vero','vero',0,0,0.2667,'V600',1,'*'),(528,'visualização','visualização',0,0,0.8,'V242',1,'*'),(529,'voluptua','voluptua',0,0,0.5333,'V413',1,'*'),(548,'abacate','abacate',0,0,0.4667,'A123',1,'*'),(549,'abóbora','abóbora',0,0,0.4667,'A160',1,'*'),(550,'acelga','acelga',0,0,0.4,'A242',1,'*'),(551,'adoramos','adoramos',0,0,0.5333,'A3652',1,'*'),(552,'agrião','agrião',0,0,0.4,'A260',1,'*'),(553,'aipo','aipo',0,0,0.2667,'A100',1,'*'),(554,'alcachofra','alcachofra',0,0,0.6667,'A4216',1,'*'),(555,'alface-do-mar','alface-do-mar',0,0,0.8667,'A412356',1,'*'),(556,'amaranto','amaranto',0,0,0.5333,'A5653',1,'*'),(557,'até','até',0,0,0.2,'A300',2,'*'),(558,'azuki','azuki',0,0,0.3333,'A200',1,'*'),(559,'bambu','bambu',0,0,0.3333,'B510',1,'*'),(560,'batata','batata',0,0,0.4,'B300',1,'*'),(561,'beldroegas','beldroegas',0,0,0.6667,'B4362',1,'*'),(562,'beterraba','beterraba',0,0,0.6,'B361',1,'*'),(563,'bico','bico',0,0,0.2667,'B200',1,'*'),(564,'bruxelas','bruxelas',0,0,0.5333,'B6242',1,'*'),(565,'bunya','bunya',0,0,0.3333,'B500',1,'*'),(566,'cabaça','cabaça',0,0,0.4,'C100',1,'*'),(567,'castanha','castanha',0,0,0.5333,'C350',1,'*'),(568,'cebola','cebola',0,0,0.4,'C140',1,'*'),(569,'cebolinha','cebolinha',0,0,0.6,'C145',1,'*'),(570,'cenoura','cenoura',0,0,0.4667,'C560',1,'*'),(571,'coentro','coentro',0,0,0.4667,'C536',1,'*'),(572,'colaboraram','colaboraram',0,0,0.7333,'C4165',1,'*'),(573,'couve','couve',0,0,0.3333,'C100',1,'*'),(574,'couve-flor','couve-flor',0,0,0.6667,'C146',1,'*'),(575,'couve-rábano','couve-rábano',0,0,0.8,'C1615',1,'*'),(576,'daikon','daikon',0,0,0.4,'D250',1,'*'),(577,'deserto','deserto',0,0,0.4667,'D263',1,'*'),(578,'endive','endive',0,0,0.4,'E531',1,'*'),(579,'erva-doce','erva-doce',0,0,0.6,'E6132',1,'*'),(580,'ervilha','ervilha',0,0,0.4667,'E614',1,'*'),(581,'espargos','espargos',0,0,0.5333,'E2162',1,'*'),(582,'espinafre','espinafre',0,0,0.6,'E21516',1,'*'),(583,'feijão','feijão',0,0,0.4,'F200',1,'*'),(584,'grama','grama',0,0,0.3333,'G650',1,'*'),(585,'greens','greens',0,0,0.4,'G652',1,'*'),(586,'grão','grão',0,0,0.2667,'G600',1,'*'),(587,'grão-de-bico','grão-de-bico',0,0,0.8,'G6312',1,'*'),(588,'inverno','inverno',0,0,0.4667,'I5165',1,'*'),(589,'kombu','kombu',0,0,0.3333,'K510',1,'*'),(590,'lua','lua',0,0,0.2,'L000',1,'*'),(591,'lótus','lótus',0,0,0.3333,'L320',1,'*'),(592,'mil-folhas','mil-folhas',0,0,0.6667,'M4142',1,'*'),(593,'milho','milho',0,0,0.3333,'M400',1,'*'),(594,'napa','napa',0,0,0.2667,'N100',1,'*'),(595,'nori','nori',0,0,0.2667,'N600',1,'*'),(596,'nozes','nozes',0,0,0.3333,'N200',1,'*'),(597,'obrigado','obrigado',0,0,0.5333,'O1623',1,'*'),(598,'passa','passa',0,0,0.3333,'P200',1,'*'),(599,'pimentão','pimentão',0,0,0.5333,'P530',1,'*'),(600,'raiz','raiz',0,0,0.2667,'R200',1,'*'),(601,'rebento','rebento',0,0,0.4667,'R153',1,'*'),(602,'repolho','repolho',0,0,0.4667,'R140',1,'*'),(603,'ricebean','ricebean',0,0,0.5333,'R215',1,'*'),(604,'rutabaga','rutabaga',0,0,0.5333,'R312',1,'*'),(605,'rábano','rábano',0,0,0.4,'R150',1,'*'),(606,'salsify','salsify',0,0,0.4667,'S421',1,'*'),(607,'seakale','seakale',0,0,0.4667,'S400',1,'*'),(608,'soko','soko',0,0,0.2667,'S000',1,'*'),(609,'suíça','suíça',0,0,0.3333,'S000',1,'*'),(610,'uurnip','uurnip',0,0,0.4,'U651',1,'*'),(611,'verde','verde',0,0,0.3333,'V630',1,'*'),(612,'volta','volta',0,0,0.3333,'V430',1,'*'),(613,'voluntários','voluntários',0,0,0.7333,'V45362',1,'*'),(614,'wakame','wakame',0,0,0.4,'W250',1,'*'),(615,'água','água',0,0,0.2667,'á200',1,'*'),(675,'apresentamos','apresentamos',0,0,0.8,'A1625352',3,'*'),(676,'bears','bears',0,0,0.3333,'B620',3,'*'),(677,'bonbon','bonbon',0,0,0.4,'B515',3,'*'),(678,'brownie','brownie',0,0,0.4667,'B650',3,'*'),(679,'cake','cake',0,0,0.2667,'C000',3,'*'),(680,'candy','candy',0,0,0.3333,'C530',3,'*'),(681,'carrot','carrot',0,0,0.4,'C630',3,'*'),(682,'cheesecake','cheesecake',0,0,0.6667,'C000',3,'*'),(683,'chocolate','chocolate',0,0,0.6,'C430',3,'*'),(684,'chupa','chupa',0,0,0.3333,'C100',3,'*'),(685,'chups','chups',0,0,0.3333,'C120',3,'*'),(686,'cotton','cotton',0,0,0.4,'C350',3,'*'),(687,'cream','cream',0,0,0.3333,'C650',3,'*'),(688,'cupcake','cupcake',0,0,0.4667,'C120',3,'*'),(689,'danish','danish',0,0,0.4,'D520',3,'*'),(690,'donut','donut',0,0,0.3333,'D530',3,'*'),(691,'dragée','dragée',0,0,0.4,'D620',3,'*'),(692,'fluxos','fluxos',0,0,0.4,'F420',4,'*'),(693,'gummi','gummi',0,0,0.3333,'G500',3,'*'),(694,'halvah','halvah',0,0,0.4,'H410',3,'*'),(695,'ice','ice',0,0,0.2,'I200',3,'*'),(696,'icing','icing',0,0,0.3333,'I252',3,'*'),(697,'jelly-o','jelly-o',0,0,0.4667,'J400',3,'*'),(698,'liquorice','liquorice',0,0,0.6,'L262',3,'*'),(699,'lollipop','lollipop',0,0,0.5333,'L100',3,'*'),(700,'macaroon','macaroon',0,0,0.5333,'M265',3,'*'),(701,'marshmallow','marshmallow',0,0,0.7333,'M6254',3,'*'),(702,'muffin','muffin',0,0,0.4,'M150',3,'*'),(703,'oat','oat',0,0,0.2,'O300',3,'*'),(704,'orgulhosamente','orgulhosamente',0,0,0.9333,'O624253',3,'*'),(705,'pie','pie',0,0,0.2,'P000',3,'*'),(706,'plum','plum',0,0,0.2667,'P450',3,'*'),(707,'powder','powder',0,0,0.4,'P360',3,'*'),(708,'roll','roll',0,0,0.2667,'R400',3,'*'),(709,'sesame','sesame',0,0,0.4,'S500',3,'*'),(710,'snaps','snaps',0,0,0.3333,'S512',3,'*'),(711,'soufflé','soufflé',0,0,0.4667,'S140',3,'*'),(712,'sugar','sugar',0,0,0.3333,'S600',3,'*'),(713,'sweet','sweet',0,0,0.3333,'S300',3,'*'),(714,'tiramisu','tiramisu',0,0,0.5333,'T652',3,'*'),(715,'topping','topping',0,0,0.4667,'T152',3,'*'),(716,'versão','versão',0,0,0.4,'V620',3,'*'),(738,'administração','administração',0,0,0.8667,'A35236',1,'*'),(739,'ativámos','ativámos',0,0,0.5333,'A3152',1,'*'),(740,'conteúdos','conteúdos',0,0,0.6,'C532',1,'*'),(741,'devem','devem',0,0,0.3333,'D150',1,'*'),(742,'etapas','etapas',0,0,0.4,'E312',1,'*'),(743,'fluxo','fluxo',0,0,0.3333,'F420',1,'*'),(744,'gerem','gerem',0,0,0.3333,'G650',1,'*'),(745,'passar','passar',0,0,0.4,'P260',1,'*'),(746,'pelas','pelas',0,0,0.3333,'P420',1,'*'),(747,'processe','processe',0,0,0.5333,'P620',1,'*'),(748,'publicados','publicados',0,0,0.6667,'P4232',27,'*'),(749,'sejam','sejam',0,0,0.3333,'S500',21,'*'),(750,'workflows','workflows',0,0,0.6,'W62142',1,'*'),(753,'ad','ad',0,0,0.1333,'A300',2,'*'),(754,'adipiscing','adipiscing',0,0,0.6667,'A31252',2,'*'),(755,'aliquam','aliquam',0,0,0.4667,'A425',2,'*'),(756,'aliquip','aliquip',0,0,0.4667,'A421',2,'*'),(757,'arma','arma',0,0,0.2667,'A650',2,'*'),(758,'cano','cano',0,0,0.2667,'C500',2,'*'),(759,'consectetuer','consectetuer',0,0,0.8,'C5236',2,'*'),(760,'consectetur','consectetur',0,0,0.7333,'C5236',2,'*'),(761,'cores','cores',0,0,0.3333,'C620',2,'*'),(762,'danger','danger',0,0,0.4,'D526',2,'*'),(763,'display-1','display-1',0,0,0.6,'D214',2,'*'),(764,'display-2','display-2',0,0,0.6,'D214',2,'*'),(765,'display-3','display-3',0,0,0.6,'D214',2,'*'),(766,'display-4','display-4',0,0,0.6,'D214',2,'*'),(767,'elit','elit',0,0,0.2667,'E430',2,'*'),(768,'enim','enim',0,0,0.2667,'E500',2,'*'),(769,'esquema','esquema',0,0,0.4667,'E250',2,'*'),(770,'euismod','euismod',0,0,0.4667,'E253',2,'*'),(771,'ex','ex',0,0,0.1333,'E200',2,'*'),(772,'exerci','exerci',0,0,0.4,'E262',2,'*'),(773,'h1','h1',0,0,0.1333,'H000',2,'*'),(774,'h2','h2',0,0,0.1333,'H000',2,'*'),(775,'h3','h3',0,0,0.1333,'H000',2,'*'),(776,'h4','h4',0,0,0.1333,'H000',2,'*'),(777,'h5','h5',0,0,0.1333,'H000',2,'*'),(778,'info','info',0,0,0.2667,'I510',2,'*'),(779,'laoreet','laoreet',0,0,0.4667,'L630',2,'*'),(780,'lead','lead',0,0,0.2667,'L300',2,'*'),(781,'li','li',0,0,0.1333,'L000',2,'*'),(782,'listas','listas',0,0,0.4,'L232',2,'*'),(783,'lobortis','lobortis',0,0,0.5333,'L1632',2,'*'),(784,'minim','minim',0,0,0.3333,'M000',2,'*'),(785,'nibh','nibh',0,0,0.2667,'N100',2,'*'),(786,'nisl','nisl',0,0,0.2667,'N240',2,'*'),(787,'nonummy','nonummy',0,0,0.4667,'N000',2,'*'),(788,'nostrud','nostrud',0,0,0.4667,'N2363',2,'*'),(789,'ol','ol',0,0,0.1333,'O400',2,'*'),(790,'p','p',0,0,0.0667,'P000',2,'*'),(791,'primary','primary',0,0,0.4667,'P656',2,'*'),(792,'quis','quis',0,0,0.2667,'Q000',2,'*'),(793,'secondary','secondary',0,0,0.6,'S536',2,'*'),(794,'strong','strong',0,0,0.4,'S3652',2,'*'),(795,'success','success',0,0,0.4667,'S000',2,'*'),(796,'suscipit','suscipit',0,0,0.5333,'S130',2,'*'),(797,'tation','tation',0,0,0.4,'T500',2,'*'),(798,'text-danger','text-danger',0,0,0.7333,'T23526',2,'*'),(799,'text-info','text-info',0,0,0.6,'T2351',2,'*'),(800,'text-primary','text-primary',0,0,0.8,'T231656',2,'*'),(801,'text-secondary','text-secondary',0,0,0.9333,'T232536',2,'*'),(802,'text-success','text-success',0,0,0.8,'T232',2,'*'),(803,'text-warning','text-warning',0,0,0.8,'T23652',2,'*'),(804,'tincidunt','tincidunt',0,0,0.6,'T52353',2,'*'),(805,'ul','ul',0,0,0.1333,'U400',2,'*'),(806,'ullamcorper','ullamcorper',0,0,0.7333,'U452616',2,'*'),(807,'veniam','veniam',0,0,0.4,'V500',2,'*'),(808,'virumque','virumque',0,0,0.5333,'V652',2,'*'),(809,'visuais','visuais',0,0,0.4667,'V200',2,'*'),(810,'volutpat','volutpat',0,0,0.5333,'V4313',2,'*'),(811,'warning','warning',0,0,0.4667,'W652',2,'*'),(812,'wisi','wisi',0,0,0.2667,'W200',2,'*'),(816,'12','12',0,0,0.2,'',12,'*'),(817,'biológicas','biológicas',0,0,0.6667,'B420',3,'*'),(818,'ciencias','ciencias',0,0,0.5333,'C520',3,'*'),(819,'ciências','ciências',0,0,0.5333,'C520',9,'*'),(820,'estatística','estatística',0,0,0.7333,'E23232',3,'*'),(821,'exatas','exatas',0,0,0.4,'E232',3,'*'),(822,'física','física',0,0,0.4,'F200',9,'*'),(823,'geografia','geografia',0,0,0.6,'G610',10,'*'),(824,'matemática','matemática',0,0,0.6667,'M3532',3,'*'),(825,'nas','nas',0,0,0.2,'N200',5,'*'),(826,'natureza','natureza',0,0,0.5333,'N362',3,'*'),(827,'publicações','publicações',0,0,0.7333,'P420',12,'*'),(828,'química','química',0,0,0.4667,'Q520',11,'*'),(829,'áreas','áreas',0,0,0.3333,'á620',40,'*'),(831,'13','13',0,0,0.2,'',1,'*'),(832,'biologia','biologia',0,0,0.5333,'B420',1,'*'),(834,'14','14',0,0,0.2,'',4,'*'),(835,'ecologia','ecologia',0,0,0.5333,'E242',4,'*'),(837,'15','15',0,0,0.2,'',2,'*'),(838,'alimentos','alimentos',0,0,0.6,'A4532',2,'*'),(839,'ambiental','ambiental',0,0,0.6,'A51534',11,'*'),(840,'arquitetura','arquitetura',0,0,0.7333,'A6236',2,'*'),(841,'civil','civil',0,0,0.3333,'C140',10,'*'),(842,'engenharia','engenharia',0,0,0.6667,'E5256',11,'*'),(843,'materiais','materiais',0,0,0.6,'M362',2,'*'),(844,'mecânica','mecânica',0,0,0.5333,'M252',3,'*'),(845,'produção','produção',0,0,0.5333,'P630',8,'*'),(846,'tecnologia','tecnologia',0,0,0.6667,'T2542',12,'*'),(847,'urbanismo','urbanismo',0,0,0.6,'U61525',2,'*'),(852,'16','16',0,0,0.2,'',1,'*'),(853,'mecanica','mecanica',0,0,0.5333,'M252',1,'*'),(855,'acadêmicos','acadêmicos',0,0,0.6667,'A2352',18,'*'),(856,'altos','altos',0,0,0.3333,'A432',18,'*'),(857,'além','além',0,0,0.2667,'A450',24,'*'),(858,'ampla','ampla',0,0,0.3333,'A514',36,'*'),(859,'ansiosos','ansiosos',0,0,0.5333,'A520',18,'*'),(860,'aos','aos',0,0,0.2,'A200',26,'*'),(861,'atendam','atendam',0,0,0.4667,'A3535',18,'*'),(862,'avaliação','avaliação',0,0,0.6,'A140',18,'*'),(863,'br','br',0,0,0.1333,'B600',26,'*'),(864,'campos','campos',0,0,0.4,'C512',18,'*'),(865,'cienciacapital','cienciacapital',0,0,0.9333,'C52134',18,'*'),(866,'científicas','científicas',0,0,0.7333,'C5312',42,'*'),(867,'científicos','científicos',0,0,0.7333,'C5312',18,'*'),(868,'composto','composto',0,0,0.5333,'C5123',25,'*'),(869,'comprometidos','comprometidos',0,0,0.8667,'C516532',18,'*'),(870,'conhecimento','conhecimento',0,0,0.8,'C5253',18,'*'),(871,'conhecimentos','conhecimentos',0,0,0.8667,'C52532',18,'*'),(872,'conheça','conheça',0,0,0.4667,'C500',20,'*'),(873,'disso','disso',0,0,0.3333,'D200',18,'*'),(874,'diversas','diversas',0,0,0.5333,'D162',25,'*'),(875,'editores','editores',0,0,0.5333,'E362',42,'*'),(876,'editoriais','editoriais',0,0,0.6667,'E362',36,'*'),(877,'editorial','editorial',0,0,0.6,'E364',42,'*'),(878,'envie','envie',0,0,0.3333,'E510',35,'*'),(879,'equipe','equipe',0,0,0.4,'E210',28,'*'),(880,'especializados','especializados',0,0,0.9333,'E2124232',18,'*'),(881,'estamos','estamos',0,0,0.4667,'E2352',35,'*'),(882,'experientes','experientes',0,0,0.7333,'E216532',25,'*'),(883,'experiência','experiência',0,0,0.7333,'E21652',18,'*'),(884,'garantir','garantir',0,0,0.5333,'G6536',35,'*'),(885,'nosso','nosso',0,0,0.3333,'N200',35,'*'),(886,'nossos','nossos',0,0,0.4,'N200',35,'*'),(887,'padrões','padrões',0,0,0.4667,'P362',18,'*'),(888,'permitindo','permitindo',0,0,0.6667,'P65353',18,'*'),(889,'possuem','possuem',0,0,0.4667,'P250',18,'*'),(890,'profissionais','profissionais',0,0,0.8667,'P61252',33,'*'),(891,'publique','publique',0,0,0.5333,'P420',18,'*'),(892,'qualificados','qualificados',0,0,0.8,'Q41232',42,'*'),(893,'time','time',0,0,0.2667,'T500',25,'*'),(894,'trabalhos','trabalhos',0,0,0.6,'T6142',36,'*'),(895,'têm','têm',0,0,0.2,'T500',18,'*'),(896,'variedade','variedade',0,0,0.6,'V630',18,'*'),(897,'vasta','vasta',0,0,0.3333,'V230',18,'*'),(918,'autor','autor',0,0,0.3333,'A360',19,'*'),(919,'editor','editor',0,0,0.4,'E360',10,'*'),(920,'escrever','escrever',0,0,0.5333,'E2616',10,'*'),(921,'livro','livro',0,0,0.3333,'L160',19,'*'),(922,'publicar','publicar',0,0,0.5333,'P426',14,'*'),(923,'publicação','publicação',0,0,0.6667,'P420',30,'*'),(925,'17','17',0,0,0.2,'',4,'*'),(926,'joomla2','joomla2',0,0,0.4667,'J540',2,'*'),(927,'acadêmicas','acadêmicas',0,0,0.6667,'A2352',20,'*'),(928,'aceitação','aceitação',0,0,0.6,'A230',20,'*'),(929,'adequadas','adequadas',0,0,0.6,'A3232',20,'*'),(930,'ajudar','ajudar',0,0,0.4,'A236',21,'*'),(931,'alcançar','alcançar',0,0,0.5333,'A4256',20,'*'),(932,'altamente','altamente',0,0,0.6,'A4353',20,'*'),(933,'alto','alto',0,0,0.2667,'A430',20,'*'),(934,'apresentados','apresentados',0,0,0.8,'A162532',20,'*'),(935,'através','através',0,0,0.4667,'A3612',20,'*'),(936,'aumentando','aumentando',0,0,0.6667,'A5353',20,'*'),(937,'autores','autores',0,0,0.4667,'A362',21,'*'),(938,'chances','chances',0,0,0.4667,'C520',20,'*'),(939,'clareza','clareza',0,0,0.4667,'C462',20,'*'),(940,'colaboração','colaboração',0,0,0.7333,'C416',20,'*'),(941,'conosco','conosco',0,0,0.4667,'C520',20,'*'),(942,'correções','correções',0,0,0.6,'C620',20,'*'),(943,'endereço','endereço',0,0,0.5333,'E536',20,'*'),(944,'entre','entre',0,0,0.3333,'E536',20,'*'),(945,'estilo','estilo',0,0,0.4,'E234',20,'*'),(946,'estreita','estreita',0,0,0.5333,'E2363',20,'*'),(947,'forma','forma',0,0,0.3333,'F650',20,'*'),(948,'formatação','formatação',0,0,0.6667,'F653',20,'*'),(949,'gama','gama',0,0,0.2667,'G500',21,'*'),(950,'idioma','idioma',0,0,0.4,'I350',20,'*'),(951,'impacto','impacto',0,0,0.4667,'I5123',21,'*'),(952,'incluem','incluem',0,0,0.4667,'I5245',20,'*'),(953,'melhor','melhor',0,0,0.4,'M460',20,'*'),(954,'melhorar','melhorar',0,0,0.5333,'M460',21,'*'),(955,'oferece','oferece',0,0,0.4667,'O162',21,'*'),(956,'oficial','oficial',0,0,0.4667,'O124',20,'*'),(957,'precisas','precisas',0,0,0.5333,'P620',20,'*'),(958,'precisão','precisão',0,0,0.5333,'P620',20,'*'),(959,'prontos','prontos',0,0,0.4667,'P6532',20,'*'),(960,'qualidade','qualidade',0,0,0.6,'Q430',31,'*'),(961,'revistas','revistas',0,0,0.5333,'R1232',20,'*'),(962,'revisão','revisão',0,0,0.4667,'R120',26,'*'),(963,'serviços','serviços',0,0,0.5333,'S612',21,'*'),(964,'sucesso','sucesso',0,0,0.4667,'S000',20,'*'),(965,'trabalham','trabalham',0,0,0.6,'T6145',20,'*'),(966,'tradução','tradução',0,0,0.5333,'T630',20,'*'),(990,'servicos','servicos',0,0,0.5333,'S612',20,'*'),(991,'editorial2','editorial2',0,0,0.6667,'E364',2,'*'),(992,'18','18',0,0,0.2,'',2,'*'),(993,'19','19',0,0,0.2,'',2,'*'),(994,'livros','livros',0,0,0.4,'L162',8,'*'),(995,'pela','pela',0,0,0.2667,'P400',12,'*'),(996,'20','20',0,0,0.2,'',2,'*'),(997,'2019','2019',0,0,0.4,'',4,'*'),(998,'alta','alta',0,0,0.2667,'A430',4,'*'),(999,'atuação','atuação',0,0,0.4667,'A300',4,'*'),(1000,'avanço','avanço',0,0,0.4,'A150',4,'*'),(1001,'brasil','brasil',0,0,0.4,'B624',3,'*'),(1002,'brasileira','brasileira',0,0,0.6667,'B6246',4,'*'),(1003,'contribuam','contribuam',0,0,0.6667,'C53615',4,'*'),(1004,'dedicado','dedicado',0,0,0.5333,'D230',4,'*'),(1005,'desde','desde',0,0,0.3333,'D230',4,'*'),(1006,'educação','educação',0,0,0.5333,'E320',4,'*'),(1007,'escritos','escritos',0,0,0.5333,'E2632',4,'*'),(1008,'especialistas','especialistas',0,0,0.8667,'E2124232',4,'*'),(1009,'fundação','fundação',0,0,0.5333,'F530',4,'*'),(1010,'objetivo','objetivo',0,0,0.5333,'O1231',4,'*'),(1011,'produzir','produzir',0,0,0.5333,'P6326',4,'*'),(1012,'21','21',0,0,0.2,'',1,'*'),(1013,'biografia','biografia',0,0,0.6,'B261',9,'*'),(1014,'licenciamento','licenciamento',0,0,0.8667,'L25253',9,'*'),(1015,'resumo','resumo',0,0,0.4,'R250',9,'*'),(1016,'1998','1998',0,0,0.4,'',6,'*'),(1017,'2002','2002',0,0,0.4,'',6,'*'),(1018,'2007','2007',0,0,0.4,'',6,'*'),(1019,'2010','2010',0,0,0.4,'',6,'*'),(1020,'2011','2011',0,0,0.4,'',6,'*'),(1021,'2012','2012',0,0,0.4,'',6,'*'),(1022,'2017','2017',0,0,0.4,'',6,'*'),(1023,'2018','2018',0,0,0.4,'',6,'*'),(1024,'4516455595202966','4516455595202966',0,0,1.5,'',8,'*'),(1025,'a.b','a.b',0,0,0.2,'A100',6,'*'),(1026,'ambiente','ambiente',0,0,0.5333,'A5153',6,'*'),(1027,'amigos','amigos',0,0,0.4,'A520',6,'*'),(1028,'analista','analista',0,0,0.5333,'A5423',6,'*'),(1029,'aplicada','aplicada',0,0,0.5333,'A1423',6,'*'),(1030,'aplicadas','aplicadas',0,0,0.6,'A14232',6,'*'),(1031,'aquáticos','aquáticos',0,0,0.6,'A232',6,'*'),(1032,'atua','atua',0,0,0.2667,'A300',6,'*'),(1033,'atualmente','atualmente',0,0,0.6667,'A3453',6,'*'),(1034,'bacharel','bacharel',0,0,0.5333,'B264',6,'*'),(1035,'bacharelados','bacharelados',0,0,0.8,'B26432',6,'*'),(1036,'barreira','barreira',0,0,0.5333,'B600',6,'*'),(1037,'biogeoquímica','biogeoquímica',0,0,0.8667,'B252',6,'*'),(1038,'biênio','biênio',0,0,0.4,'B500',6,'*'),(1039,'branco','branco',0,0,0.4,'B652',6,'*'),(1040,'busca','busca',0,0,0.3333,'B200',8,'*'),(1041,'c','c',0,0,0.0667,'C000',6,'*'),(1042,'cabo','cabo',0,0,0.2667,'C100',6,'*'),(1043,'cargo','cargo',0,0,0.3333,'C620',6,'*'),(1044,'centro','centro',0,0,0.4,'C536',6,'*'),(1045,'cnpq','cnpq',0,0,0.2667,'C512',8,'*'),(1046,'competem','competem',0,0,0.5333,'C5135',8,'*'),(1047,'conceder','conceder',0,0,0.5333,'C5236',8,'*'),(1048,'contenção','contenção',0,0,0.6,'C535',6,'*'),(1049,'continua','continua',0,0,0.5333,'C535',6,'*'),(1050,'coordenador','coordenador',0,0,0.7333,'C63536',6,'*'),(1051,'coordenação','coordenação',0,0,0.7333,'C635',6,'*'),(1052,'corpo','corpo',0,0,0.3333,'C610',6,'*'),(1053,'costeira','costeira',0,0,0.5333,'C360',6,'*'),(1054,'curso','curso',0,0,0.3333,'C620',6,'*'),(1055,'cursos','cursos',0,0,0.4,'C620',6,'*'),(1056,'custos','custos',0,0,0.4,'C320',8,'*'),(1057,'dar','dar',0,0,0.2,'D600',8,'*'),(1058,'degradação','degradação',0,0,0.6667,'D263',6,'*'),(1059,'desenvolvimento','desenvolvimento',0,0,1,'D2514153',6,'*'),(1060,'destacando','destacando',0,0,0.6667,'D23253',6,'*'),(1061,'devidas','devidas',0,0,0.4667,'D132',8,'*'),(1062,'dinâmica','dinâmica',0,0,0.5333,'D520',6,'*'),(1063,'disciplinas','disciplinas',0,0,0.7333,'D21452',6,'*'),(1064,'docente','docente',0,0,0.4667,'D253',6,'*'),(1065,'dos','dos',0,0,0.2,'D200',8,'*'),(1066,'doutorado','doutorado',0,0,0.6,'D630',6,'*'),(1067,'drenagem','drenagem',0,0,0.5333,'D6525',6,'*'),(1068,'ecossistemas','ecossistemas',0,0,0.8,'E2352',6,'*'),(1069,'edificação','edificação',0,0,0.6667,'E312',8,'*'),(1070,'eia','eia',0,0,0.2,'E000',6,'*'),(1071,'elaboração','elaboração',0,0,0.6667,'E416',6,'*'),(1072,'empreendimento','empreendimento',0,0,0.9333,'E5165353',8,'*'),(1073,'engenharias','engenharias',0,0,0.7333,'E52562',6,'*'),(1074,'erosão','erosão',0,0,0.4,'E620',6,'*'),(1075,'especialização','especialização',0,0,0.9333,'E21242',6,'*'),(1076,'estudantes','estudantes',0,0,0.6667,'E23532',8,'*'),(1077,'estudos','estudos',0,0,0.4667,'E232',6,'*'),(1078,'estágio','estágio',0,0,0.4667,'E232',6,'*'),(1079,'executar','executar',0,0,0.5333,'E236',8,'*'),(1080,'faculdade','faculdade',0,0,0.6,'F243',6,'*'),(1081,'falésia','falésia',0,0,0.4667,'F420',6,'*'),(1082,'federal','federal',0,0,0.4667,'F364',6,'*'),(1083,'ferramentas','ferramentas',0,0,0.7333,'F6532',6,'*'),(1084,'fundamentos','fundamentos',0,0,0.7333,'F53532',6,'*'),(1085,'físico','físico',0,0,0.4,'F200',6,'*'),(1086,'g','g',0,0,0.0667,'G000',6,'*'),(1087,'geociências','geociências',0,0,0.7333,'G520',6,'*'),(1088,'geodinâmica','geodinâmica',0,0,0.7333,'G352',6,'*'),(1089,'geofísica','geofísica',0,0,0.6,'G120',6,'*'),(1090,'geologia','geologia',0,0,0.5333,'G420',6,'*'),(1091,'geomorfologia','geomorfologia',0,0,0.8667,'G56142',6,'*'),(1092,'geoquímica','geoquímica',0,0,0.6667,'G520',6,'*'),(1093,'geotécnicos','geotécnicos',0,0,0.7333,'G3252',6,'*'),(1094,'gestão','gestão',0,0,0.4,'G300',6,'*'),(1095,'graduação','graduação',0,0,0.6,'G630',6,'*'),(1096,'grande','grande',0,0,0.4,'G653',6,'*'),(1097,'grupo','grupo',0,0,0.3333,'G610',6,'*'),(1098,'guimarães','guimarães',0,0,0.6,'G562',8,'*'),(1099,'hidrologia','hidrologia',0,0,0.6667,'H3642',6,'*'),(1100,'http','http',0,0,0.2667,'H310',8,'*'),(1101,'https','https',0,0,0.3333,'H312',8,'*'),(1102,'humanas','humanas',0,0,0.4667,'H520',6,'*'),(1103,'iemanjá','iemanjá',0,0,0.4667,'I520',6,'*'),(1104,'implantação','implantação',0,0,0.7333,'I51453',6,'*'),(1105,'incompleto','incompleto',0,0,0.6667,'I525143',6,'*'),(1106,'internacional','internacional',0,0,0.8667,'I5365254',6,'*'),(1107,'international','international',0,0,0.8667,'I5365354',6,'*'),(1108,'joão','joão',0,0,0.2667,'J000',6,'*'),(1109,'laboratório','laboratório',0,0,0.7333,'L1636',6,'*'),(1110,'laboratórios','laboratórios',0,0,0.8,'L16362',6,'*'),(1111,'lattes','lattes',0,0,0.4,'L320',8,'*'),(1112,'laureate','laureate',0,0,0.5333,'L630',6,'*'),(1113,'legais','legais',0,0,0.4,'L200',8,'*'),(1114,'licenciar','licenciar',0,0,0.6,'L2526',8,'*'),(1115,'licença','licença',0,0,0.4667,'L250',8,'*'),(1116,'licenças','licenças',0,0,0.5333,'L252',8,'*'),(1117,'litoral','litoral',0,0,0.4667,'L364',6,'*'),(1118,'lotado','lotado',0,0,0.4,'L300',6,'*'),(1119,'marinha','marinha',0,0,0.4667,'M650',6,'*'),(1120,'meio','meio',0,0,0.2667,'M000',6,'*'),(1121,'melhoria','melhoria',0,0,0.5333,'M460',6,'*'),(1122,'membro','membro',0,0,0.4,'M160',6,'*'),(1123,'mestre','mestre',0,0,0.4,'M236',6,'*'),(1124,'ministrou','ministrou',0,0,0.6,'M236',6,'*'),(1125,'municipal','municipal',0,0,0.6,'M214',6,'*'),(1126,'necessidade','necessidade',0,0,0.7333,'N230',8,'*'),(1127,'necessários','necessários',0,0,0.7333,'N262',8,'*'),(1128,'norte-ufrn','norte-ufrn',0,0,0.6667,'N63165',6,'*'),(1129,'obtenção','obtenção',0,0,0.5333,'O135',8,'*'),(1130,'oceanográfica','oceanográfica',0,0,0.8667,'O252612',6,'*'),(1131,'ocupando','ocupando',0,0,0.5333,'O2153',6,'*'),(1132,'ocupou','ocupou',0,0,0.4,'O210',6,'*'),(1133,'ong','ong',0,0,0.2,'O520',6,'*'),(1134,'osestudos','osestudos',0,0,0.6,'O232',4,'*'),(1135,'paraíba','paraíba',0,0,0.4667,'P610',6,'*'),(1136,'paraíba-ufpb','paraíba-ufpb',0,0,0.8,'P610',6,'*'),(1137,'participou','participou',0,0,0.6667,'P6321',6,'*'),(1138,'pasta','pasta',0,0,0.3333,'P230',6,'*'),(1139,'pb','pb',0,0,0.1333,'P000',6,'*'),(1140,'penalidades','penalidades',0,0,0.7333,'P5432',8,'*'),(1141,'pernambuco-ufpe','pernambuco-ufpe',0,0,1,'P65121',6,'*'),(1142,'pessoa-pb','pessoa-pb',0,0,0.6,'P210',6,'*'),(1143,'pmjp','pmjp',0,0,0.2667,'P521',6,'*'),(1144,'poluição','poluição',0,0,0.5333,'P400',6,'*'),(1145,'praia','praia',0,0,0.3333,'P600',6,'*'),(1146,'praça','praça',0,0,0.3333,'P600',6,'*'),(1147,'prefeitura','prefeitura',0,0,0.6667,'P6136',6,'*'),(1148,'presidente','presidente',0,0,0.6667,'P62353',6,'*'),(1149,'procedimentos','procedimentos',0,0,0.8667,'P623532',8,'*'),(1150,'processo','processo',0,0,0.5333,'P620',6,'*'),(1151,'processos','processos',0,0,0.6,'P620',6,'*'),(1152,'professor','professor',0,0,0.6,'P6126',8,'*'),(1153,'professorbrasil','professorbrasil',0,0,1,'P61261624',8,'*'),(1154,'projeto','projeto',0,0,0.4667,'P623',6,'*'),(1155,'protegidas','protegidas',0,0,0.6667,'P63232',6,'*'),(1156,'pós-graduação','pós-graduação',0,0,0.8667,'P263',6,'*'),(1157,'rede','rede',0,0,0.2667,'R300',6,'*'),(1158,'redução','redução',0,0,0.4667,'R300',6,'*'),(1159,'respeito','respeito',0,0,0.5333,'R213',8,'*'),(1160,'rima','rima',0,0,0.2667,'R500',6,'*'),(1161,'rio','rio',0,0,0.2,'R000',6,'*'),(1162,'risco','risco',0,0,0.3333,'R200',6,'*'),(1163,'secretaria','secretaria',0,0,0.6667,'S636',6,'*'),(1164,'sedimentar','sedimentar',0,0,0.6667,'S3536',6,'*'),(1165,'segurança','segurança',0,0,0.6,'S650',6,'*'),(1166,'seixas','seixas',0,0,0.4,'S000',6,'*'),(1167,'semam','semam',0,0,0.3333,'S500',6,'*'),(1168,'sociais','sociais',0,0,0.4667,'S000',6,'*'),(1169,'sociedade','sociedade',0,0,0.6,'S300',6,'*'),(1170,'supervisionado','supervisionado',0,0,0.9333,'S161253',6,'*'),(1171,'suporte','suporte',0,0,0.4667,'S163',8,'*'),(1172,'sustentável','sustentável',0,0,0.7333,'S35314',6,'*'),(1173,'temas','temas',0,0,0.3333,'T520',8,'*'),(1174,'terrestres','terrestres',0,0,0.6667,'T62362',6,'*'),(1175,'territorial','territorial',0,0,0.7333,'T6364',6,'*'),(1176,'tipos','tipos',0,0,0.3333,'T120',8,'*'),(1177,'tirar','tirar',0,0,0.3333,'T600',8,'*'),(1178,'titular','titular',0,0,0.4667,'T460',6,'*'),(1179,'trabalhou','trabalhou',0,0,0.6,'T614',6,'*'),(1180,'trata','trata',0,0,0.3333,'T630',8,'*'),(1181,'trâmites','trâmites',0,0,0.5333,'T6532',8,'*'),(1182,'u','u',0,0,0.0667,'U000',6,'*'),(1183,'uniesp','uniesp',0,0,0.4,'U521',6,'*'),(1184,'universidade','universidade',0,0,0.8,'U51623',6,'*'),(1185,'universities','universities',0,0,0.8,'U516232',6,'*'),(1186,'universitário','universitário',0,0,0.8667,'U516236',6,'*'),(1187,'williams','williams',0,0,0.5333,'W452',8,'*'),(1188,'ênfase','ênfase',0,0,0.4,'ê512',6,'*'),(1189,'órgãos','órgãos',0,0,0.4,'ó620',8,'*');

--
-- Table structure for table `josfs_finder_terms_common`
--

CREATE TABLE `josfs_finder_terms_common` (
  `term` varchar(75) CHARACTER SET utf8mb4 COLLATE utf8mb4_bin NOT NULL DEFAULT '',
  `language` char(7) NOT NULL DEFAULT '',
  `custom` int(11) NOT NULL DEFAULT 0,
  UNIQUE KEY `idx_term_language` (`term`,`language`),
  KEY `idx_lang` (`language`)
) ENGINE=InnoDB DEFAULT CHARSET=utf8mb4 COLLATE=utf8mb4_unicode_ci;

--
-- Dumping data for table `josfs_finder_terms_common`
--

INSERT INTO `josfs_finder_terms_common` VALUES ('a','en',0),('about','en',0),('above','en',0),('after','en',0),('again','en',0),('against','en',0),('all','en',0),('am','en',0),('an','en',0),('and','en',0),('any','en',0),('are','en',0),('aren\'t','en',0),('as','en',0),('at','en',0),('be','en',0),('because','en',0),('been','en',0),('before','en',0),('being','en',0),('below','en',0),('between','en',0),('both','en',0),('but','en',0),('by','en',0),('can\'t','en',0),('cannot','en',0),('could','en',0),('couldn\'t','en',0),('did','en',0),('didn\'t','en',0),('do','en',0),('does','en',0),('doesn\'t','en',0),('doing','en',0),('don\'t','en',0),('down','en',0),('during','en',0),('each','en',0),('few','en',0),('for','en',0),('from','en',0),('further','en',0),('had','en',0),('hadn\'t','en',0),('has','en',0),('hasn\'t','en',0),('have','en',0),('haven\'t','en',0),('having','en',0),('he','en',0),('he\'d','en',0),('he\'ll','en',0),('he\'s','en',0),('her','en',0),('here','en',0),('here\'s','en',0),('hers','en',0),('herself','en',0),('him','en',0),('himself','en',0),('his','en',0),('how','en',0),('how\'s','en',0),('i','en',0),('i\'d','en',0),('i\'ll','en',0),('i\'m','en',0),('i\'ve','en',0),('if','en',0),('in','en',0),('into','en',0),('is','en',0),('isn\'t','en',0),('it','en',0),('it\'s','en',0),('its','en',0),('itself','en',0),('let\'s','en',0),('me','en',0),('more','en',0),('most','en',0),('mustn\'t','en',0),('my','en',0),('myself','en',0),('no','en',0),('nor','en',0),('not','en',0),('of','en',0),('off','en',0),('on','en',0),('once','en',0),('only','en',0),('or','en',0),('other','en',0),('ought','en',0),('our','en',0),('ours','en',0),('ourselves','en',0),('out','en',0),('over','en',0),('own','en',0),('same','en',0),('shan\'t','en',0),('she','en',0),('she\'d','en',0),('she\'ll','en',0),('she\'s','en',0),('should','en',0),('shouldn\'t','en',0),('so','en',0),('some','en',0),('such','en',0),('than','en',0),('that','en',0),('that\'s','en',0),('the','en',0),('their','en',0),('theirs','en',0),('them','en',0),('themselves','en',0),('then','en',0),('there','en',0),('there\'s','en',0),('these','en',0),('they','en',0),('they\'d','en',0),('they\'ll','en',0),('they\'re','en',0),('they\'ve','en',0),('this','en',0),('those','en',0),('through','en',0),('to','en',0),('too','en',0),('under','en',0),('until','en',0),('up','en',0),('very','en',0),('was','en',0),('wasn\'t','en',0),('we','en',0),('we\'d','en',0),('we\'ll','en',0),('we\'re','en',0),('we\'ve','en',0),('were','en',0),('weren\'t','en',0),('what','en',0),('what\'s','en',0),('when','en',0),('when\'s','en',0),('where','en',0),('where\'s','en',0),('which','en',0),('while','en',0),('who','en',0),('who\'s','en',0),('whom','en',0),('why','en',0),('why\'s','en',0),('with','en',0),('won\'t','en',0),('would','en',0),('wouldn\'t','en',0),('you','en',0),('you\'d','en',0),('you\'ll','en',0),('you\'re','en',0),('you\'ve','en',0),('your','en',0),('yours','en',0),('yourself','en',0),('yourselves','en',0);

--
-- Table structure for table `josfs_finder_tokens`
--

CREATE TABLE `josfs_finder_tokens` (
  `term` varchar(75) CHARACTER SET utf8mb4 COLLATE utf8mb4_bin NOT NULL,
  `stem` varchar(75) CHARACTER SET utf8mb4 COLLATE utf8mb4_bin NOT NULL DEFAULT '',
  `common` tinyint(3) unsigned NOT NULL DEFAULT 0,
  `phrase` tinyint(3) unsigned NOT NULL DEFAULT 0,
  `weight` float unsigned NOT NULL DEFAULT 1,
  `context` tinyint(3) unsigned NOT NULL DEFAULT 2,
  `language` char(7) NOT NULL DEFAULT '',
  KEY `idx_word` (`term`),
  KEY `idx_stem` (`stem`),
  KEY `idx_context` (`context`),
  KEY `idx_language` (`language`)
) ENGINE=MEMORY DEFAULT CHARSET=utf8mb4 COLLATE=utf8mb4_unicode_ci;

--
-- Dumping data for table `josfs_finder_tokens`
--


--
-- Table structure for table `josfs_finder_tokens_aggregate`
--

CREATE TABLE `josfs_finder_tokens_aggregate` (
  `term_id` int(10) unsigned NOT NULL,
  `term` varchar(75) CHARACTER SET utf8mb4 COLLATE utf8mb4_bin NOT NULL,
  `stem` varchar(75) CHARACTER SET utf8mb4 COLLATE utf8mb4_bin NOT NULL DEFAULT '',
  `common` tinyint(3) unsigned NOT NULL DEFAULT 0,
  `phrase` tinyint(3) unsigned NOT NULL DEFAULT 0,
  `term_weight` float unsigned NOT NULL DEFAULT 0,
  `context` tinyint(3) unsigned NOT NULL DEFAULT 2,
  `context_weight` float unsigned NOT NULL DEFAULT 0,
  `total_weight` float unsigned NOT NULL DEFAULT 0,
  `language` char(7) NOT NULL DEFAULT '',
  KEY `token` (`term`),
  KEY `keyword_id` (`term_id`)
) ENGINE=MEMORY DEFAULT CHARSET=utf8mb4 COLLATE=utf8mb4_unicode_ci;

--
-- Dumping data for table `josfs_finder_tokens_aggregate`
--


--
-- Table structure for table `josfs_finder_types`
--

CREATE TABLE `josfs_finder_types` (
  `id` int(10) unsigned NOT NULL AUTO_INCREMENT,
  `title` varchar(100) NOT NULL,
  `mime` varchar(100) NOT NULL DEFAULT '',
  PRIMARY KEY (`id`),
  UNIQUE KEY `title` (`title`)
) ENGINE=InnoDB AUTO_INCREMENT=6 DEFAULT CHARSET=utf8mb4 COLLATE=utf8mb4_unicode_ci;

--
-- Dumping data for table `josfs_finder_types`
--

INSERT INTO `josfs_finder_types` VALUES (1,'Category',''),(2,'Contact',''),(3,'Article',''),(4,'News Feed',''),(5,'Tag','');

--
-- Table structure for table `josfs_guidedtour_steps`
--

CREATE TABLE `josfs_guidedtour_steps` (
  `id` int(11) NOT NULL AUTO_INCREMENT,
  `tour_id` int(11) NOT NULL DEFAULT 0,
  `title` varchar(255) NOT NULL,
  `published` tinyint(4) NOT NULL DEFAULT 0,
  `description` text NOT NULL,
  `ordering` int(11) NOT NULL DEFAULT 0,
  `position` varchar(255) NOT NULL,
  `target` varchar(255) NOT NULL,
  `type` int(11) NOT NULL,
  `interactive_type` int(11) NOT NULL DEFAULT 1,
  `url` varchar(255) NOT NULL,
  `created` datetime NOT NULL,
  `created_by` int(10) unsigned NOT NULL DEFAULT 0,
  `modified` datetime NOT NULL,
  `modified_by` int(10) unsigned NOT NULL DEFAULT 0,
  `checked_out_time` datetime DEFAULT NULL,
  `checked_out` int(10) unsigned DEFAULT NULL,
  `language` varchar(7) NOT NULL,
  `note` varchar(255) NOT NULL DEFAULT '',
  PRIMARY KEY (`id`),
  KEY `idx_tour` (`tour_id`),
  KEY `idx_state` (`published`),
  KEY `idx_language` (`language`)
) ENGINE=InnoDB AUTO_INCREMENT=112 DEFAULT CHARSET=utf8mb4 COLLATE=utf8mb4_unicode_ci;

--
-- Dumping data for table `josfs_guidedtour_steps`
--

INSERT INTO `josfs_guidedtour_steps` VALUES (1,1,'COM_GUIDEDTOURS_TOUR_GUIDEDTOURS_STEP_NEW_TITLE',1,'COM_GUIDEDTOURS_TOUR_GUIDEDTOURS_STEP_NEW_DESCRIPTION',1,'bottom','.button-new',2,1,'administrator/index.php?option=com_guidedtours&view=tours','2023-04-20 12:55:11',0,'2023-04-20 12:55:11',0,NULL,NULL,'*',''),(2,1,'COM_GUIDEDTOURS_TOUR_GUIDEDTOURS_STEP_TITLE_TITLE',1,'COM_GUIDEDTOURS_TOUR_GUIDEDTOURS_STEP_TITLE_DESCRIPTION',2,'bottom','#jform_title',2,2,'administrator/index.php?option=com_guidedtours&view=tour&layout=edit','2023-04-20 12:55:11',0,'2023-04-20 12:55:11',0,NULL,NULL,'*',''),(3,1,'COM_GUIDEDTOURS_TOUR_GUIDEDTOURS_STEP_URL_TITLE',1,'COM_GUIDEDTOURS_TOUR_GUIDEDTOURS_STEP_URL_DESCRIPTION',3,'top','#jform_url',2,2,'administrator/index.php?option=com_guidedtours&view=tour&layout=edit','2023-04-20 12:55:11',0,'2023-04-20 12:55:11',0,NULL,NULL,'*',''),(4,1,'COM_GUIDEDTOURS_TOUR_GUIDEDTOURS_STEP_CONTENT_TITLE',1,'COM_GUIDEDTOURS_TOUR_GUIDEDTOURS_STEP_CONTENT_DESCRIPTION',4,'bottom','#jform_description,#jform_description_ifr',2,3,'administrator/index.php?option=com_guidedtours&view=tour&layout=edit','2023-04-20 12:55:11',0,'2023-04-20 12:55:11',0,NULL,NULL,'*',''),(5,1,'COM_GUIDEDTOURS_TOUR_GUIDEDTOURS_STEP_COMPONENT_TITLE',1,'COM_GUIDEDTOURS_TOUR_GUIDEDTOURS_STEP_COMPONENT_DESCRIPTION',5,'top','joomla-field-fancy-select .choices',2,3,'administrator/index.php?option=com_guidedtours&view=tour&layout=edit','2023-04-20 12:55:11',0,'2023-04-20 12:55:11',0,NULL,NULL,'*',''),(6,1,'COM_GUIDEDTOURS_TOUR_GUIDEDTOURS_STEP_SAVECLOSE_TITLE',1,'COM_GUIDEDTOURS_TOUR_GUIDEDTOURS_STEP_SAVECLOSE_DESCRIPTION',6,'top','#save-group-children-save .button-save',2,1,'administrator/index.php?option=com_guidedtours&view=tour&layout=edit','2023-04-20 12:55:11',0,'2023-04-20 12:55:11',0,NULL,NULL,'*',''),(7,1,'COM_GUIDEDTOURS_TOUR_GUIDEDTOURS_STEP_CONGRATULATIONS_TITLE',1,'COM_GUIDEDTOURS_TOUR_GUIDEDTOURS_STEP_CONGRATULATIONS_DESCRIPTION',7,'bottom','',0,1,'administrator/index.php?option=com_guidedtours&view=tour&layout=edit','2023-04-20 12:55:11',0,'2023-04-20 12:55:11',0,NULL,NULL,'*',''),(8,2,'COM_GUIDEDTOURS_TOUR_GUIDEDTOURSTEPS_STEP_COUNTER_TITLE',1,'COM_GUIDEDTOURS_TOUR_GUIDEDTOURSTEPS_STEP_COUNTER_DESCRIPTION',8,'top','#toursList tbody tr:nth-last-of-type(1) td:nth-of-type(5) .btn',2,1,'','2023-04-20 12:55:11',0,'2023-04-20 12:55:11',0,NULL,NULL,'*',''),(9,2,'COM_GUIDEDTOURS_TOUR_GUIDEDTOURSTEPS_STEP_NEW_TITLE',1,'COM_GUIDEDTOURS_TOUR_GUIDEDTOURSTEPS_STEP_NEW_DESCRIPTION',9,'bottom','.button-new',2,1,'','2023-04-20 12:55:11',0,'2023-04-20 12:55:11',0,NULL,NULL,'*',''),(10,2,'COM_GUIDEDTOURS_TOUR_GUIDEDTOURSTEPS_STEP_TITLE_TITLE',1,'COM_GUIDEDTOURS_TOUR_GUIDEDTOURSTEPS_STEP_TITLE_DESCRIPTION',10,'bottom','#jform_title',2,2,'','2023-04-20 12:55:11',0,'2023-04-20 12:55:11',0,NULL,NULL,'*',''),(11,2,'COM_GUIDEDTOURS_TOUR_GUIDEDTOURSTEPS_STEP_DESCRIPTION_TITLE',1,'COM_GUIDEDTOURS_TOUR_GUIDEDTOURSTEPS_STEP_DESCRIPTION_DESCRIPTION',11,'bottom','#jform_description,#jform_description_ifr',2,3,'','2023-04-20 12:55:11',0,'2023-04-20 12:55:11',0,NULL,NULL,'*',''),(12,2,'COM_GUIDEDTOURS_TOUR_GUIDEDTOURSTEPS_STEP_STATUS_TITLE',1,'COM_GUIDEDTOURS_TOUR_GUIDEDTOURSTEPS_STEP_STATUS_DESCRIPTION',12,'bottom','#jform_published',2,3,'','2023-04-20 12:55:11',0,'2023-04-20 12:55:11',0,NULL,NULL,'*',''),(13,2,'COM_GUIDEDTOURS_TOUR_GUIDEDTOURSTEPS_STEP_POSITION_TITLE',1,'COM_GUIDEDTOURS_TOUR_GUIDEDTOURSTEPS_STEP_POSITION_DESCRIPTION',13,'top','#jform_position',2,3,'','2023-04-20 12:55:11',0,'2023-04-20 12:55:11',0,NULL,NULL,'*',''),(14,2,'COM_GUIDEDTOURS_TOUR_GUIDEDTOURSTEPS_STEP_TARGET_TITLE',1,'COM_GUIDEDTOURS_TOUR_GUIDEDTOURSTEPS_STEP_TARGET_DESCRIPTION',14,'top','#jform_target',2,3,'','2023-04-20 12:55:11',0,'2023-04-20 12:55:11',0,NULL,NULL,'*',''),(15,2,'COM_GUIDEDTOURS_TOUR_GUIDEDTOURSTEPS_STEP_TYPE_TITLE',1,'COM_GUIDEDTOURS_TOUR_GUIDEDTOURSTEPS_STEP_TYPE_DESCRIPTION',15,'top','#jform_type',2,3,'','2023-04-20 12:55:11',0,'2023-04-20 12:55:11',0,NULL,NULL,'*',''),(16,2,'COM_GUIDEDTOURS_TOUR_GUIDEDTOURSTEPS_STEP_SAVECLOSE_TITLE',1,'COM_GUIDEDTOURS_TOUR_GUIDEDTOURSTEPS_STEP_SAVECLOSE_DESCRIPTION',16,'bottom','#save-group-children-save .button-save',2,1,'','2023-04-20 12:55:11',0,'2023-04-20 12:55:11',0,NULL,NULL,'*',''),(17,2,'COM_GUIDEDTOURS_TOUR_GUIDEDTOURSTEPS_STEP_CONGRATULATIONS_TITLE',1,'COM_GUIDEDTOURS_TOUR_GUIDEDTOURSTEPS_STEP_CONGRATULATIONS_DESCRIPTION',17,'bottom','',0,1,'','2023-04-20 12:55:11',0,'2023-04-20 12:55:11',0,NULL,NULL,'*',''),(18,3,'COM_GUIDEDTOURS_TOUR_ARTICLES_STEP_NEW_TITLE',1,'COM_GUIDEDTOURS_TOUR_ARTICLES_STEP_NEW_DESCRIPTION',18,'bottom','.button-new',2,1,'administrator/index.php?option=com_content&view=articles','2023-04-20 12:55:11',0,'2023-04-20 12:55:11',0,NULL,NULL,'*',''),(19,3,'COM_GUIDEDTOURS_TOUR_ARTICLES_STEP_TITLE_TITLE',1,'COM_GUIDEDTOURS_TOUR_ARTICLES_STEP_TITLE_DESCRIPTION',19,'bottom','#jform_title',2,2,'administrator/index.php?option=com_content&view=article&layout=edit','2023-04-20 12:55:11',0,'2023-04-20 12:55:11',0,NULL,NULL,'*',''),(20,3,'COM_GUIDEDTOURS_TOUR_ARTICLES_STEP_ALIAS_TITLE',1,'COM_GUIDEDTOURS_TOUR_ARTICLES_STEP_ALIAS_DESCRIPTION',20,'bottom','#jform_alias',2,2,'administrator/index.php?option=com_content&view=article&layout=edit','2023-04-20 12:55:11',0,'2023-04-20 12:55:11',0,NULL,NULL,'*',''),(21,3,'COM_GUIDEDTOURS_TOUR_ARTICLES_STEP_CONTENT_TITLE',1,'COM_GUIDEDTOURS_TOUR_ARTICLES_STEP_CONTENT_DESCRIPTION',21,'bottom','#jform_articletext,#jform_articletext_ifr',2,3,'administrator/index.php?option=com_content&view=article&layout=edit','2023-04-20 12:55:11',0,'2023-04-20 12:55:11',0,NULL,NULL,'*',''),(22,3,'COM_GUIDEDTOURS_TOUR_ARTICLES_STEP_STATUS_TITLE',1,'COM_GUIDEDTOURS_TOUR_ARTICLES_STEP_STATUS_DESCRIPTION',22,'bottom','#jform_state',2,3,'administrator/index.php?option=com_content&view=article&layout=edit','2023-04-20 12:55:11',0,'2023-04-20 12:55:11',0,NULL,NULL,'*',''),(23,3,'COM_GUIDEDTOURS_TOUR_ARTICLES_STEP_CATEGORY_TITLE',1,'COM_GUIDEDTOURS_TOUR_ARTICLES_STEP_CATEGORY_DESCRIPTION',23,'top','joomla-field-fancy-select .choices[data-type=select-one]',2,3,'administrator/index.php?option=com_content&view=article&layout=edit','2023-04-20 12:55:11',0,'2023-04-20 12:55:11',0,NULL,NULL,'*',''),(24,3,'COM_GUIDEDTOURS_TOUR_ARTICLES_STEP_FEATURED_TITLE',1,'COM_GUIDEDTOURS_TOUR_ARTICLES_STEP_FEATURED_DESCRIPTION',24,'bottom','#jform_featured0',2,3,'administrator/index.php?option=com_content&view=article&layout=edit','2023-04-20 12:55:11',0,'2023-04-20 12:55:11',0,NULL,NULL,'*',''),(25,3,'COM_GUIDEDTOURS_TOUR_ARTICLES_STEP_ACCESS_TITLE',1,'COM_GUIDEDTOURS_TOUR_ARTICLES_STEP_ACCESS_DESCRIPTION',25,'bottom','#jform_access',2,3,'administrator/index.php?option=com_content&view=article&layout=edit','2023-04-20 12:55:11',0,'2023-04-20 12:55:11',0,NULL,NULL,'*',''),(26,3,'COM_GUIDEDTOURS_TOUR_ARTICLES_STEP_TAGS_TITLE',1,'COM_GUIDEDTOURS_TOUR_ARTICLES_STEP_TAGS_DESCRIPTION',26,'top','joomla-field-fancy-select .choices[data-type=select-multiple]',2,3,'administrator/index.php?option=com_content&view=article&layout=edit','2023-04-20 12:55:11',0,'2023-04-20 12:55:11',0,NULL,NULL,'*',''),(27,3,'COM_GUIDEDTOURS_TOUR_ARTICLES_STEP_NOTE_TITLE',1,'COM_GUIDEDTOURS_TOUR_ARTICLES_STEP_NOTE_DESCRIPTION',27,'top','#jform_note',2,2,'administrator/index.php?option=com_content&view=article&layout=edit','2023-04-20 12:55:11',0,'2023-04-20 12:55:11',0,NULL,NULL,'*',''),(28,3,'COM_GUIDEDTOURS_TOUR_ARTICLES_STEP_VERSIONNOTE_TITLE',1,'COM_GUIDEDTOURS_TOUR_ARTICLES_STEP_VERSIONNOTE_DESCRIPTION',28,'top','#jform_version_note',2,2,'administrator/index.php?option=com_content&view=article&layout=edit','2023-04-20 12:55:11',0,'2023-04-20 12:55:11',0,NULL,NULL,'*',''),(29,3,'COM_GUIDEDTOURS_TOUR_ARTICLES_STEP_SAVECLOSE_TITLE',1,'COM_GUIDEDTOURS_TOUR_ARTICLES_STEP_SAVECLOSE_DESCRIPTION',29,'bottom','#save-group-children-save .button-save',2,1,'administrator/index.php?option=com_content&view=article&layout=edit','2023-04-20 12:55:11',0,'2023-04-20 12:55:11',0,NULL,NULL,'*',''),(30,3,'COM_GUIDEDTOURS_TOUR_ARTICLES_STEP_CONGRATULATIONS_TITLE',1,'COM_GUIDEDTOURS_TOUR_ARTICLES_STEP_CONGRATULATIONS_DESCRIPTION',30,'bottom','',0,1,'administrator/index.php?option=com_content&view=article&layout=edit','2023-04-20 12:55:11',0,'2023-04-20 12:55:11',0,NULL,NULL,'*',''),(31,4,'COM_GUIDEDTOURS_TOUR_CATEGORIES_STEP_NEW_TITLE',1,'COM_GUIDEDTOURS_TOUR_CATEGORIES_STEP_NEW_DESCRIPTION',31,'bottom','.button-new',2,1,'administrator/index.php?option=com_categories&view=categories&extension=com_content','2023-04-20 12:55:11',0,'2023-04-20 12:55:11',0,NULL,NULL,'*',''),(32,4,'COM_GUIDEDTOURS_TOUR_CATEGORIES_STEP_TITLE_TITLE',1,'COM_GUIDEDTOURS_TOUR_CATEGORIES_STEP_TITLE_DESCRIPTION',32,'bottom','#jform_title',2,2,'administrator/index.php?option=com_categories&view=category&layout=edit&extension=com_content','2023-04-20 12:55:11',0,'2023-04-20 12:55:11',0,NULL,NULL,'*',''),(33,4,'COM_GUIDEDTOURS_TOUR_CATEGORIES_STEP_ALIAS_TITLE',1,'COM_GUIDEDTOURS_TOUR_CATEGORIES_STEP_ALIAS_DESCRIPTION',33,'bottom','#jform_alias',2,2,'administrator/index.php?option=com_categories&view=category&layout=edit&extension=com_content','2023-04-20 12:55:11',0,'2023-04-20 12:55:11',0,NULL,NULL,'*',''),(34,4,'COM_GUIDEDTOURS_TOUR_CATEGORIES_STEP_CONTENT_TITLE',1,'COM_GUIDEDTOURS_TOUR_CATEGORIES_STEP_CONTENT_DESCRIPTION',34,'bottom','#jform_description,#jform_description_ifr',2,3,'administrator/index.php?option=com_categories&view=category&layout=edit&extension=com_content','2023-04-20 12:55:11',0,'2023-04-20 12:55:11',0,NULL,NULL,'*',''),(35,4,'COM_GUIDEDTOURS_TOUR_CATEGORIES_STEP_PARENT_TITLE',1,'COM_GUIDEDTOURS_TOUR_CATEGORIES_STEP_PARENT_DESCRIPTION',35,'top','joomla-field-fancy-select .choices[data-type=select-one]',2,3,'administrator/index.php?option=com_categories&view=category&layout=edit&extension=com_content','2023-04-20 12:55:11',0,'2023-04-20 12:55:11',0,NULL,NULL,'*',''),(36,4,'COM_GUIDEDTOURS_TOUR_CATEGORIES_STEP_STATUS_TITLE',1,'COM_GUIDEDTOURS_TOUR_CATEGORIES_STEP_STATUS_DESCRIPTION',36,'bottom','#jform_published',2,3,'administrator/index.php?option=com_categories&view=category&layout=edit&extension=com_content','2023-04-20 12:55:11',0,'2023-04-20 12:55:11',0,NULL,NULL,'*',''),(37,4,'COM_GUIDEDTOURS_TOUR_CATEGORIES_STEP_ACCESS_TITLE',1,'COM_GUIDEDTOURS_TOUR_CATEGORIES_STEP_ACCESS_DESCRIPTION',37,'bottom','#jform_access',2,3,'administrator/index.php?option=com_categories&view=category&layout=edit&extension=com_content','2023-04-20 12:55:11',0,'2023-04-20 12:55:11',0,NULL,NULL,'*',''),(38,4,'COM_GUIDEDTOURS_TOUR_CATEGORIES_STEP_TAGS_TITLE',1,'COM_GUIDEDTOURS_TOUR_CATEGORIES_STEP_TAGS_DESCRIPTION',38,'top','joomla-field-fancy-select .choices[data-type=select-multiple]',2,3,'administrator/index.php?option=com_categories&view=category&layout=edit&extension=com_content','2023-04-20 12:55:11',0,'2023-04-20 12:55:11',0,NULL,NULL,'*',''),(39,4,'COM_GUIDEDTOURS_TOUR_CATEGORIES_STEP_NOTE_TITLE',1,'COM_GUIDEDTOURS_TOUR_CATEGORIES_STEP_NOTE_DESCRIPTION',39,'top','#jform_note',2,2,'administrator/index.php?option=com_categories&view=category&layout=edit&extension=com_content','2023-04-20 12:55:11',0,'2023-04-20 12:55:11',0,NULL,NULL,'*',''),(40,4,'COM_GUIDEDTOURS_TOUR_CATEGORIES_STEP_VERSIONNOTE_TITLE',1,'COM_GUIDEDTOURS_TOUR_CATEGORIES_STEP_VERSIONNOTE_DESCRIPTION',40,'top','#jform_version_note',2,2,'administrator/index.php?option=com_categories&view=category&layout=edit&extension=com_content','2023-04-20 12:55:11',0,'2023-04-20 12:55:11',0,NULL,NULL,'*',''),(41,4,'COM_GUIDEDTOURS_TOUR_CATEGORIES_STEP_SAVECLOSE_TITLE',1,'COM_GUIDEDTOURS_TOUR_CATEGORIES_STEP_SAVECLOSE_DESCRIPTION',41,'bottom','#save-group-children-save .button-save',2,1,'administrator/index.php?option=com_categories&view=category&layout=edit&extension=com_content','2023-04-20 12:55:11',0,'2023-04-20 12:55:11',0,NULL,NULL,'*',''),(42,4,'COM_GUIDEDTOURS_TOUR_CATEGORIES_STEP_CONGRATULATIONS_TITLE',1,'COM_GUIDEDTOURS_TOUR_CATEGORIES_STEP_CONGRATULATIONS_DESCRIPTION',42,'bottom','',0,1,'administrator/index.php?option=com_categories&view=category&layout=edit&extension=com_content','2023-04-20 12:55:11',0,'2023-04-20 12:55:11',0,NULL,NULL,'*',''),(43,5,'COM_GUIDEDTOURS_TOUR_MENUS_STEP_NEW_TITLE',1,'COM_GUIDEDTOURS_TOUR_MENUS_STEP_NEW_DESCRIPTION',43,'bottom','.button-new',2,1,'administrator/index.php?option=com_menus&view=menus','2023-04-20 12:55:11',0,'2023-04-20 12:55:11',0,NULL,NULL,'*',''),(44,5,'COM_GUIDEDTOURS_TOUR_MENUS_STEP_TITLE_TITLE',1,'COM_GUIDEDTOURS_TOUR_MENUS_STEP_TITLE_DESCRIPTION',44,'bottom','#jform_title',2,2,'administrator/index.php?option=com_menus&view=menu&layout=edit','2023-04-20 12:55:11',0,'2023-04-20 12:55:11',0,NULL,NULL,'*',''),(45,5,'COM_GUIDEDTOURS_TOUR_MENUS_STEP_UNIQUENAME_TITLE',1,'COM_GUIDEDTOURS_TOUR_MENUS_STEP_UNIQUENAME_DESCRIPTION',45,'top','#jform_menutype',2,2,'administrator/index.php?option=com_menus&view=menu&layout=edit','2023-04-20 12:55:11',0,'2023-04-20 12:55:11',0,NULL,NULL,'*',''),(46,5,'COM_GUIDEDTOURS_TOUR_MENUS_STEP_DESCRIPTION_TITLE',1,'COM_GUIDEDTOURS_TOUR_MENUS_STEP_DESCRIPTION_DESCRIPTION',46,'top','#jform_menudescription',2,2,'administrator/index.php?option=com_menus&view=menu&layout=edit','2023-04-20 12:55:11',0,'2023-04-20 12:55:11',0,NULL,NULL,'*',''),(47,5,'COM_GUIDEDTOURS_TOUR_MENUS_STEP_SAVECLOSE_TITLE',1,'COM_GUIDEDTOURS_TOUR_MENUS_STEP_SAVECLOSE_DESCRIPTION',47,'bottom','#save-group-children-save .button-save',2,1,'administrator/index.php?option=com_menus&view=menu&layout=edit','2023-04-20 12:55:11',0,'2023-04-20 12:55:11',0,NULL,NULL,'*',''),(48,5,'COM_GUIDEDTOURS_TOUR_MENUS_STEP_CONGRATULATIONS_TITLE',1,'COM_GUIDEDTOURS_TOUR_MENUS_STEP_CONGRATULATIONS_DESCRIPTION',48,'bottom','',0,1,'administrator/index.php?option=com_menus&view=menu&layout=edit','2023-04-20 12:55:11',0,'2023-04-20 12:55:11',0,NULL,NULL,'*',''),(49,6,'COM_GUIDEDTOURS_TOUR_TAGS_STEP_NEW_TITLE',1,'COM_GUIDEDTOURS_TOUR_TAGS_STEP_NEW_DESCRIPTION',49,'bottom','.button-new',2,1,'administrator/index.php?option=com_tags&view=tags','2023-04-20 12:55:11',0,'2023-04-20 12:55:11',0,NULL,NULL,'*',''),(50,6,'COM_GUIDEDTOURS_TOUR_TAGS_STEP_TITLE_TITLE',1,'COM_GUIDEDTOURS_TOUR_TAGS_STEP_TITLE_DESCRIPTION',50,'bottom','#jform_title',2,2,'administrator/index.php?option=com_tags&view=tag&layout=edit','2023-04-20 12:55:11',0,'2023-04-20 12:55:11',0,NULL,NULL,'*',''),(51,6,'COM_GUIDEDTOURS_TOUR_TAGS_STEP_ALIAS_TITLE',1,'COM_GUIDEDTOURS_TOUR_TAGS_STEP_ALIAS_DESCRIPTION',51,'bottom','#jform_alias',2,2,'administrator/index.php?option=com_tags&view=tag&layout=edit','2023-04-20 12:55:11',0,'2023-04-20 12:55:11',0,NULL,NULL,'*',''),(52,6,'COM_GUIDEDTOURS_TOUR_TAGS_STEP_CONTENT_TITLE',1,'COM_GUIDEDTOURS_TOUR_TAGS_STEP_CONTENT_DESCRIPTION',52,'bottom','#jform_description,#jform_description_ifr',2,3,'administrator/index.php?option=com_tags&view=tag&layout=edit','2023-04-20 12:55:11',0,'2023-04-20 12:55:11',0,NULL,NULL,'*',''),(53,6,'COM_GUIDEDTOURS_TOUR_TAGS_STEP_PARENT_TITLE',1,'COM_GUIDEDTOURS_TOUR_TAGS_STEP_PARENT_DESCRIPTION',53,'top','joomla-field-fancy-select .choices[data-type=select-one]',2,3,'administrator/index.php?option=com_tags&view=tag&layout=edit','2023-04-20 12:55:11',0,'2023-04-20 12:55:11',0,NULL,NULL,'*',''),(54,6,'COM_GUIDEDTOURS_TOUR_TAGS_STEP_STATUS_TITLE',1,'COM_GUIDEDTOURS_TOUR_TAGS_STEP_STATUS_DESCRIPTION',54,'bottom','#jform_published',2,3,'administrator/index.php?option=com_tags&view=tag&layout=edit','2023-04-20 12:55:11',0,'2023-04-20 12:55:11',0,NULL,NULL,'*',''),(55,6,'COM_GUIDEDTOURS_TOUR_TAGS_STEP_ACCESS_TITLE',1,'COM_GUIDEDTOURS_TOUR_TAGS_STEP_ACCESS_DESCRIPTION',55,'bottom','#jform_access',2,3,'administrator/index.php?option=com_tags&view=tag&layout=edit','2023-04-20 12:55:11',0,'2023-04-20 12:55:11',0,NULL,NULL,'*',''),(56,6,'COM_GUIDEDTOURS_TOUR_TAGS_STEP_NOTE_TITLE',1,'COM_GUIDEDTOURS_TOUR_TAGS_STEP_NOTE_DESCRIPTION',56,'top','#jform_note',2,2,'administrator/index.php?option=com_tags&view=tag&layout=edit','2023-04-20 12:55:11',0,'2023-04-20 12:55:11',0,NULL,NULL,'*',''),(57,6,'COM_GUIDEDTOURS_TOUR_TAGS_STEP_VERSIONNOTE_TITLE',1,'COM_GUIDEDTOURS_TOUR_TAGS_STEP_VERSIONNOTE_DESCRIPTION',57,'top','#jform_version_note',2,2,'administrator/index.php?option=com_tags&view=tag&layout=edit','2023-04-20 12:55:11',0,'2023-04-20 12:55:11',0,NULL,NULL,'*',''),(58,6,'COM_GUIDEDTOURS_TOUR_TAGS_STEP_SAVECLOSE_TITLE',1,'COM_GUIDEDTOURS_TOUR_TAGS_STEP_SAVECLOSE_DESCRIPTION',58,'bottom','#save-group-children-save .button-save',2,1,'administrator/index.php?option=com_tags&view=tag&layout=edit','2023-04-20 12:55:11',0,'2023-04-20 12:55:11',0,NULL,NULL,'*',''),(59,6,'COM_GUIDEDTOURS_TOUR_TAGS_STEP_CONGRATULATIONS_TITLE',1,'COM_GUIDEDTOURS_TOUR_TAGS_STEP_CONGRATULATIONS_DESCRIPTION',59,'bottom','',0,1,'administrator/index.php?option=com_tags&view=tag&layout=edit','2023-04-20 12:55:11',0,'2023-04-20 12:55:11',0,NULL,NULL,'*',''),(60,7,'COM_GUIDEDTOURS_TOUR_BANNERS_STEP_NEW_TITLE',1,'COM_GUIDEDTOURS_TOUR_BANNERS_STEP_NEW_DESCRIPTION',60,'bottom','.button-new',2,1,'administrator/index.php?option=com_banners&view=banners','2023-04-20 12:55:11',0,'2023-04-20 12:55:11',0,NULL,NULL,'*',''),(61,7,'COM_GUIDEDTOURS_TOUR_BANNERS_STEP_TITLE_TITLE',1,'COM_GUIDEDTOURS_TOUR_BANNERS_STEP_TITLE_DESCRIPTION',61,'bottom','#jform_name',2,2,'administrator/index.php?option=com_banners&view=banner&layout=edit','2023-04-20 12:55:11',0,'2023-04-20 12:55:11',0,NULL,NULL,'*',''),(62,7,'COM_GUIDEDTOURS_TOUR_BANNERS_STEP_ALIAS_TITLE',1,'COM_GUIDEDTOURS_TOUR_BANNERS_STEP_ALIAS_DESCRIPTION',62,'bottom','#jform_alias',2,2,'administrator/index.php?option=com_banners&view=banner&layout=edit','2023-04-20 12:55:11',0,'2023-04-20 12:55:11',0,NULL,NULL,'*',''),(63,7,'COM_GUIDEDTOURS_TOUR_BANNERS_STEP_DESCRIPTION_TITLE',1,'COM_GUIDEDTOURS_TOUR_BANNERS_STEP_DESCRIPTION_DESCRIPTION',63,'bottom','#jform_description,#jform_description_ifr',2,3,'administrator/index.php?option=com_banners&view=banner&layout=edit','2023-04-20 12:55:11',0,'2023-04-20 12:55:11',0,NULL,NULL,'*',''),(64,7,'COM_GUIDEDTOURS_TOUR_BANNERS_STEP_STATUS_TITLE',1,'COM_GUIDEDTOURS_TOUR_BANNERS_STEP_STATUS_DESCRIPTION',64,'bottom','#jform_state',2,3,'administrator/index.php?option=com_banners&view=banner&layout=edit','2023-04-20 12:55:11',0,'2023-04-20 12:55:11',0,NULL,NULL,'*',''),(65,7,'COM_GUIDEDTOURS_TOUR_BANNERS_STEP_CATEGORY_TITLE',1,'COM_GUIDEDTOURS_TOUR_BANNERS_STEP_CATEGORY_DESCRIPTION',65,'top','joomla-field-fancy-select .choices[data-type=select-one]',2,3,'administrator/index.php?option=com_banners&view=banner&layout=edit','2023-04-20 12:55:11',0,'2023-04-20 12:55:11',0,NULL,NULL,'*',''),(66,7,'COM_GUIDEDTOURS_TOUR_BANNERS_STEP_PINNED_TITLE',1,'COM_GUIDEDTOURS_TOUR_BANNERS_STEP_PINNED_DESCRIPTION',66,'bottom','#jform_sticky1',2,3,'administrator/index.php?option=com_banners&view=banner&layout=edit','2023-04-20 12:55:11',0,'2023-04-20 12:55:11',0,NULL,NULL,'*',''),(67,7,'COM_GUIDEDTOURS_TOUR_BANNERS_STEP_VERSIONNOTE_TITLE',1,'COM_GUIDEDTOURS_TOUR_BANNERS_STEP_VERSIONNOTE_DESCRIPTION',67,'top','#jform_version_note',2,2,'administrator/index.php?option=com_banners&view=banner&layout=edit','2023-04-20 12:55:11',0,'2023-04-20 12:55:11',0,NULL,NULL,'*',''),(68,7,'COM_GUIDEDTOURS_TOUR_BANNERS_STEP_SAVECLOSE_TITLE',1,'COM_GUIDEDTOURS_TOUR_BANNERS_STEP_SAVECLOSE_DESCRIPTION',68,'bottom','#save-group-children-save .button-save',2,1,'administrator/index.php?option=com_banners&view=banner&layout=edit','2023-04-20 12:55:11',0,'2023-04-20 12:55:11',0,NULL,NULL,'*',''),(69,7,'COM_GUIDEDTOURS_TOUR_BANNERS_STEP_CONGRATULATIONS_TITLE',1,'COM_GUIDEDTOURS_TOUR_BANNERS_STEP_CONGRATULATIONS_DESCRIPTION',69,'bottom','',0,1,'administrator/index.php?option=com_banners&view=banner&layout=edit','2023-04-20 12:55:11',0,'2023-04-20 12:55:11',0,NULL,NULL,'*',''),(70,8,'COM_GUIDEDTOURS_TOUR_CONTACTS_STEP_NEW_TITLE',1,'COM_GUIDEDTOURS_TOUR_CONTACTS_STEP_NEW_DESCRIPTION',70,'bottom','.button-new',2,1,'administrator/index.php?option=com_contact&view=contacts','2023-04-20 12:55:11',0,'2023-04-20 12:55:11',0,NULL,NULL,'*',''),(71,8,'COM_GUIDEDTOURS_TOUR_CONTACTS_STEP_TITLE_TITLE',1,'COM_GUIDEDTOURS_TOUR_CONTACTS_STEP_TITLE_DESCRIPTION',71,'bottom','#jform_name',2,2,'administrator/index.php?option=com_contact&view=contact&layout=edit','2023-04-20 12:55:11',0,'2023-04-20 12:55:11',0,NULL,NULL,'*',''),(72,8,'COM_GUIDEDTOURS_TOUR_CONTACTS_STEP_ALIAS_TITLE',1,'COM_GUIDEDTOURS_TOUR_CONTACTS_STEP_ALIAS_DESCRIPTION',72,'bottom','#jform_alias',2,2,'administrator/index.php?option=com_contact&view=contact&layout=edit','2023-04-20 12:55:11',0,'2023-04-20 12:55:11',0,NULL,NULL,'*',''),(73,8,'COM_GUIDEDTOURS_TOUR_CONTACTS_STEP_DETAILS_TITLE',1,'COM_GUIDEDTOURS_TOUR_CONTACTS_STEP_DETAILS_DESCRIPTION',73,'bottom','.col-lg-9',0,1,'administrator/index.php?option=com_contact&view=contact&layout=edit','2023-04-20 12:55:11',0,'2023-04-20 12:55:11',0,NULL,NULL,'*',''),(74,8,'COM_GUIDEDTOURS_TOUR_CONTACTS_STEP_STATUS_TITLE',1,'COM_GUIDEDTOURS_TOUR_CONTACTS_STEP_STATUS_DESCRIPTION',74,'bottom','#jform_published',2,3,'administrator/index.php?option=com_contact&view=contact&layout=edit','2023-04-20 12:55:11',0,'2023-04-20 12:55:11',0,NULL,NULL,'*',''),(75,8,'COM_GUIDEDTOURS_TOUR_CONTACTS_STEP_CATEGORY_TITLE',1,'COM_GUIDEDTOURS_TOUR_CONTACTS_STEP_CATEGORY_DESCRIPTION',75,'top','joomla-field-fancy-select .choices[data-type=select-one]',2,3,'administrator/index.php?option=com_contact&view=contact&layout=edit','2023-04-20 12:55:11',0,'2023-04-20 12:55:11',0,NULL,NULL,'*',''),(76,8,'COM_GUIDEDTOURS_TOUR_CONTACTS_STEP_FEATURED_TITLE',1,'COM_GUIDEDTOURS_TOUR_CONTACTS_STEP_FEATURED_DESCRIPTION',76,'bottom','#jform_featured0',2,3,'administrator/index.php?option=com_contact&view=contact&layout=edit','2023-04-20 12:55:11',0,'2023-04-20 12:55:11',0,NULL,NULL,'*',''),(77,8,'COM_GUIDEDTOURS_TOUR_CONTACTS_STEP_ACCESS_TITLE',1,'COM_GUIDEDTOURS_TOUR_CONTACTS_STEP_ACCESS_DESCRIPTION',77,'bottom','#jform_access',2,3,'administrator/index.php?option=com_contact&view=contact&layout=edit','2023-04-20 12:55:11',0,'2023-04-20 12:55:11',0,NULL,NULL,'*',''),(78,8,'COM_GUIDEDTOURS_TOUR_CONTACTS_STEP_TAGS_TITLE',1,'COM_GUIDEDTOURS_TOUR_CONTACTS_STEP_TAGS_DESCRIPTION',78,'top','joomla-field-fancy-select .choices[data-type=select-multiple]',2,3,'administrator/index.php?option=com_contact&view=contact&layout=edit','2023-04-20 12:55:11',0,'2023-04-20 12:55:11',0,NULL,NULL,'*',''),(79,8,'COM_GUIDEDTOURS_TOUR_CONTACTS_STEP_VERSIONNOTE_TITLE',1,'COM_GUIDEDTOURS_TOUR_CONTACTS_STEP_VERSIONNOTE_DESCRIPTION',79,'top','#jform_version_note',2,2,'administrator/index.php?option=com_contact&view=contact&layout=edit','2023-04-20 12:55:11',0,'2023-04-20 12:55:11',0,NULL,NULL,'*',''),(80,8,'COM_GUIDEDTOURS_TOUR_CONTACTS_STEP_SAVECLOSE_TITLE',1,'COM_GUIDEDTOURS_TOUR_CONTACTS_STEP_SAVECLOSE_DESCRIPTION',80,'bottom','#save-group-children-save .button-save',2,1,'administrator/index.php?option=com_contact&view=contact&layout=edit','2023-04-20 12:55:11',0,'2023-04-20 12:55:11',0,NULL,NULL,'*',''),(81,8,'COM_GUIDEDTOURS_TOUR_CONTACTS_STEP_CONGRATULATIONS_TITLE',1,'COM_GUIDEDTOURS_TOUR_CONTACTS_STEP_CONGRATULATIONS_DESCRIPTION',81,'bottom','',0,1,'administrator/index.php?option=com_contact&view=contact&layout=edit','2023-04-20 12:55:11',0,'2023-04-20 12:55:11',0,NULL,NULL,'*',''),(82,9,'COM_GUIDEDTOURS_TOUR_NEWSFEEDS_STEP_NEW_TITLE',1,'COM_GUIDEDTOURS_TOUR_NEWSFEEDS_STEP_NEW_DESCRIPTION',82,'bottom','.button-new',2,1,'administrator/index.php?option=com_newsfeeds&view=newsfeeds','2023-04-20 12:55:11',0,'2023-04-20 12:55:11',0,NULL,NULL,'*',''),(83,9,'COM_GUIDEDTOURS_TOUR_NEWSFEEDS_STEP_TITLE_TITLE',1,'COM_GUIDEDTOURS_TOUR_NEWSFEEDS_STEP_TITLE_DESCRIPTION',83,'bottom','#jform_name',2,2,'administrator/index.php?option=com_newsfeeds&view=newsfeed&layout=edit','2023-04-20 12:55:11',0,'2023-04-20 12:55:11',0,NULL,NULL,'*',''),(84,9,'COM_GUIDEDTOURS_TOUR_NEWSFEEDS_STEP_ALIAS_TITLE',1,'COM_GUIDEDTOURS_TOUR_NEWSFEEDS_STEP_ALIAS_DESCRIPTION',84,'bottom','#jform_alias',2,2,'administrator/index.php?option=com_newsfeeds&view=newsfeed&layout=edit','2023-04-20 12:55:11',0,'2023-04-20 12:55:11',0,NULL,NULL,'*',''),(85,9,'COM_GUIDEDTOURS_TOUR_NEWSFEEDS_STEP_LINK_TITLE',1,'COM_GUIDEDTOURS_TOUR_NEWSFEEDS_STEP_LINK_DESCRIPTION',85,'bottom','#jform_link',2,2,'administrator/index.php?option=com_newsfeeds&view=newsfeed&layout=edit','2023-04-20 12:55:11',0,'2023-04-20 12:55:11',0,NULL,NULL,'*',''),(86,9,'COM_GUIDEDTOURS_TOUR_NEWSFEEDS_STEP_DESCRIPTION_TITLE',1,'COM_GUIDEDTOURS_TOUR_NEWSFEEDS_STEP_DESCRIPTION_DESCRIPTION',86,'bottom','#jform_description,#jform_description_ifr',2,3,'administrator/index.php?option=com_newsfeeds&view=newsfeed&layout=edit','2023-04-20 12:55:11',0,'2023-04-20 12:55:11',0,NULL,NULL,'*',''),(87,9,'COM_GUIDEDTOURS_TOUR_NEWSFEEDS_STEP_STATUS_TITLE',1,'COM_GUIDEDTOURS_TOUR_NEWSFEEDS_STEP_STATUS_DESCRIPTION',87,'bottom','#jform_published',2,3,'administrator/index.php?option=com_newsfeeds&view=newsfeed&layout=edit','2023-04-20 12:55:11',0,'2023-04-20 12:55:11',0,NULL,NULL,'*',''),(88,9,'COM_GUIDEDTOURS_TOUR_NEWSFEEDS_STEP_CATEGORY_TITLE',1,'COM_GUIDEDTOURS_TOUR_NEWSFEEDS_STEP_CATEGORY_DESCRIPTION',88,'top','joomla-field-fancy-select .choices[data-type=select-one]',2,3,'administrator/index.php?option=com_newsfeeds&view=newsfeed&layout=edit','2023-04-20 12:55:11',0,'2023-04-20 12:55:11',0,NULL,NULL,'*',''),(89,9,'COM_GUIDEDTOURS_TOUR_NEWSFEEDS_STEP_ACCESS_TITLE',1,'COM_GUIDEDTOURS_TOUR_NEWSFEEDS_STEP_ACCESS_DESCRIPTION',89,'bottom','#jform_access',2,3,'administrator/index.php?option=com_newsfeeds&view=newsfeed&layout=edit','2023-04-20 12:55:11',0,'2023-04-20 12:55:11',0,NULL,NULL,'*',''),(90,9,'COM_GUIDEDTOURS_TOUR_NEWSFEEDS_STEP_TAGS_TITLE',1,'COM_GUIDEDTOURS_TOUR_NEWSFEEDS_STEP_TAGS_DESCRIPTION',90,'top','joomla-field-fancy-select .choices[data-type=select-multiple]',2,3,'administrator/index.php?option=com_newsfeeds&view=newsfeed&layout=edit','2023-04-20 12:55:11',0,'2023-04-20 12:55:11',0,NULL,NULL,'*',''),(91,9,'COM_GUIDEDTOURS_TOUR_NEWSFEEDS_STEP_VERSIONNOTE_TITLE',1,'COM_GUIDEDTOURS_TOUR_NEWSFEEDS_STEP_VERSIONNOTE_DESCRIPTION',91,'top','#jform_version_note',2,2,'administrator/index.php?option=com_newsfeeds&view=newsfeed&layout=edit','2023-04-20 12:55:11',0,'2023-04-20 12:55:11',0,NULL,NULL,'*',''),(92,9,'COM_GUIDEDTOURS_TOUR_NEWSFEEDS_STEP_SAVECLOSE_TITLE',1,'COM_GUIDEDTOURS_TOUR_NEWSFEEDS_STEP_SAVECLOSE_DESCRIPTION',92,'bottom','#save-group-children-save .button-save',2,1,'administrator/index.php?option=com_newsfeeds&view=newsfeed&layout=edit','2023-04-20 12:55:11',0,'2023-04-20 12:55:11',0,NULL,NULL,'*',''),(93,9,'COM_GUIDEDTOURS_TOUR_NEWSFEEDS_STEP_CONGRATULATIONS_TITLE',1,'COM_GUIDEDTOURS_TOUR_NEWSFEEDS_STEP_CONGRATULATIONS_DESCRIPTION',93,'bottom','',0,1,'administrator/index.php?option=com_newsfeeds&view=newsfeed&layout=edit','2023-04-20 12:55:11',0,'2023-04-20 12:55:11',0,NULL,NULL,'*',''),(94,10,'COM_GUIDEDTOURS_TOUR_SMARTSEARCH_STEP_NEW_TITLE',1,'COM_GUIDEDTOURS_TOUR_SMARTSEARCH_STEP_NEW_DESCRIPTION',94,'bottom','.button-new',2,1,'administrator/index.php?option=com_finder&view=filters','2023-04-20 12:55:11',0,'2023-04-20 12:55:11',0,NULL,NULL,'*',''),(95,10,'COM_GUIDEDTOURS_TOUR_SMARTSEARCH_STEP_TITLE_TITLE',1,'COM_GUIDEDTOURS_TOUR_SMARTSEARCH_STEP_TITLE_DESCRIPTION',95,'bottom','#jform_title',2,2,'administrator/index.php?option=com_finder&view=filter&layout=edit','2023-04-20 12:55:11',0,'2023-04-20 12:55:11',0,NULL,NULL,'*',''),(96,10,'COM_GUIDEDTOURS_TOUR_SMARTSEARCH_STEP_ALIAS_TITLE',1,'COM_GUIDEDTOURS_TOUR_SMARTSEARCH_STEP_ALIAS_DESCRIPTION',96,'bottom','#jform_alias',2,2,'administrator/index.php?option=com_finder&view=filter&layout=edit','2023-04-20 12:55:11',0,'2023-04-20 12:55:11',0,NULL,NULL,'*',''),(97,10,'COM_GUIDEDTOURS_TOUR_SMARTSEARCH_STEP_CONTENT_TITLE',1,'COM_GUIDEDTOURS_TOUR_SMARTSEARCH_STEP_CONTENT_DESCRIPTION',97,'bottom','.col-lg-9',0,1,'administrator/index.php?option=com_finder&view=filter&layout=edit','2023-04-20 12:55:11',0,'2023-04-20 12:55:11',0,NULL,NULL,'*',''),(98,10,'COM_GUIDEDTOURS_TOUR_SMARTSEARCH_STEP_STATUS_TITLE',1,'COM_GUIDEDTOURS_TOUR_SMARTSEARCH_STEP_STATUS_DESCRIPTION',98,'bottom','#jform_state',2,3,'administrator/index.php?option=com_finder&view=filter&layout=edit','2023-04-20 12:55:11',0,'2023-04-20 12:55:11',0,NULL,NULL,'*',''),(99,10,'COM_GUIDEDTOURS_TOUR_SMARTSEARCH_STEP_SAVECLOSE_TITLE',1,'COM_GUIDEDTOURS_TOUR_SMARTSEARCH_STEP_SAVECLOSE_DESCRIPTION',99,'bottom','#save-group-children-save .button-save',2,1,'administrator/index.php?option=com_finder&view=filter&layout=edit','2023-04-20 12:55:11',0,'2023-04-20 12:55:11',0,NULL,NULL,'*',''),(100,10,'COM_GUIDEDTOURS_TOUR_SMARTSEARCH_STEP_CONGRATULATIONS_TITLE',1,'COM_GUIDEDTOURS_TOUR_SMARTSEARCH_STEP_CONGRATULATIONS_DESCRIPTION',100,'bottom','',0,1,'administrator/index.php?option=com_finder&view=filter&layout=edit','2023-04-20 12:55:11',0,'2023-04-20 12:55:11',0,NULL,NULL,'*',''),(101,11,'COM_GUIDEDTOURS_TOUR_USERS_STEP_NEW_TITLE',1,'COM_GUIDEDTOURS_TOUR_USERS_STEP_NEW_DESCRIPTION',101,'bottom','.button-new',2,1,'administrator/index.php?option=com_users&view=user&layout=edit','2023-04-20 12:55:11',0,'2023-04-20 12:55:11',0,NULL,NULL,'*',''),(102,11,'COM_GUIDEDTOURS_TOUR_USERS_STEP_NAME_TITLE',1,'COM_GUIDEDTOURS_TOUR_USERS_STEP_NAME_DESCRIPTION',102,'bottom','#jform_name',2,2,'administrator/index.php?option=com_users&view=user&layout=edit','2023-04-20 12:55:11',0,'2023-04-20 12:55:11',0,NULL,NULL,'*',''),(103,11,'COM_GUIDEDTOURS_TOUR_USERS_STEP_LOGINNAME_TITLE',1,'COM_GUIDEDTOURS_TOUR_USERS_STEP_LOGINNAME_DESCRIPTION',103,'bottom','#jform_username',2,2,'administrator/index.php?option=com_users&view=user&layout=edit','2023-04-20 12:55:11',0,'2023-04-20 12:55:11',0,NULL,NULL,'*',''),(104,11,'COM_GUIDEDTOURS_TOUR_USERS_STEP_PASSWORD_TITLE',1,'COM_GUIDEDTOURS_TOUR_USERS_STEP_PASSWORD_DESCRIPTION',104,'bottom','#jform_password',2,2,'administrator/index.php?option=com_users&view=user&layout=edit','2023-04-20 12:55:11',0,'2023-04-20 12:55:11',0,NULL,NULL,'*',''),(105,11,'COM_GUIDEDTOURS_TOUR_USERS_STEP_PASSWORD2_TITLE',1,'COM_GUIDEDTOURS_TOUR_USERS_STEP_PASSWORD2_DESCRIPTION',105,'bottom','#jform_password2',2,2,'administrator/index.php?option=com_users&view=user&layout=edit','2023-04-20 12:55:11',0,'2023-04-20 12:55:11',0,NULL,NULL,'*',''),(106,11,'COM_GUIDEDTOURS_TOUR_USERS_STEP_EMAIL_TITLE',1,'COM_GUIDEDTOURS_TOUR_USERS_STEP_EMAIL_DESCRIPTION',106,'bottom','#jform_email',2,2,'administrator/index.php?option=com_users&view=user&layout=edit','2023-04-20 12:55:11',0,'2023-04-20 12:55:11',0,NULL,NULL,'*',''),(107,11,'COM_GUIDEDTOURS_TOUR_USERS_STEP_SYSTEMEMAIL_TITLE',1,'COM_GUIDEDTOURS_TOUR_USERS_STEP_SYSTEMEMAIL_DESCRIPTION',107,'top','#jform_sendEmail0',2,3,'administrator/index.php?option=com_users&view=user&layout=edit','2023-04-20 12:55:11',0,'2023-04-20 12:55:11',0,NULL,NULL,'*',''),(108,11,'COM_GUIDEDTOURS_TOUR_USERS_STEP_STATUS_TITLE',1,'COM_GUIDEDTOURS_TOUR_USERS_STEP_STATUS_DESCRIPTION',108,'top','#jform_block0',2,3,'administrator/index.php?option=com_users&view=user&layout=edit','2023-04-20 12:55:11',0,'2023-04-20 12:55:11',0,NULL,NULL,'*',''),(109,11,'COM_GUIDEDTOURS_TOUR_USERS_STEP_PASSWORDRESET_TITLE',1,'COM_GUIDEDTOURS_TOUR_USERS_STEP_PASSWORDRESET_DESCRIPTION',109,'top','#jform_requireReset0',2,3,'administrator/index.php?option=com_users&view=user&layout=edit','2023-04-20 12:55:11',0,'2023-04-20 12:55:11',0,NULL,NULL,'*',''),(110,11,'COM_GUIDEDTOURS_TOUR_USERS_STEP_SAVECLOSE_TITLE',1,'COM_GUIDEDTOURS_TOUR_USERS_STEP_SAVECLOSE_DESCRIPTION',110,'bottom','#save-group-children-save .button-save',2,1,'administrator/index.php?option=com_users&view=user&layout=edit','2023-04-20 12:55:11',0,'2023-04-20 12:55:11',0,NULL,NULL,'*',''),(111,11,'COM_GUIDEDTOURS_TOUR_USERS_STEP_CONGRATULATIONS_TITLE',1,'COM_GUIDEDTOURS_TOUR_USERS_STEP_CONGRATULATIONS_DESCRIPTION',111,'bottom','',0,1,'administrator/index.php?option=com_users&view=user&layout=edit','2023-04-20 12:55:11',0,'2023-04-20 12:55:11',0,NULL,NULL,'*','');

--
-- Table structure for table `josfs_guidedtours`
--

CREATE TABLE `josfs_guidedtours` (
  `id` int(11) NOT NULL AUTO_INCREMENT,
  `title` varchar(255) NOT NULL DEFAULT '',
  `description` text NOT NULL,
  `ordering` int(11) NOT NULL DEFAULT 0,
  `extensions` text NOT NULL,
  `url` varchar(255) NOT NULL,
  `created` datetime NOT NULL,
  `created_by` int(11) NOT NULL DEFAULT 0,
  `modified` datetime NOT NULL,
  `modified_by` int(11) NOT NULL DEFAULT 0,
  `checked_out_time` datetime DEFAULT NULL,
  `checked_out` int(10) unsigned DEFAULT NULL,
  `published` tinyint(4) NOT NULL DEFAULT 0,
  `language` varchar(7) NOT NULL,
  `note` varchar(255) NOT NULL DEFAULT '',
  `access` int(10) unsigned NOT NULL DEFAULT 0,
  PRIMARY KEY (`id`),
  KEY `idx_access` (`access`),
  KEY `idx_state` (`published`),
  KEY `idx_language` (`language`)
) ENGINE=InnoDB AUTO_INCREMENT=12 DEFAULT CHARSET=utf8mb4 COLLATE=utf8mb4_unicode_ci;

--
-- Dumping data for table `josfs_guidedtours`
--

INSERT INTO `josfs_guidedtours` VALUES (1,'COM_GUIDEDTOURS_TOUR_GUIDEDTOURS_TITLE','COM_GUIDEDTOURS_TOUR_GUIDEDTOURS_DESCRIPTION',1,'[\"com_guidedtours\"]','administrator/index.php?option=com_guidedtours&view=tours','2023-04-20 12:55:10',0,'2023-04-20 12:55:10',0,NULL,NULL,1,'*','',1),(2,'COM_GUIDEDTOURS_TOUR_GUIDEDTOURSTEPS_TITLE','COM_GUIDEDTOURS_TOUR_GUIDEDTOURSTEPS_DESCRIPTION',2,'[\"com_guidedtours\"]','administrator/index.php?option=com_guidedtours&view=tours','2023-04-20 12:55:10',0,'2023-04-20 12:55:10',0,NULL,NULL,1,'*','',1),(3,'COM_GUIDEDTOURS_TOUR_ARTICLES_TITLE','COM_GUIDEDTOURS_TOUR_ARTICLES_DESCRIPTION',3,'[\"*\"]','administrator/index.php?option=com_content&view=articles','2023-04-20 12:55:10',0,'2023-04-20 12:55:10',0,NULL,NULL,1,'*','',1),(4,'COM_GUIDEDTOURS_TOUR_CATEGORIES_TITLE','COM_GUIDEDTOURS_TOUR_CATEGORIES_DESCRIPTION',4,'[\"*\"]','administrator/index.php?option=com_categories&view=categories&extension=com_content','2023-04-20 12:55:10',0,'2023-04-20 12:55:10',0,NULL,NULL,1,'*','',1),(5,'COM_GUIDEDTOURS_TOUR_MENUS_TITLE','COM_GUIDEDTOURS_TOUR_MENUS_DESCRIPTION',5,'[\"*\"]','administrator/index.php?option=com_menus&view=menus','2023-04-20 12:55:10',0,'2023-04-20 12:55:10',0,NULL,NULL,1,'*','',1),(6,'COM_GUIDEDTOURS_TOUR_TAGS_TITLE','COM_GUIDEDTOURS_TOUR_TAGS_DESCRIPTION',6,'[\"*\"]','administrator/index.php?option=com_tags&view=tags','2023-04-20 12:55:10',0,'2023-04-20 12:55:10',0,NULL,NULL,1,'*','',1),(7,'COM_GUIDEDTOURS_TOUR_BANNERS_TITLE','COM_GUIDEDTOURS_TOUR_BANNERS_DESCRIPTION',7,'[\"*\"]','administrator/index.php?option=com_banners&view=banners','2023-04-20 12:55:10',0,'2023-04-20 12:55:10',0,NULL,NULL,1,'*','',1),(8,'COM_GUIDEDTOURS_TOUR_CONTACTS_TITLE','COM_GUIDEDTOURS_TOUR_CONTACTS_DESCRIPTION',8,'[\"*\"]','administrator/index.php?option=com_contact&view=contacts','2023-04-20 12:55:10',0,'2023-04-20 12:55:10',0,NULL,NULL,1,'*','',1),(9,'COM_GUIDEDTOURS_TOUR_NEWSFEEDS_TITLE','COM_GUIDEDTOURS_TOUR_NEWSFEEDS_DESCRIPTION',9,'[\"*\"]','administrator/index.php?option=com_newsfeeds&view=newsfeeds','2023-04-20 12:55:10',0,'2023-04-20 12:55:10',0,NULL,NULL,1,'*','',1),(10,'COM_GUIDEDTOURS_TOUR_SMARTSEARCH_TITLE','COM_GUIDEDTOURS_TOUR_SMARTSEARCH_DESCRIPTION',10,'[\"*\"]','administrator/index.php?option=com_finder&view=filters','2023-04-20 12:55:10',0,'2023-04-20 12:55:10',0,NULL,NULL,1,'*','',1),(11,'COM_GUIDEDTOURS_TOUR_USERS_TITLE','COM_GUIDEDTOURS_TOUR_USERS_DESCRIPTION',11,'[\"*\"]','administrator/index.php?option=com_users&view=users','2023-04-20 12:55:10',0,'2023-04-20 12:55:10',0,NULL,NULL,1,'*','',1);

--
-- Table structure for table `josfs_history`
--

CREATE TABLE `josfs_history` (
  `version_id` int(10) unsigned NOT NULL AUTO_INCREMENT,
  `item_id` varchar(50) NOT NULL,
  `version_note` varchar(255) NOT NULL DEFAULT '' COMMENT 'Optional version name',
  `save_date` datetime NOT NULL,
  `editor_user_id` int(10) unsigned NOT NULL DEFAULT 0,
  `character_count` int(10) unsigned NOT NULL DEFAULT 0 COMMENT 'Number of characters in this version.',
  `sha1_hash` varchar(50) NOT NULL DEFAULT '' COMMENT 'SHA1 hash of the version_data column.',
  `version_data` mediumtext NOT NULL COMMENT 'json-encoded string of version data',
  `keep_forever` tinyint(4) NOT NULL DEFAULT 0 COMMENT '0=auto delete; 1=keep',
  PRIMARY KEY (`version_id`),
  KEY `idx_ucm_item_id` (`item_id`),
  KEY `idx_save_date` (`save_date`)
) ENGINE=InnoDB AUTO_INCREMENT=97 DEFAULT CHARSET=utf8mb4 COLLATE=utf8mb4_unicode_ci;

--
-- Dumping data for table `josfs_history`
--

INSERT INTO `josfs_history` VALUES (1,'com_tags.tag.2','','2023-04-20 15:57:56',591,497,'0d35a5dc78751368ef10d32127b51171d85fae5e','{\"id\":2,\"parent_id\":1,\"lft\":1,\"rgt\":2,\"level\":1,\"path\":\"\",\"title\":\"Milh\\u00f5es\",\"alias\":\"milhoes\",\"note\":null,\"description\":\"\",\"published\":1,\"checked_out\":null,\"checked_out_time\":null,\"access\":1,\"params\":\"{}\",\"metadesc\":\"\",\"metakey\":\"\",\"metadata\":\"{}\",\"created_user_id\":591,\"created_time\":\"2023-04-20 15:57:56\",\"created_by_alias\":null,\"modified_user_id\":591,\"modified_time\":\"2023-04-20 15:57:56\",\"images\":\"{}\",\"urls\":\"{}\",\"hits\":0,\"language\":\"*\",\"version\":1,\"publish_up\":null,\"publish_down\":null}',0),(2,'com_tags.tag.3','','2023-04-20 15:57:56',591,493,'75f88b187f5556e81f93951c9d4918d55259b0f5','{\"id\":3,\"parent_id\":1,\"lft\":3,\"rgt\":4,\"level\":1,\"path\":\"milhoes\",\"title\":\"Global\",\"alias\":\"global\",\"note\":\"\",\"description\":\"\",\"published\":1,\"checked_out\":null,\"checked_out_time\":null,\"access\":1,\"params\":\"{}\",\"metadesc\":\"\",\"metakey\":\"\",\"metadata\":\"{}\",\"created_user_id\":591,\"created_time\":\"2023-04-20 15:57:56\",\"created_by_alias\":\"\",\"modified_user_id\":591,\"modified_time\":\"2023-04-20 15:57:56\",\"images\":\"{}\",\"urls\":\"{}\",\"hits\":0,\"language\":\"*\",\"version\":2,\"publish_up\":null,\"publish_down\":null}',0),(3,'com_tags.tag.4','','2023-04-20 15:57:56',591,488,'203c4c9649f677357a563d4d96de6500e62129b2','{\"id\":4,\"parent_id\":1,\"lft\":5,\"rgt\":6,\"level\":1,\"path\":\"global\",\"title\":\"Amar\",\"alias\":\"amar\",\"note\":\"\",\"description\":\"\",\"published\":1,\"checked_out\":null,\"checked_out_time\":null,\"access\":1,\"params\":\"{}\",\"metadesc\":\"\",\"metakey\":\"\",\"metadata\":\"{}\",\"created_user_id\":591,\"created_time\":\"2023-04-20 15:57:56\",\"created_by_alias\":\"\",\"modified_user_id\":591,\"modified_time\":\"2023-04-20 15:57:56\",\"images\":\"{}\",\"urls\":\"{}\",\"hits\":0,\"language\":\"*\",\"version\":3,\"publish_up\":null,\"publish_down\":null}',0),(4,'com_tags.tag.5','','2023-04-20 15:57:56',591,494,'90b32e294f5d8f57d07e1fcaacede24d2c78ebf7','{\"id\":5,\"parent_id\":4,\"lft\":6,\"rgt\":7,\"level\":2,\"path\":\"amar\",\"title\":\"Joomla 4\",\"alias\":\"joomla-4\",\"note\":\"\",\"description\":\"\",\"published\":1,\"checked_out\":null,\"checked_out_time\":null,\"access\":1,\"params\":\"{}\",\"metadesc\":\"\",\"metakey\":\"\",\"metadata\":\"{}\",\"created_user_id\":591,\"created_time\":\"2023-04-20 15:57:56\",\"created_by_alias\":\"\",\"modified_user_id\":591,\"modified_time\":\"2023-04-20 15:57:56\",\"images\":\"{}\",\"urls\":\"{}\",\"hits\":0,\"language\":\"*\",\"version\":4,\"publish_up\":null,\"publish_down\":null}',0),(5,'com_content.category.8','','2023-04-20 15:57:56',591,474,'fe4f45a328e4ff075e1fe393c75b6b84ffec158e','{\"id\":8,\"asset_id\":116,\"parent_id\":1,\"lft\":11,\"rgt\":12,\"level\":1,\"path\":null,\"extension\":\"com_content\",\"title\":\"Blog\",\"alias\":\"blog\",\"note\":null,\"description\":\"\",\"published\":1,\"checked_out\":null,\"checked_out_time\":null,\"access\":1,\"params\":\"{\\\"workflow_id\\\":\\\"2\\\"}\",\"metadesc\":null,\"metakey\":null,\"metadata\":null,\"created_user_id\":591,\"created_time\":\"2023-04-20 15:57:56\",\"modified_user_id\":591,\"modified_time\":\"2023-04-20 15:57:56\",\"hits\":null,\"language\":\"*\",\"version\":null}',0),(6,'com_content.category.9','','2023-04-20 15:57:56',591,453,'4a53823c9149322f208f42ba28047fd2eddb2955','{\"id\":9,\"asset_id\":117,\"parent_id\":1,\"lft\":13,\"rgt\":14,\"level\":1,\"path\":null,\"extension\":\"com_content\",\"title\":\"Help\",\"alias\":\"help\",\"note\":null,\"description\":\"\",\"published\":1,\"checked_out\":null,\"checked_out_time\":null,\"access\":1,\"params\":\"{}\",\"metadesc\":null,\"metakey\":null,\"metadata\":null,\"created_user_id\":591,\"created_time\":\"2023-04-20 15:57:56\",\"modified_user_id\":591,\"modified_time\":\"2023-04-20 15:57:56\",\"hits\":null,\"language\":\"*\",\"version\":null}',0),(7,'com_content.category.10','','2023-04-20 15:57:56',591,458,'2ec3d6008bf117aaff47faf4a9b01c25143be2a8','{\"id\":10,\"asset_id\":118,\"parent_id\":1,\"lft\":15,\"rgt\":16,\"level\":1,\"path\":null,\"extension\":\"com_content\",\"title\":\"Joomla\",\"alias\":\"joomla\",\"note\":null,\"description\":\"\",\"published\":1,\"checked_out\":null,\"checked_out_time\":null,\"access\":1,\"params\":\"{}\",\"metadesc\":null,\"metakey\":null,\"metadata\":null,\"created_user_id\":591,\"created_time\":\"2023-04-20 15:57:56\",\"modified_user_id\":591,\"modified_time\":\"2023-04-20 15:57:56\",\"hits\":null,\"language\":\"*\",\"version\":null}',0),(8,'com_content.category.11','','2023-04-20 15:57:56',591,466,'cfe13aa03a469386d31edeb99bc4df10f9e33e7f','{\"id\":11,\"asset_id\":119,\"parent_id\":1,\"lft\":17,\"rgt\":18,\"level\":1,\"path\":null,\"extension\":\"com_content\",\"title\":\"Tipografia\",\"alias\":\"tipografia\",\"note\":null,\"description\":\"\",\"published\":1,\"checked_out\":null,\"checked_out_time\":null,\"access\":1,\"params\":\"{}\",\"metadesc\":null,\"metakey\":null,\"metadata\":null,\"created_user_id\":591,\"created_time\":\"2023-04-20 15:57:56\",\"modified_user_id\":591,\"modified_time\":\"2023-04-20 15:57:56\",\"hits\":null,\"language\":\"*\",\"version\":null}',0),(9,'com_content.article.1','','2023-04-20 15:57:56',591,692,'901a73fcfeaae8d71fdf9da8da668214c06ab033','{\"id\":1,\"asset_id\":120,\"title\":\"Sobre\",\"alias\":\"sobre\",\"introtext\":\"<p>Aqui se fala um pouco sobre este blog e a pessoa que o escreve.<\\/p> <p>Quando estiver logado, ser\\u00e1 poss\\u00edvel editar esta p\\u00e1gina, clicando no \\u00edcone de edi\\u00e7\\u00e3o.<\\/p>\",\"fulltext\":\"\",\"state\":1,\"catid\":9,\"created\":\"2023-04-20 15:57:56\",\"created_by\":591,\"created_by_alias\":\"Joomla\",\"modified\":\"2023-04-20 15:57:56\",\"modified_by\":591,\"checked_out\":null,\"checked_out_time\":null,\"publish_up\":\"2023-04-20 15:57:56\",\"publish_down\":null,\"images\":\"\",\"urls\":\"{}\",\"attribs\":\"{}\",\"version\":1,\"ordering\":0,\"metakey\":\"\",\"metadesc\":\"\",\"access\":1,\"hits\":0,\"metadata\":\"{}\",\"featured\":0,\"language\":\"*\",\"note\":null}',0),(10,'com_content.article.2','','2023-04-20 15:57:56',591,2885,'a37596804eb728787382be142b1b5b37d1bf39ce','{\"id\":2,\"asset_id\":121,\"title\":\"Trabalhando em seu Site\",\"alias\":\"trabalhando-em-seu-site\",\"introtext\":\"<p>Aqui est\\u00e3o algumas dicas b\\u00e1sicas para trabalhar em seu site.<\\/p><ul><li>Joomla! tem um \'front-end\' (\\u00e1rea de visitantes) que voc\\u00ea est\\u00e1 olhando agora e um \'administrador\' ou \'back-end\', que \\u00e9 onde voc\\u00ea faz o trabalho mais avan\\u00e7ado de criar seu site, como configurar os menus e decidir quais m\\u00f3dulos exibir. Voc\\u00ea precisa fazer login com o administrador separadamente usando o mesmo nome de usu\\u00e1rio e senha que voc\\u00ea usou para fazer login nesta parte do site.<\\/li><li>Uma das primeiras coisas que voc\\u00ea provavelmente vai querer fazer \\u00e9 alterar o t\\u00edtulo e a linha da tag do site e adicionar um logotipo. Para fazer isso, acesse Configura\\u00e7\\u00f5es do Modelo (Template) no menu que \\u00e9 vis\\u00edvel se voc\\u00ea entrar. Para alterar a descri\\u00e7\\u00e3o do seu site, t\\u00edtulo do navegador, e-mail padr\\u00e3o e outros itens, selecione Configura\\u00e7\\u00f5es do Site. Mais op\\u00e7\\u00f5es de configura\\u00e7\\u00f5es avan\\u00e7adas est\\u00e3o dispon\\u00edveis no administrador.<\\/li><li>Para alterar totalmente a apar\\u00eancia do seu site, voc\\u00ea provavelmente vai querer instalar um novo template. V\\u00e1 em Sistema, selecione Instalar - Extens\\u00f5es e o instalador de extens\\u00e3o ser\\u00e1 aberto. H\\u00e1 muitos templates gratuitos e pagos dispon\\u00edveis para Joomla.<\\/li><li>Como voc\\u00ea j\\u00e1 deve saber, voc\\u00ea pode controlar quem pode ver diferentes partes do seu site. Quando voc\\u00ea trabalha com m\\u00f3dulos e artigos, definir o n\\u00edvel de Acesso para Usu\\u00e1rios Registrados significa que apenas usu\\u00e1rios logados podem v\\u00ea-los.<\\/li><li>Quando voc\\u00ea cria um novo artigo ou outro tipo de conte\\u00fado voc\\u00ea tamb\\u00e9m pode salv\\u00e1-lo como Publicado ou Despublicado. Se voc\\u00ea o salvar como Despublicado, visitantes do site n\\u00e3o poder\\u00e3o v\\u00ea-lo, mas voc\\u00ea ir\\u00e1 v\\u00ea-lo.<\\/li><li>Voc\\u00ea pode aprender muito mais sobre Joomla no <a href=\'https:\\/\\/docs.joomla.org\\/\'>site de documenta\\u00e7\\u00e3o Joomla<\\/a> e obter ajuda de outros usu\\u00e1rios nos <a href=\'https:\\/\\/forum.joomla.org\\/\'>f\\u00f3runs Joomla<\\/a>. No administrador existem bot\\u00f5es de ajuda em cada p\\u00e1gina que fornecem informa\\u00e7\\u00f5es detalhadas sobre as fun\\u00e7\\u00f5es nessa p\\u00e1gina.<\\/li><\\/ul>\",\"fulltext\":\"\",\"state\":1,\"catid\":9,\"created\":\"2023-04-20 15:57:56\",\"created_by\":591,\"created_by_alias\":\"Joomla\",\"modified\":\"2023-04-20 15:57:56\",\"modified_by\":591,\"checked_out\":null,\"checked_out_time\":null,\"publish_up\":\"2023-04-20 15:57:56\",\"publish_down\":null,\"images\":\"\",\"urls\":\"{}\",\"attribs\":\"{}\",\"version\":1,\"ordering\":0,\"metakey\":\"\",\"metadesc\":\"\",\"access\":3,\"hits\":0,\"metadata\":\"{}\",\"featured\":0,\"language\":\"*\",\"note\":null}',0),(11,'com_content.article.3','','2023-04-20 15:57:56',591,1736,'ebaea16fd4eb730c78578f171e4e5d7688b258a7','{\"id\":3,\"asset_id\":122,\"title\":\"Bem-vindo ao seu blog\",\"alias\":\"bem-vindo-ao-seu-blog\",\"introtext\":\"<p>Este \\u00e9 um exemplo de postagem.<\\/p><p>Se voc\\u00ea acessar o site (link para Login do Administrador est\\u00e1 no final desta p\\u00e1gina), poder\\u00e1 editar o mesmo e todos os outros artigos existentes. Voc\\u00ea tamb\\u00e9m poder\\u00e1 criar um novo artigo e fazer outras altera\\u00e7\\u00f5es no site.<\\/p><p>\\u00c0 medida que adicionar e modificar artigos, voc\\u00ea ver\\u00e1 como seu site muda e tamb\\u00e9m como pode personaliz\\u00e1-lo de v\\u00e1rias maneiras.<\\/p><p>V\\u00e1 em frente, voc\\u00ea n\\u00e3o pode parar.<\\/p>\",\"fulltext\":\"\",\"state\":1,\"catid\":8,\"created\":\"2023-04-20 15:57:56\",\"created_by\":591,\"created_by_alias\":\"Joomla\",\"modified\":\"2023-04-20 15:57:56\",\"modified_by\":591,\"checked_out\":null,\"checked_out_time\":null,\"publish_up\":\"2023-04-20 15:57:56\",\"publish_down\":null,\"images\":\"{\\\"image_intro\\\":\\\"images\\\\\\/sampledata\\\\\\/cassiopeia\\\\\\/nasa1-1200.jpg#joomlaImage:\\\\\\/\\\\\\/local-images\\\\\\/sampledata\\\\\\/cassiopeia\\\\\\/nasa1-1200.jpg?width=1200&height=400\\\",\\\"float_intro\\\":\\\"\\\",\\\"image_intro_alt\\\":\\\"Incr\\\\u00edvel Gal\\\\u00e1xia de Andr\\\\u00f4meda\\\",\\\"image_intro_alt_empty\\\":\\\"\\\",\\\"image_intro_caption\\\":\\\"\\\",\\\"image_fulltext\\\":\\\"images\\\\\\/sampledata\\\\\\/cassiopeia\\\\\\/nasa1-400.jpg#joomlaImage:\\\\\\/\\\\\\/local-images\\\\\\/sampledata\\\\\\/cassiopeia\\\\\\/nasa1-400.jpg?width=400&height=400\\\",\\\"float_fulltext\\\":\\\"float-start\\\",\\\"image_fulltext_alt\\\":\\\"\\\",\\\"image_fulltext_alt_empty\\\":1,\\\"image_fulltext_caption\\\":\\\"www.nasa.gov\\\\\\/multimedia\\\\\\/imagegallery\\\"}\",\"urls\":\"{}\",\"attribs\":\"{}\",\"version\":1,\"ordering\":0,\"metakey\":\"\",\"metadesc\":\"\",\"access\":1,\"hits\":0,\"metadata\":\"{}\",\"featured\":1,\"language\":\"*\",\"note\":null}',0),(12,'com_content.article.4','','2023-04-20 15:57:56',591,2029,'2b1395993e4b053853ce75a3ecdea9234f8fde6a','{\"id\":4,\"asset_id\":123,\"title\":\"Sobre sua p\\u00e1gina principal\",\"alias\":\"sobre-sua-pagina-principal\",\"introtext\":\"<p>Sua p\\u00e1gina inicial est\\u00e1 configurada para exibir os quatro artigos mais recentes da categoria blog em uma coluna. Depois h\\u00e1 links para os pr\\u00f3ximos dois artigos mais antigos. Voc\\u00ea pode alterar esses n\\u00fameros editando as configura\\u00e7\\u00f5es de op\\u00e7\\u00f5es de conte\\u00fado na aba blog no administrador do seu site. Se estiver logado, existe um link para o administrador do seu site.<\\/p><p>Se voc\\u00ea quiser que seu post no blog seja dividido em duas partes, uma introdu\\u00e7\\u00e3o e depois uma p\\u00e1gina separada com conte\\u00fado completo, use o recurso Leia Mais para inserir uma quebra no texto.<\\/p>\",\"fulltext\":\"<p>Na p\\u00e1gina completa, voc\\u00ea ver\\u00e1 tanto o conte\\u00fado introdut\\u00f3rio como o restante do artigo. Voc\\u00ea pode alterar as configura\\u00e7\\u00f5es para ocultar a introdu\\u00e7\\u00e3o, se quiser.<\\/p>\",\"state\":1,\"catid\":8,\"created\":\"2023-04-20 15:57:56\",\"created_by\":591,\"created_by_alias\":\"Joomla\",\"modified\":\"2023-04-20 15:57:56\",\"modified_by\":591,\"checked_out\":null,\"checked_out_time\":null,\"publish_up\":\"2023-04-20 15:57:56\",\"publish_down\":null,\"images\":\"{\\\"image_intro\\\":\\\"images\\\\\\/sampledata\\\\\\/cassiopeia\\\\\\/nasa2-1200.jpg#joomlaImage:\\\\\\/\\\\\\/local-images\\\\\\/sampledata\\\\\\/cassiopeia\\\\\\/nasa2-1200.jpg?width=1200&height=400\\\",\\\"float_intro\\\":\\\"\\\",\\\"image_intro_alt\\\":\\\"\\\",\\\"image_intro_alt_empty\\\":1,\\\"image_intro_caption\\\":\\\"\\\",\\\"image_fulltext\\\":\\\"images\\\\\\/sampledata\\\\\\/cassiopeia\\\\\\/nasa2-400.jpg#joomlaImage:\\\\\\/\\\\\\/local-images\\\\\\/sampledata\\\\\\/cassiopeia\\\\\\/nasa2-400.jpg?width=400&height=400\\\",\\\"float_fulltext\\\":\\\"float-start\\\",\\\"image_fulltext_alt\\\":\\\"\\\",\\\"image_fulltext_alt_empty\\\":1,\\\"image_fulltext_caption\\\":\\\"www.nasa.gov\\\\\\/multimedia\\\\\\/imagegallery\\\"}\",\"urls\":\"{}\",\"attribs\":\"{}\",\"version\":1,\"ordering\":0,\"metakey\":\"\",\"metadesc\":\"\",\"access\":1,\"hits\":0,\"metadata\":\"{}\",\"featured\":1,\"language\":\"*\",\"note\":null}',0),(13,'com_content.article.5','','2023-04-20 15:57:56',591,2621,'03d5500692254a6afae36e88615b7596f3ce309b','{\"id\":5,\"asset_id\":124,\"title\":\"Seus M\\u00f3dulos\",\"alias\":\"seus-modulos\",\"introtext\":\"<p>Seu site possui alguns m\\u00f3dulos pr\\u00e9-configurados e usados com frequ\\u00eancia. S\\u00e3o eles:<\\/p><ul><li>Modulo de Imagem, que mant\\u00eam a imagem abaixo do menu. Este \\u00e9 um m\\u00f3dulo personalizado que voc\\u00ea pode editar para alterar a imagem.<\\/li><li>Postagens Mais Lidas, s\\u00e3o listadas com base no n\\u00famero de vezes que foram lidas.<\\/li><li>Artigos mais antigos, que listam artigos por m\\u00eas.<\\/li><li>Syndicate que permite que seus leitores leiam as suas postagens em um leitor de not\\u00edcias RSS.<\\/li><li>Tags Populares, que aparecer\\u00e3o se voc\\u00ea usar tags em seus artigos. Informe uma etiqueta no campo Tags quando editar.<\\/li><\\/ul><p>cada um destes m\\u00f3dulos tem muitas op\\u00e7\\u00f5es com as quais voc\\u00ea pode experimentar no Gerenciador de M\\u00f3dulos no Administrador do seu site. Quando estiver conectado, voc\\u00ea tamb\\u00e9m pode selecionar o \\u00edcone de edi\\u00e7\\u00e3o no canto superior direito, que levar\\u00e1 voc\\u00ea a uma tela de edi\\u00e7\\u00e3o para esse m\\u00f3dulo. Sempre certifique-se de salvar e fechar qualquer m\\u00f3dulo que voc\\u00ea editar.<\\/p><p>Joomla! tamb\\u00e9m inclui muitos outros m\\u00f3dulos que voc\\u00ea pode incorporar no seu site. Conforme voc\\u00ea desenvolve seu site, voc\\u00ea pode querer adicionar mais m\\u00f3dulos que voc\\u00ea possa encontrar no <a href=\'https:\\/\\/extensions.joomla.org\\/\'>Diret\\u00f3rio de Extens\\u00f5es do Joomla.<\\/a><\\/p>\",\"fulltext\":\"\",\"state\":1,\"catid\":8,\"created\":\"2023-04-20 15:57:56\",\"created_by\":591,\"created_by_alias\":\"Joomla\",\"modified\":\"2023-04-20 15:57:56\",\"modified_by\":591,\"checked_out\":null,\"checked_out_time\":null,\"publish_up\":\"2023-04-20 15:57:56\",\"publish_down\":null,\"images\":\"{\\\"image_intro\\\":\\\"images\\\\\\/sampledata\\\\\\/cassiopeia\\\\\\/nasa3-1200.jpg#joomlaImage:\\\\\\/\\\\\\/local-images\\\\\\/sampledata\\\\\\/cassiopeia\\\\\\/nasa3-1200.jpg?width=1200&height=400\\\",\\\"float_intro\\\":\\\"\\\",\\\"image_intro_alt\\\":\\\"\\\",\\\"image_intro_alt_empty\\\":1,\\\"image_intro_caption\\\":\\\"\\\",\\\"image_fulltext\\\":\\\"images\\\\\\/sampledata\\\\\\/cassiopeia\\\\\\/nasa3-400.jpg#joomlaImage:\\\\\\/\\\\\\/local-images\\\\\\/sampledata\\\\\\/cassiopeia\\\\\\/nasa3-400.jpg?width=400&height=400\\\",\\\"float_fulltext\\\":\\\"float-start\\\",\\\"image_fulltext_alt\\\":\\\"N\\\\u00e9bula de Caranguejo\\\",\\\"image_fulltext_alt_empty\\\":\\\"\\\",\\\"image_fulltext_caption\\\":\\\"www.nasa.gov\\\\\\/multimedia\\\\\\/imagegallery\\\"}\",\"urls\":\"{}\",\"attribs\":\"{}\",\"version\":1,\"ordering\":0,\"metakey\":\"\",\"metadesc\":\"\",\"access\":1,\"hits\":0,\"metadata\":\"{}\",\"featured\":1,\"language\":\"*\",\"note\":null}',0),(14,'com_content.article.6','','2023-04-20 15:57:56',591,1780,'17312fc8438c6b3cb77b7031ddc94ef7e92cd69e','{\"id\":6,\"asset_id\":125,\"title\":\"Seu Tema\",\"alias\":\"seu-tema\",\"introtext\":\"<p>Os templates controlam a apar\\u00eancia do seu site.<\\/p><p>Este blog est\\u00e1 instalado com o template Cassiopeia.<\\/p><p>Voc\\u00ea pode editar as op\\u00e7\\u00f5es selecionando \\\"Trabalhando no Seu Site\\\", Link das Configura\\u00e7\\u00f5es do Tema no menu que est\\u00e1 vis\\u00edvel quando voc\\u00ea faz o login.<\\/p><p>Por exemplo, voc\\u00ea pode alterar a cor de fundo do site, cor de destaque, t\\u00edtulo do site, descri\\u00e7\\u00e3o do site e fonte de t\\u00edtulo em uso.<\\/p><p>Mais op\\u00e7\\u00f5es est\\u00e3o dispon\\u00edveis no administrador do site. Voc\\u00ea tamb\\u00e9m pode instalar um novo tema usando o gerenciador de extens\\u00f5es.<\\/p>\",\"fulltext\":\"\",\"state\":1,\"catid\":8,\"created\":\"2023-04-20 15:57:56\",\"created_by\":591,\"created_by_alias\":\"Joomla\",\"modified\":\"2023-04-20 15:57:56\",\"modified_by\":591,\"checked_out\":null,\"checked_out_time\":null,\"publish_up\":\"2023-04-20 15:57:56\",\"publish_down\":null,\"images\":\"{\\\"image_intro\\\":\\\"images\\\\\\/sampledata\\\\\\/cassiopeia\\\\\\/nasa4-1200.jpg#joomlaImage:\\\\\\/\\\\\\/local-images\\\\\\/sampledata\\\\\\/cassiopeia\\\\\\/nasa4-1200.jpg?width=1200&height=400\\\",\\\"float_intro\\\":\\\"\\\",\\\"image_intro_alt\\\":\\\"\\\",\\\"image_intro_alt_empty\\\":1,\\\"image_intro_caption\\\":\\\"\\\",\\\"image_fulltext\\\":\\\"images\\\\\\/sampledata\\\\\\/cassiopeia\\\\\\/nasa4-400.jpg#joomlaImage:\\\\\\/\\\\\\/local-images\\\\\\/sampledata\\\\\\/cassiopeia\\\\\\/nasa4-400.jpg?width=400&height=400\\\",\\\"float_fulltext\\\":\\\"float-start\\\",\\\"image_fulltext_alt\\\":\\\"\\\",\\\"image_fulltext_alt_empty\\\":1,\\\"image_fulltext_caption\\\":\\\"www.nasa.gov\\\\\\/multimedia\\\\\\/imagegallery\\\"}\",\"urls\":\"{}\",\"attribs\":\"{}\",\"version\":1,\"ordering\":0,\"metakey\":\"\",\"metadesc\":\"\",\"access\":1,\"hits\":0,\"metadata\":\"{}\",\"featured\":1,\"language\":\"*\",\"note\":null}',0),(17,'com_content.article.9','','2023-04-20 15:57:56',591,1314,'6a8eb259bc4a5ddd2f35942f03bcbd9dc9d33687','{\"id\":9,\"asset_id\":128,\"title\":\"Joomla\",\"alias\":\"joomla\",\"introtext\":\"<p><strong>Orgulhosamente apresentamos a vers\\u00e3o 4 do Joomla.<\\/strong><\\/p><p>Saiba mais sobre fluxos de trabalho no Joomla.<\\/p>\",\"fulltext\":\"<p>Cupcake ipsum dolor. Sit amet cotton candy ice cream sesame snaps cake marshmallow powder. Ice cream chocolate cake marshmallow halvah bonbon. Drag\\u00e9e carrot cake danish candy muffin brownie. Candy sugar plum ice cream chupa chups macaroon tiramisu souffl\\u00e9 oat cake. Topping cheesecake lollipop gummi bears icing sweet roll donut liquorice. Pie jelly-o candy donut oat cake cotton candy. <\\/p>\",\"state\":1,\"catid\":10,\"created\":\"2023-04-20 15:57:56\",\"created_by\":591,\"created_by_alias\":\"Joomla\",\"modified\":\"2023-04-20 15:57:56\",\"modified_by\":591,\"checked_out\":null,\"checked_out_time\":null,\"publish_up\":\"2023-04-20 15:57:56\",\"publish_down\":null,\"images\":\"{\\\"image_intro\\\":\\\"images\\\\\\/sampledata\\\\\\/cassiopeia\\\\\\/nasa3-640.jpg#joomlaImage:\\\\\\/\\\\\\/local-images\\\\\\/sampledata\\\\\\/cassiopeia\\\\\\/nasa3-640.jpg?width=640&height=320\\\",\\\"float_intro\\\":\\\"\\\",\\\"image_intro_alt\\\":\\\"\\\",\\\"image_intro_alt_empty\\\":1,\\\"image_intro_caption\\\":\\\"\\\"}\",\"urls\":\"{}\",\"attribs\":\"{}\",\"version\":1,\"ordering\":0,\"metakey\":\"\",\"metadesc\":\"\",\"access\":1,\"hits\":0,\"metadata\":\"{}\",\"featured\":0,\"language\":\"*\",\"note\":null}',0),(18,'com_content.article.10','','2023-04-20 15:57:56',591,1270,'e574f670596eb730c6dc395baff39d98b436b256','{\"id\":10,\"asset_id\":129,\"title\":\"Novo recurso: Workflows\",\"alias\":\"novo-recurso-workflows\",\"introtext\":\"<p>Os fluxos de trabalho gerem as etapas que os seus artigos devem passar at\\u00e9 que sejam publicados.<br>Ativ\\u00e1mos um fluxo de trabalho para o blog de conte\\u00fados de exemplo.<br>Na administra\\u00e7\\u00e3o processe os seus artigos pelas diferentes etapas.<\\/p>\",\"fulltext\":\"\",\"state\":1,\"catid\":9,\"created\":\"2023-04-20 15:57:56\",\"created_by\":591,\"created_by_alias\":\"Joomla\",\"modified\":\"2023-04-20 15:57:56\",\"modified_by\":591,\"checked_out\":null,\"checked_out_time\":null,\"publish_up\":\"2023-04-20 15:57:56\",\"publish_down\":null,\"images\":\"{\\\"image_intro\\\":\\\"\\\",\\\"float_intro\\\":\\\"\\\",\\\"image_intro_alt\\\":\\\"\\\",\\\"image_intro_alt_empty\\\":\\\"\\\",\\\"image_intro_caption\\\":\\\"\\\",\\\"image_fulltext\\\":\\\"images\\\\\\/sampledata\\\\\\/cassiopeia\\\\\\/nasa4-400.jpg#joomlaImage:\\\\\\/\\\\\\/local-images\\\\\\/sampledata\\\\\\/cassiopeia\\\\\\/nasa4-400.jpg?width=400&height=400\\\",\\\"float_fulltext\\\":\\\"float-end\\\",\\\"image_fulltext_alt\\\":\\\"\\\",\\\"image_fulltext_alt_empty\\\":1,\\\"image_fulltext_caption\\\":\\\"www.nasa.gov\\\\\\/multimedia\\\\\\/imagegallery\\\"}\",\"urls\":\"{}\",\"attribs\":\"{}\",\"version\":1,\"ordering\":0,\"metakey\":\"\",\"metadesc\":\"\",\"access\":1,\"hits\":0,\"metadata\":\"{}\",\"featured\":0,\"language\":\"*\",\"note\":null}',0),(19,'com_content.article.11','','2023-04-20 15:57:56',591,3308,'7cd78a794fe8fbb8240a81e520a96b8a3b71ee9e','{\"id\":11,\"asset_id\":130,\"title\":\"Tipografia\",\"alias\":\"tipografia\",\"introtext\":\"<h1>Esquema de cores<\\/h1> <p> <span class=\\\"btn btn-secondary\\\">secondary<\\/span>   <span class=\\\"btn btn-primary\\\">primary<\\/span>   <span class=\\\"btn btn-info\\\">info<\\/span>   <span class=\\\"btn btn-success\\\">success<\\/span>   <span class=\\\"btn btn-warning\\\">warning<\\/span>   <span class=\\\"btn btn-danger\\\">danger<\\/span> <\\/p> <p><span class=\\\"text text-secondary\\\">text-secondary<\\/span>  <span class=\\\"text text-primary\\\">text-primary<\\/span>  <span class=\\\"text text-info\\\">text-info<\\/span>  <span class=\\\"text text-success\\\">text-success<\\/span>  <span class=\\\"text text-warning\\\">text-warning<\\/span>  <span class=\\\"text text-danger\\\">text-danger<\\/span><\\/p><h1>Tipografia (h1)<\\/h1><p>Lorem ipsum dolor sit amet, consectetuer adipiscing elit, sed diam nonummy nibh euismod tincidunt ut laoreet dolore magna aliquam erat volutpat. Ut wisi enim ad minim veniam, quis nostrud exerci tation ullamcorper suscipit lobortis nisl ut aliquip ex. (p)<\\/p><h2>Lorem Ipsum Dolor Sit Amet (h2)<\\/h2><p><strong>Lorem ipsum dolor sit amet, consectetuer adipiscing elit <\\/strong> (strong), sed diam nonummy nibh euismod tincidunt ut laoreet dolore magna aliquam erat volutpat. Ut wisi enim ad minim veniam, quis nostrud exerci tation ullamcorper suscipit lobortis nisl ut aliquip ex. (p)<\\/p><h3>Lorem Ipsum Dolor Sit Amet (h3)<\\/h3><p>Lorem ipsum dolor sit amet, consectetuer adipiscing elit, sed diam nonummy nibh euismod tincidunt ut laoreet dolore magna aliquam erat volutpat. Ut wisi enim ad minim veniam, quis nostrud exerci tation ullamcorper suscipit lobortis nisl ut aliquip ex. (p)<\\/p><h4>Lorem Ipsum Dolor Sit Amet (h4)<\\/h4><p>Lorem ipsum dolor sit amet, consectetuer adipiscing elit, sed diam nonummy nibh euismod tincidunt ut laoreet dolore magna aliquam erat volutpat. Ut wisi enim ad minim veniam, quis nostrud exerci tation ullamcorper suscipit lobortis nisl ut aliquip ex. (p)<\\/p><h5>Lorem Ipsum Dolor Sit Amet (h5)<\\/h5><p>Lorem ipsum dolor sit amet, consectetuer adipiscing elit, sed diam nonummy nibh euismod tincidunt ut laoreet dolore magna aliquam erat volutpat. Ut wisi enim ad minim veniam, quis nostrud exerci tation ullamcorper suscipit lobortis nisl ut aliquip ex. (p)<\\/p> <p><a href=\\\"index.php\\\"> Lorem ipsum dolor (a)<\\/a><\\/p><h1>Listas<\\/h1> <p>(ol)(li)<\\/p> <ol> <li>Lorem ipsum dolor sit amet consectetur<\\/li> <li>Lorem ipsum dolor sit amet consectetur<\\/li> <\\/ol> <p>(ul)(li)<\\/p> <ul> <li>Lorem ipsum dolor sit amet consectetur<\\/li> <li>Lorem ipsum dolor sit amet consectetur<\\/li> <\\/ul> <h1>Visuais<\\/h1><p class=\\\"display-1\\\">Lorem (display-1)<\\/p><p class=\\\"display-2\\\">Lorem (display-2)<\\/p><p class=\\\"display-3\\\">Lorem ipsum (display-3)<\\/p><p class=\\\"display-4\\\">Lorem ipsum (display-4)<\\/p><p class=\\\"lead\\\">Lorem ipsum arma virumque cano (lead)<\\/p>\",\"fulltext\":\"\",\"state\":1,\"catid\":11,\"created\":\"2023-04-20 15:57:56\",\"created_by\":591,\"created_by_alias\":\"Joomla\",\"modified\":\"2023-04-20 15:57:56\",\"modified_by\":591,\"checked_out\":null,\"checked_out_time\":null,\"publish_up\":\"2023-04-20 15:57:56\",\"publish_down\":null,\"images\":\"\",\"urls\":\"{}\",\"attribs\":\"{}\",\"version\":1,\"ordering\":0,\"metakey\":\"\",\"metadesc\":\"\",\"access\":1,\"hits\":0,\"metadata\":\"{}\",\"featured\":0,\"language\":\"*\",\"note\":null}',0),(20,'com_content.category.12','','2023-04-22 13:56:30',591,746,'8ba3cb6bbb8cb2b4b6f9450298335a8d6b7c6da1','{\"id\":12,\"asset_id\":146,\"parent_id\":1,\"lft\":19,\"rgt\":20,\"level\":1,\"path\":null,\"extension\":\"com_content\",\"title\":\"Ci\\u00eancias Exatas e da Natureza\",\"alias\":\"ciencias-exatas-e-da-natureza\",\"note\":\"\",\"description\":\"<p>Publica\\u00e7\\u00f5es nas \\u00e1reas de Matem\\u00e1tica, Estat\\u00edstica, F\\u00edsica, Qu\\u00edmica, Ci\\u00eancias Biol\\u00f3gicas e Geografia.<\\/p>\",\"published\":\"1\",\"checked_out\":null,\"checked_out_time\":null,\"access\":1,\"params\":\"{\\\"category_layout\\\":\\\"\\\",\\\"image\\\":\\\"\\\",\\\"image_alt\\\":\\\"\\\"}\",\"metadesc\":\"\",\"metakey\":\"\",\"metadata\":\"{\\\"author\\\":\\\"\\\",\\\"robots\\\":\\\"\\\"}\",\"created_user_id\":591,\"created_time\":\"2023-04-22 13:56:30\",\"modified_user_id\":591,\"modified_time\":\"2023-04-22 13:56:30\",\"hits\":null,\"language\":\"*\",\"version\":null}',0),(21,'com_tags.tag.6','','2023-04-22 13:58:26',591,501,'6c048b2e0ec2b869275b670e4dd608b2199a5368','{\"id\":6,\"parent_id\":1,\"lft\":9,\"rgt\":10,\"level\":1,\"path\":\"biologia\",\"title\":\"Biologia\",\"alias\":\"biologia\",\"note\":\"\",\"description\":\"\",\"published\":1,\"checked_out\":null,\"checked_out_time\":null,\"access\":1,\"params\":\"{}\",\"metadesc\":\"\",\"metakey\":\"\",\"metadata\":\"{}\",\"created_user_id\":591,\"created_time\":\"2023-04-22 13:58:26\",\"created_by_alias\":\"\",\"modified_user_id\":591,\"modified_time\":\"2023-04-22 13:58:26\",\"images\":\"{}\",\"urls\":\"{}\",\"hits\":0,\"language\":\"*\",\"version\":\"1\",\"publish_up\":null,\"publish_down\":null}',0),(22,'com_tags.tag.7','','2023-04-22 13:58:26',591,502,'d5ba2fedbf2c8c1945edb18d438c3e498b06f5b5','{\"id\":7,\"parent_id\":1,\"lft\":11,\"rgt\":12,\"level\":1,\"path\":\"natureza\",\"title\":\"Natureza\",\"alias\":\"natureza\",\"note\":\"\",\"description\":\"\",\"published\":1,\"checked_out\":null,\"checked_out_time\":null,\"access\":1,\"params\":\"{}\",\"metadesc\":\"\",\"metakey\":\"\",\"metadata\":\"{}\",\"created_user_id\":591,\"created_time\":\"2023-04-22 13:58:26\",\"created_by_alias\":\"\",\"modified_user_id\":591,\"modified_time\":\"2023-04-22 13:58:26\",\"images\":\"{}\",\"urls\":\"{}\",\"hits\":0,\"language\":\"*\",\"version\":\"1\",\"publish_up\":null,\"publish_down\":null}',0),(23,'com_content.category.13','','2023-04-22 13:58:26',591,603,'7b60a4ecbe6f238c3db35e2f4c7c71ba54a329d9','{\"id\":13,\"asset_id\":147,\"parent_id\":12,\"lft\":20,\"rgt\":21,\"level\":2,\"path\":null,\"extension\":\"com_content\",\"title\":\"Biologia\",\"alias\":\"biologia\",\"note\":\"\",\"description\":\"<p>Publica\\u00e7\\u00f5es na \\u00e1rea de Biologia.<\\/p>\",\"published\":\"1\",\"checked_out\":null,\"checked_out_time\":null,\"access\":1,\"params\":\"{\\\"category_layout\\\":\\\"\\\",\\\"image\\\":\\\"\\\",\\\"image_alt\\\":\\\"\\\"}\",\"metadesc\":\"\",\"metakey\":\"\",\"metadata\":\"{\\\"author\\\":\\\"\\\",\\\"robots\\\":\\\"\\\"}\",\"created_user_id\":591,\"created_time\":\"2023-04-22 13:58:26\",\"modified_user_id\":591,\"modified_time\":\"2023-04-22 13:58:26\",\"hits\":null,\"language\":\"*\",\"version\":null}',0),(24,'com_content.category.14','','2023-04-22 14:11:09',591,602,'355576f27e4da74fa7be8543dd0691f98dbe9f59','{\"id\":14,\"asset_id\":148,\"parent_id\":1,\"lft\":23,\"rgt\":24,\"level\":1,\"path\":null,\"extension\":\"com_content\",\"title\":\"Ecologia\",\"alias\":\"ecologia\",\"note\":\"\",\"description\":\"<p>Publica\\u00e7\\u00f5es na \\u00e1rea de Ecologia.<\\/p>\",\"published\":\"1\",\"checked_out\":null,\"checked_out_time\":null,\"access\":1,\"params\":\"{\\\"category_layout\\\":\\\"\\\",\\\"image\\\":\\\"\\\",\\\"image_alt\\\":\\\"\\\"}\",\"metadesc\":\"\",\"metakey\":\"\",\"metadata\":\"{\\\"author\\\":\\\"\\\",\\\"robots\\\":\\\"\\\"}\",\"created_user_id\":591,\"created_time\":\"2023-04-22 14:11:09\",\"modified_user_id\":591,\"modified_time\":\"2023-04-22 14:11:09\",\"hits\":null,\"language\":\"*\",\"version\":null}',0),(25,'com_content.category.14','','2023-04-22 14:12:25',591,623,'9ae21fb2e63d07eb848f32ff21ccfec48d7d14af','{\"id\":\"14\",\"asset_id\":148,\"parent_id\":12,\"lft\":22,\"rgt\":23,\"level\":2,\"path\":\"ecologia\",\"extension\":\"com_content\",\"title\":\"Ecologia\",\"alias\":\"ecologia\",\"note\":\"\",\"description\":\"<p>Publica\\u00e7\\u00f5es na \\u00e1rea de Ecologia.<\\/p>\",\"published\":\"1\",\"checked_out\":591,\"checked_out_time\":\"2023-04-22 14:12:17\",\"access\":1,\"params\":\"{\\\"category_layout\\\":\\\"\\\",\\\"image\\\":\\\"\\\",\\\"image_alt\\\":\\\"\\\"}\",\"metadesc\":\"\",\"metakey\":\"\",\"metadata\":\"{\\\"author\\\":\\\"\\\",\\\"robots\\\":\\\"\\\"}\",\"created_user_id\":\"591\",\"created_time\":\"2023-04-22 14:11:09\",\"modified_user_id\":591,\"modified_time\":\"2023-04-22 14:12:25\",\"hits\":0,\"language\":\"*\",\"version\":1}',0),(26,'com_tags.tag.8','','2023-04-22 19:33:52',591,502,'a7aa4b035358d342ac6e070a77c30e7556c30d38','{\"id\":8,\"parent_id\":1,\"lft\":13,\"rgt\":14,\"level\":1,\"path\":\"ecologia\",\"title\":\"Ecologia\",\"alias\":\"ecologia\",\"note\":\"\",\"description\":\"\",\"published\":1,\"checked_out\":null,\"checked_out_time\":null,\"access\":1,\"params\":\"{}\",\"metadesc\":\"\",\"metakey\":\"\",\"metadata\":\"{}\",\"created_user_id\":591,\"created_time\":\"2023-04-22 19:33:52\",\"created_by_alias\":\"\",\"modified_user_id\":591,\"modified_time\":\"2023-04-22 19:33:52\",\"images\":\"{}\",\"urls\":\"{}\",\"hits\":0,\"language\":\"*\",\"version\":\"1\",\"publish_up\":null,\"publish_down\":null}',0),(27,'com_tags.tag.9','','2023-04-22 19:34:55',591,508,'31920f5a6c0c30308786909c63f4916a5e57587b','{\"id\":9,\"parent_id\":1,\"lft\":15,\"rgt\":16,\"level\":1,\"path\":\"tecnologia\",\"title\":\"Tecnologia\",\"alias\":\"tecnologia\",\"note\":\"\",\"description\":\"\",\"published\":1,\"checked_out\":null,\"checked_out_time\":null,\"access\":1,\"params\":\"{}\",\"metadesc\":\"\",\"metakey\":\"\",\"metadata\":\"{}\",\"created_user_id\":591,\"created_time\":\"2023-04-22 19:34:55\",\"created_by_alias\":\"\",\"modified_user_id\":591,\"modified_time\":\"2023-04-22 19:34:55\",\"images\":\"{}\",\"urls\":\"{}\",\"hits\":0,\"language\":\"*\",\"version\":\"1\",\"publish_up\":null,\"publish_down\":null}',0),(28,'com_tags.tag.10','','2023-04-22 19:34:55',591,509,'7e0ad08cc648e15904cd4369688424965d8e8c86','{\"id\":10,\"parent_id\":1,\"lft\":17,\"rgt\":18,\"level\":1,\"path\":\"engenharia\",\"title\":\"Engenharia\",\"alias\":\"engenharia\",\"note\":\"\",\"description\":\"\",\"published\":1,\"checked_out\":null,\"checked_out_time\":null,\"access\":1,\"params\":\"{}\",\"metadesc\":\"\",\"metakey\":\"\",\"metadata\":\"{}\",\"created_user_id\":591,\"created_time\":\"2023-04-22 19:34:55\",\"created_by_alias\":\"\",\"modified_user_id\":591,\"modified_time\":\"2023-04-22 19:34:55\",\"images\":\"{}\",\"urls\":\"{}\",\"hits\":0,\"language\":\"*\",\"version\":\"1\",\"publish_up\":null,\"publish_down\":null}',0),(29,'com_tags.tag.11','','2023-04-22 19:34:55',591,508,'4c78aa9f2a26abe15e5e2b4d45e151f69c031dee','{\"id\":11,\"parent_id\":1,\"lft\":19,\"rgt\":20,\"level\":1,\"path\":\"mecanica\",\"title\":\"Mec\\u00e2nica\",\"alias\":\"mecanica\",\"note\":\"\",\"description\":\"\",\"published\":1,\"checked_out\":null,\"checked_out_time\":null,\"access\":1,\"params\":\"{}\",\"metadesc\":\"\",\"metakey\":\"\",\"metadata\":\"{}\",\"created_user_id\":591,\"created_time\":\"2023-04-22 19:34:55\",\"created_by_alias\":\"\",\"modified_user_id\":591,\"modified_time\":\"2023-04-22 19:34:55\",\"images\":\"{}\",\"urls\":\"{}\",\"hits\":0,\"language\":\"*\",\"version\":\"1\",\"publish_up\":null,\"publish_down\":null}',0),(30,'com_content.category.15','','2023-04-22 19:34:55',591,799,'9ac1c84571dfbb5933fa9d84f85da306362fe18d','{\"id\":15,\"asset_id\":149,\"parent_id\":1,\"lft\":25,\"rgt\":26,\"level\":1,\"path\":null,\"extension\":\"com_content\",\"title\":\"Tecnologia\",\"alias\":\"tecnologia\",\"note\":\"\",\"description\":\"<p>Publica\\u00e7\\u00f5es nas \\u00e1reas de Arquitetura e Urbanismo, Engenharia de Alimentos, Engenharia de Materiais, Engenharia de Produ\\u00e7\\u00e3o, Engenharia Civil, Engenharia Ambiental, Engenharia Mec\\u00e2nica e Engenharia Qu\\u00edmica.<\\/p>\",\"published\":\"1\",\"checked_out\":null,\"checked_out_time\":null,\"access\":1,\"params\":\"{\\\"category_layout\\\":\\\"\\\",\\\"image\\\":\\\"\\\",\\\"image_alt\\\":\\\"\\\"}\",\"metadesc\":\"\",\"metakey\":\"\",\"metadata\":\"{\\\"author\\\":\\\"\\\",\\\"robots\\\":\\\"\\\"}\",\"created_user_id\":591,\"created_time\":\"2023-04-22 19:34:55\",\"modified_user_id\":591,\"modified_time\":\"2023-04-22 19:34:55\",\"hits\":null,\"language\":\"*\",\"version\":null}',0),(31,'com_content.category.16','','2023-04-22 19:35:45',591,646,'4565f26f1a507260ae9341c0f92985ba269f7b6d','{\"id\":16,\"asset_id\":150,\"parent_id\":15,\"lft\":26,\"rgt\":27,\"level\":2,\"path\":null,\"extension\":\"com_content\",\"title\":\"Engenharia Mec\\u00e2nica\",\"alias\":\"engenharia-mecanica\",\"note\":\"\",\"description\":\"<p>Publica\\u00e7\\u00f5es na \\u00e1rea de Engenharia Mec\\u00e2nica.<\\/p>\",\"published\":\"1\",\"checked_out\":null,\"checked_out_time\":null,\"access\":1,\"params\":\"{\\\"category_layout\\\":\\\"\\\",\\\"image\\\":\\\"\\\",\\\"image_alt\\\":\\\"\\\"}\",\"metadesc\":\"\",\"metakey\":\"\",\"metadata\":\"{\\\"author\\\":\\\"\\\",\\\"robots\\\":\\\"\\\"}\",\"created_user_id\":591,\"created_time\":\"2023-04-22 19:35:45\",\"modified_user_id\":591,\"modified_time\":\"2023-04-22 19:35:45\",\"hits\":null,\"language\":\"*\",\"version\":null}',0),(32,'com_banners.banner.1','','2023-04-22 21:59:12',591,924,'469fff615d9423ff8b4e0514796ce1746192b938','{\"id\":1,\"cid\":\"0\",\"type\":\"0\",\"name\":\"Banner principal\",\"alias\":\"banner-principal\",\"imptotal\":0,\"impmade\":\"0\",\"clicks\":\"0\",\"clickurl\":\"\",\"state\":\"1\",\"catid\":3,\"description\":\"<h2><strong>Ci\\u00eancia Capital Editora<\\/strong><\\/h2>\\r\\n<p>Conhecimento que impulsiona o futuro<\\/p>\",\"custombannercode\":\"\",\"sticky\":\"0\",\"ordering\":1,\"metakey\":\"\",\"params\":\"{\\\"imageurl\\\":\\\"images\\\\\\/banners\\\\\\/banner-principal-grande.jpg#joomlaImage:\\\\\\/\\\\\\/local-images\\\\\\/banners\\\\\\/banner-principal-grande.jpg?width=2000&height=1333\\\",\\\"width\\\":\\\"\\\",\\\"height\\\":\\\"\\\",\\\"alt\\\":\\\"\\\"}\",\"own_prefix\":\"0\",\"metakey_prefix\":\"\",\"purchase_type\":\"-1\",\"track_clicks\":\"0\",\"track_impressions\":\"0\",\"checked_out\":null,\"checked_out_time\":null,\"publish_up\":null,\"publish_down\":null,\"reset\":\"2023-05-22 00:00:00\",\"created\":\"2023-04-22 21:59:12\",\"language\":\"*\",\"created_by\":591,\"created_by_alias\":\"\",\"modified\":\"2023-04-22 21:59:12\",\"modified_by\":591,\"version\":\"1\"}',0),(33,'com_content.article.11','','2023-04-22 22:17:28',591,4491,'0e6da650fe92dfd5ac1af2d1021fdb700a918568','{\"id\":\"11\",\"asset_id\":130,\"title\":\"Tipografia\",\"alias\":\"tipografia\",\"introtext\":\"<h1>Esquema de cores<\\/h1>\\r\\n<p><span class=\\\"btn btn-secondary\\\">secondary<\\/span> <span class=\\\"btn btn-primary\\\">primary<\\/span> <span class=\\\"btn btn-info\\\">info<\\/span> <span class=\\\"btn btn-success\\\">success<\\/span> <span class=\\\"btn btn-warning\\\">warning<\\/span> <span class=\\\"btn btn-danger\\\">danger<\\/span><\\/p>\\r\\n<p><span class=\\\"text text-secondary\\\">text-secondary<\\/span> <span class=\\\"text text-primary\\\">text-primary<\\/span> <span class=\\\"text text-info\\\">text-info<\\/span> <span class=\\\"text text-success\\\">text-success<\\/span> <span class=\\\"text text-warning\\\">text-warning<\\/span> <span class=\\\"text text-danger\\\">text-danger<\\/span><\\/p>\\r\\n<h1>Tipografia (h1)<\\/h1>\\r\\n<p>Lorem ipsum dolor sit amet, consectetuer adipiscing elit, sed diam nonummy nibh euismod tincidunt ut laoreet dolore magna aliquam erat volutpat. Ut wisi enim ad minim veniam, quis nostrud exerci tation ullamcorper suscipit lobortis nisl ut aliquip ex. (p)<\\/p>\\r\\n<h2>Lorem Ipsum Dolor Sit Amet (h2)<\\/h2>\\r\\n<p><strong>Lorem ipsum dolor sit amet, consectetuer adipiscing elit <\\/strong> (strong), sed diam nonummy nibh euismod tincidunt ut laoreet dolore magna aliquam erat volutpat. Ut wisi enim ad minim veniam, quis nostrud exerci tation ullamcorper suscipit lobortis nisl ut aliquip ex. (p)<\\/p>\\r\\n<h3>Lorem Ipsum Dolor Sit Amet (h3)<\\/h3>\\r\\n<p>Lorem ipsum dolor sit amet, consectetuer adipiscing elit, sed diam nonummy nibh euismod tincidunt ut laoreet dolore magna aliquam erat volutpat. Ut wisi enim ad minim veniam, quis nostrud exerci tation ullamcorper suscipit lobortis nisl ut aliquip ex. (p)<\\/p>\\r\\n<h4>Lorem Ipsum Dolor Sit Amet (h4)<\\/h4>\\r\\n<p>Lorem ipsum dolor sit amet, consectetuer adipiscing elit, sed diam nonummy nibh euismod tincidunt ut laoreet dolore magna aliquam erat volutpat. Ut wisi enim ad minim veniam, quis nostrud exerci tation ullamcorper suscipit lobortis nisl ut aliquip ex. (p)<\\/p>\\r\\n<h5>Lorem Ipsum Dolor Sit Amet (h5)<\\/h5>\\r\\n<p>Lorem ipsum dolor sit amet, consectetuer adipiscing elit, sed diam nonummy nibh euismod tincidunt ut laoreet dolore magna aliquam erat volutpat. Ut wisi enim ad minim veniam, quis nostrud exerci tation ullamcorper suscipit lobortis nisl ut aliquip ex. (p)<\\/p>\\r\\n<p><a href=\\\"index.php\\\"> Lorem ipsum dolor (a)<\\/a><\\/p>\\r\\n<h1>Listas<\\/h1>\\r\\n<p>(ol)(li)<\\/p>\\r\\n<ol>\\r\\n<li>Lorem ipsum dolor sit amet consectetur<\\/li>\\r\\n<li>Lorem ipsum dolor sit amet consectetur<\\/li>\\r\\n<\\/ol>\\r\\n<p>(ul)(li)<\\/p>\\r\\n<ul>\\r\\n<li>Lorem ipsum dolor sit amet consectetur<\\/li>\\r\\n<li>Lorem ipsum dolor sit amet consectetur<\\/li>\\r\\n<\\/ul>\\r\\n<h1>Visuais<\\/h1>\\r\\n<p class=\\\"display-1\\\">Lorem (display-1)<\\/p>\\r\\n<p class=\\\"display-2\\\">Lorem (display-2)<\\/p>\\r\\n<p class=\\\"display-3\\\">Lorem ipsum (display-3)<\\/p>\\r\\n<p class=\\\"display-4\\\">Lorem ipsum (display-4)<\\/p>\\r\\n<p class=\\\"lead\\\">Lorem ipsum arma virumque cano (lead)<\\/p>\",\"fulltext\":\"\",\"state\":\"1\",\"catid\":11,\"created\":\"2023-04-20 15:57:56\",\"created_by\":\"591\",\"created_by_alias\":\"Editora\",\"modified\":\"2023-04-22 22:17:28\",\"modified_by\":591,\"checked_out\":591,\"checked_out_time\":\"2023-04-22 22:15:56\",\"publish_up\":\"2023-04-20 15:57:56\",\"publish_down\":null,\"images\":\"{\\\"image_intro\\\":\\\"\\\",\\\"image_intro_alt\\\":\\\"\\\",\\\"float_intro\\\":\\\"\\\",\\\"image_intro_caption\\\":\\\"\\\",\\\"image_fulltext\\\":\\\"\\\",\\\"image_fulltext_alt\\\":\\\"\\\",\\\"float_fulltext\\\":\\\"\\\",\\\"image_fulltext_caption\\\":\\\"\\\"}\",\"urls\":\"{\\\"urla\\\":\\\"\\\",\\\"urlatext\\\":\\\"\\\",\\\"targeta\\\":\\\"\\\",\\\"urlb\\\":\\\"\\\",\\\"urlbtext\\\":\\\"\\\",\\\"targetb\\\":\\\"\\\",\\\"urlc\\\":\\\"\\\",\\\"urlctext\\\":\\\"\\\",\\\"targetc\\\":\\\"\\\"}\",\"attribs\":\"{\\\"article_layout\\\":\\\"\\\",\\\"show_title\\\":\\\"\\\",\\\"link_titles\\\":\\\"\\\",\\\"show_tags\\\":\\\"\\\",\\\"show_intro\\\":\\\"\\\",\\\"info_block_position\\\":\\\"\\\",\\\"info_block_show_title\\\":\\\"\\\",\\\"show_category\\\":\\\"\\\",\\\"link_category\\\":\\\"\\\",\\\"show_parent_category\\\":\\\"\\\",\\\"link_parent_category\\\":\\\"\\\",\\\"show_author\\\":\\\"\\\",\\\"link_author\\\":\\\"\\\",\\\"show_create_date\\\":\\\"\\\",\\\"show_modify_date\\\":\\\"\\\",\\\"show_publish_date\\\":\\\"\\\",\\\"show_item_navigation\\\":\\\"\\\",\\\"show_hits\\\":\\\"\\\",\\\"show_noauth\\\":\\\"\\\",\\\"urls_position\\\":\\\"\\\",\\\"alternative_readmore\\\":\\\"\\\",\\\"article_page_title\\\":\\\"\\\",\\\"show_publishing_options\\\":\\\"\\\",\\\"show_article_options\\\":\\\"\\\",\\\"show_urls_images_backend\\\":\\\"\\\",\\\"show_urls_images_frontend\\\":\\\"\\\"}\",\"version\":2,\"ordering\":0,\"metakey\":\"\",\"metadesc\":\"\",\"access\":1,\"hits\":4,\"metadata\":\"{\\\"robots\\\":\\\"\\\",\\\"author\\\":\\\"\\\",\\\"rights\\\":\\\"\\\"}\",\"featured\":\"0\",\"language\":\"*\",\"note\":\"\"}',0),(38,'com_content.article.7','','2023-04-22 22:29:41',591,2865,'68728fd5a79c7f017c240a9d71aee8c72a3210f6','{\"id\":\"7\",\"asset_id\":126,\"title\":\"Equipe Editorial\",\"alias\":\"equipe-editorial\",\"introtext\":\"<p style=\\\"text-align: center;\\\"><strong>Conhe\\u00e7a nosso time de profissionais<\\/strong><\\/p>\\r\\n<p style=\\\"text-align: justify;\\\">O time de editores da Ci\\u00eancia Capital Editora \\u00e9 composto por profissionais experientes e qualificados em diversas \\u00e1reas cient\\u00edficas.<\\/p>\\r\\n\",\"fulltext\":\"\\r\\n<p style=\\\"text-align: justify;\\\">Nossos editores t\\u00eam vasta experi\\u00eancia na avalia\\u00e7\\u00e3o de trabalhos acad\\u00eamicos e cient\\u00edficos, e est\\u00e3o comprometidos em garantir que todos os trabalhos publicados atendam aos mais altos padr\\u00f5es editoriais. Al\\u00e9m disso, nossos editores possuem conhecimentos especializados em diferentes \\u00e1reas do conhecimento, permitindo que a Ci\\u00eancia Capital Editora publique trabalhos em uma ampla variedade de campos cient\\u00edficos. Para entrar em contato com nosso time de editores, envie um e-mail para <a href=\\\"mailto:contato@cienciacapital.com.br?subject=Equipe Editorial\\\" target=\\\"_blank\\\" rel=\\\"noopener\\\">contato@cienciacapital.com.br<\\/a>. Estamos ansiosos para trabalhar com voc\\u00ea.<\\/p>\",\"state\":\"1\",\"catid\":10,\"created\":\"2023-04-20 15:57:56\",\"created_by\":\"591\",\"created_by_alias\":\"Joomla\",\"modified\":\"2023-04-22 22:29:41\",\"modified_by\":591,\"checked_out\":591,\"checked_out_time\":\"2023-04-22 22:28:27\",\"publish_up\":\"2023-04-20 15:57:56\",\"publish_down\":null,\"images\":\"{\\\"image_intro\\\":\\\"images\\\\\\/sampledata\\\\\\/cassiopeia\\\\\\/nasa1-640.jpg#joomlaImage:\\\\\\/\\\\\\/local-images\\\\\\/sampledata\\\\\\/cassiopeia\\\\\\/nasa1-640.jpg?width=640&height=320\\\",\\\"image_intro_alt\\\":\\\"\\\",\\\"image_intro_alt_empty\\\":\\\"1\\\",\\\"float_intro\\\":\\\"\\\",\\\"image_intro_caption\\\":\\\"\\\",\\\"image_fulltext\\\":\\\"\\\",\\\"image_fulltext_alt\\\":\\\"\\\",\\\"float_fulltext\\\":\\\"\\\",\\\"image_fulltext_caption\\\":\\\"\\\"}\",\"urls\":\"{\\\"urla\\\":\\\"\\\",\\\"urlatext\\\":\\\"\\\",\\\"targeta\\\":\\\"\\\",\\\"urlb\\\":\\\"\\\",\\\"urlbtext\\\":\\\"\\\",\\\"targetb\\\":\\\"\\\",\\\"urlc\\\":\\\"\\\",\\\"urlctext\\\":\\\"\\\",\\\"targetc\\\":\\\"\\\"}\",\"attribs\":\"{\\\"article_layout\\\":\\\"\\\",\\\"show_title\\\":\\\"\\\",\\\"link_titles\\\":\\\"\\\",\\\"show_tags\\\":\\\"\\\",\\\"show_intro\\\":\\\"\\\",\\\"info_block_position\\\":\\\"\\\",\\\"info_block_show_title\\\":\\\"\\\",\\\"show_category\\\":\\\"\\\",\\\"link_category\\\":\\\"\\\",\\\"show_parent_category\\\":\\\"\\\",\\\"link_parent_category\\\":\\\"\\\",\\\"show_author\\\":\\\"\\\",\\\"link_author\\\":\\\"\\\",\\\"show_create_date\\\":\\\"\\\",\\\"show_modify_date\\\":\\\"\\\",\\\"show_publish_date\\\":\\\"\\\",\\\"show_item_navigation\\\":\\\"\\\",\\\"show_hits\\\":\\\"\\\",\\\"show_noauth\\\":\\\"\\\",\\\"urls_position\\\":\\\"\\\",\\\"alternative_readmore\\\":\\\"\\\",\\\"article_page_title\\\":\\\"\\\",\\\"show_publishing_options\\\":\\\"\\\",\\\"show_article_options\\\":\\\"\\\",\\\"show_urls_images_backend\\\":\\\"\\\",\\\"show_urls_images_frontend\\\":\\\"\\\"}\",\"version\":6,\"ordering\":2,\"metakey\":\"\",\"metadesc\":\"\",\"access\":1,\"hits\":4,\"metadata\":\"{\\\"robots\\\":\\\"\\\",\\\"author\\\":\\\"\\\",\\\"rights\\\":\\\"\\\"}\",\"featured\":\"0\",\"language\":\"*\",\"note\":\"\"}',0),(39,'com_tags.tag.12','','2023-04-22 22:39:57',591,503,'67355c7fc556b6a6f1e746a37327073fe7d9c5b9','{\"id\":12,\"parent_id\":1,\"lft\":21,\"rgt\":22,\"level\":1,\"path\":\"editores\",\"title\":\"Editores\",\"alias\":\"editores\",\"note\":\"\",\"description\":\"\",\"published\":1,\"checked_out\":null,\"checked_out_time\":null,\"access\":1,\"params\":\"{}\",\"metadesc\":\"\",\"metakey\":\"\",\"metadata\":\"{}\",\"created_user_id\":591,\"created_time\":\"2023-04-22 22:39:57\",\"created_by_alias\":\"\",\"modified_user_id\":591,\"modified_time\":\"2023-04-22 22:39:57\",\"images\":\"{}\",\"urls\":\"{}\",\"hits\":0,\"language\":\"*\",\"version\":\"1\",\"publish_up\":null,\"publish_down\":null}',0),(40,'com_content.article.7','','2023-04-22 22:39:57',591,3149,'4a12d3cc0553408a9c0d0a4c09574ee78e111c7e','{\"id\":\"7\",\"asset_id\":126,\"title\":\"Equipe Editorial\",\"alias\":\"equipe-editorial\",\"introtext\":\"<p style=\\\"text-align: center;\\\"><strong>Conhe\\u00e7a nosso time de profissionais<\\/strong><\\/p>\\r\\n<p style=\\\"text-align: justify;\\\">O time de editores da Ci\\u00eancia Capital Editora \\u00e9 composto por profissionais experientes e qualificados em diversas \\u00e1reas cient\\u00edficas.<\\/p>\\r\\n\",\"fulltext\":\"\\r\\n<p style=\\\"text-align: justify;\\\">Nossos editores t\\u00eam vasta experi\\u00eancia na avalia\\u00e7\\u00e3o de trabalhos acad\\u00eamicos e cient\\u00edficos, e est\\u00e3o comprometidos em garantir que todos os trabalhos publicados atendam aos mais altos padr\\u00f5es editoriais. Al\\u00e9m disso, nossos editores possuem conhecimentos especializados em diferentes \\u00e1reas do conhecimento, permitindo que a Ci\\u00eancia Capital Editora publique trabalhos em uma ampla variedade de campos cient\\u00edficos. Para entrar em contato com nosso time de editores, envie um e-mail para <a href=\\\"mailto:contato@cienciacapital.com.br?subject=Equipe Editorial\\\" target=\\\"_blank\\\" rel=\\\"noopener\\\">contato@cienciacapital.com.br<\\/a>. Estamos ansiosos para trabalhar com voc\\u00ea.<\\/p>\",\"state\":\"1\",\"catid\":10,\"created\":\"2023-04-20 15:57:56\",\"created_by\":\"591\",\"created_by_alias\":\"Editora\",\"modified\":\"2023-04-22 22:39:57\",\"modified_by\":591,\"checked_out\":591,\"checked_out_time\":\"2023-04-22 22:29:41\",\"publish_up\":\"2023-04-20 15:57:56\",\"publish_down\":null,\"images\":\"{\\\"image_intro\\\":\\\"images\\\\\\/sampledata\\\\\\/cassiopeia\\\\\\/nasa1-640.jpg#joomlaImage:\\\\\\/\\\\\\/local-images\\\\\\/sampledata\\\\\\/cassiopeia\\\\\\/nasa1-640.jpg?width=640&height=320\\\",\\\"image_intro_alt\\\":\\\"\\\",\\\"image_intro_alt_empty\\\":\\\"1\\\",\\\"float_intro\\\":\\\"\\\",\\\"image_intro_caption\\\":\\\"\\\",\\\"image_fulltext\\\":\\\"\\\",\\\"image_fulltext_alt\\\":\\\"\\\",\\\"float_fulltext\\\":\\\"\\\",\\\"image_fulltext_caption\\\":\\\"\\\"}\",\"urls\":\"{\\\"urla\\\":\\\"\\\",\\\"urlatext\\\":\\\"\\\",\\\"targeta\\\":\\\"\\\",\\\"urlb\\\":\\\"\\\",\\\"urlbtext\\\":\\\"\\\",\\\"targetb\\\":\\\"\\\",\\\"urlc\\\":\\\"\\\",\\\"urlctext\\\":\\\"\\\",\\\"targetc\\\":\\\"\\\"}\",\"attribs\":\"{\\\"article_layout\\\":\\\"\\\",\\\"show_title\\\":\\\"\\\",\\\"link_titles\\\":\\\"\\\",\\\"show_tags\\\":\\\"\\\",\\\"show_intro\\\":\\\"\\\",\\\"info_block_position\\\":\\\"\\\",\\\"info_block_show_title\\\":\\\"\\\",\\\"show_category\\\":\\\"\\\",\\\"link_category\\\":\\\"\\\",\\\"show_parent_category\\\":\\\"\\\",\\\"link_parent_category\\\":\\\"\\\",\\\"show_author\\\":\\\"\\\",\\\"link_author\\\":\\\"\\\",\\\"show_create_date\\\":\\\"\\\",\\\"show_modify_date\\\":\\\"\\\",\\\"show_publish_date\\\":\\\"\\\",\\\"show_item_navigation\\\":\\\"\\\",\\\"show_hits\\\":\\\"\\\",\\\"show_noauth\\\":\\\"\\\",\\\"urls_position\\\":\\\"\\\",\\\"alternative_readmore\\\":\\\"\\\",\\\"article_page_title\\\":\\\"\\\",\\\"show_publishing_options\\\":\\\"\\\",\\\"show_article_options\\\":\\\"\\\",\\\"show_urls_images_backend\\\":\\\"\\\",\\\"show_urls_images_frontend\\\":\\\"\\\"}\",\"version\":7,\"ordering\":2,\"metakey\":\"Editor, Edi\\u00e7\\u00e3o de Livro, Ci\\u00eancia, Autor, Ci\\u00eancia Capital, Escrever Livro, Publicar Livro, Publica\\u00e7\\u00e3o\",\"metadesc\":\"O time de editores da Ci\\u00eancia Capital Editora \\u00e9 composto por profissionais experientes e qualificados em diversas \\u00e1reas cient\\u00edficas. \",\"access\":1,\"hits\":6,\"metadata\":\"{\\\"robots\\\":\\\"\\\",\\\"author\\\":\\\"\\\",\\\"rights\\\":\\\"\\\"}\",\"featured\":\"0\",\"language\":\"*\",\"note\":\"\"}',0),(41,'com_tags.tag.13','','2023-04-22 22:41:22',591,497,'48842b194e1c44cccd7bc21dcdad7cd81f804639','{\"id\":13,\"parent_id\":1,\"lft\":23,\"rgt\":24,\"level\":1,\"path\":\"equipe\",\"title\":\"Equipe\",\"alias\":\"equipe\",\"note\":\"\",\"description\":\"\",\"published\":1,\"checked_out\":null,\"checked_out_time\":null,\"access\":1,\"params\":\"{}\",\"metadesc\":\"\",\"metakey\":\"\",\"metadata\":\"{}\",\"created_user_id\":591,\"created_time\":\"2023-04-22 22:41:22\",\"created_by_alias\":\"\",\"modified_user_id\":591,\"modified_time\":\"2023-04-22 22:41:22\",\"images\":\"{}\",\"urls\":\"{}\",\"hits\":0,\"language\":\"*\",\"version\":\"1\",\"publish_up\":null,\"publish_down\":null}',0),(42,'com_content.category.17','','2023-04-22 22:41:22',591,729,'b507bbed7d9976e3ca75f2aad1873d10988840f5','{\"id\":17,\"asset_id\":151,\"parent_id\":1,\"lft\":29,\"rgt\":30,\"level\":1,\"path\":null,\"extension\":\"com_content\",\"title\":\"Equipe Editorial\",\"alias\":\"equipe-editorial\",\"note\":\"\",\"description\":\"<p>O time de editores da Ci\\u00eancia Capital Editora \\u00e9 composto por profissionais experientes e qualificados em diversas \\u00e1reas cient\\u00edficas.\\u00a0<\\/p>\",\"published\":\"1\",\"checked_out\":null,\"checked_out_time\":null,\"access\":1,\"params\":\"{\\\"category_layout\\\":\\\"\\\",\\\"image\\\":\\\"\\\",\\\"image_alt\\\":\\\"\\\"}\",\"metadesc\":\"\",\"metakey\":\"\",\"metadata\":\"{\\\"author\\\":\\\"\\\",\\\"robots\\\":\\\"\\\"}\",\"created_user_id\":591,\"created_time\":\"2023-04-22 22:41:22\",\"modified_user_id\":591,\"modified_time\":\"2023-04-22 22:41:22\",\"hits\":null,\"language\":\"*\",\"version\":null}',0),(43,'com_content.article.7','','2023-04-22 22:42:49',591,3149,'f1aa2c3670145660a4215205f305aff8249faf19','{\"id\":\"7\",\"asset_id\":126,\"title\":\"Equipe Editorial\",\"alias\":\"equipe-editorial\",\"introtext\":\"<p style=\\\"text-align: center;\\\"><strong>Conhe\\u00e7a nosso time de profissionais<\\/strong><\\/p>\\r\\n<p style=\\\"text-align: justify;\\\">O time de editores da Ci\\u00eancia Capital Editora \\u00e9 composto por profissionais experientes e qualificados em diversas \\u00e1reas cient\\u00edficas.<\\/p>\\r\\n\",\"fulltext\":\"\\r\\n<p style=\\\"text-align: justify;\\\">Nossos editores t\\u00eam vasta experi\\u00eancia na avalia\\u00e7\\u00e3o de trabalhos acad\\u00eamicos e cient\\u00edficos, e est\\u00e3o comprometidos em garantir que todos os trabalhos publicados atendam aos mais altos padr\\u00f5es editoriais. Al\\u00e9m disso, nossos editores possuem conhecimentos especializados em diferentes \\u00e1reas do conhecimento, permitindo que a Ci\\u00eancia Capital Editora publique trabalhos em uma ampla variedade de campos cient\\u00edficos. Para entrar em contato com nosso time de editores, envie um e-mail para <a href=\\\"mailto:contato@cienciacapital.com.br?subject=Equipe Editorial\\\" target=\\\"_blank\\\" rel=\\\"noopener\\\">contato@cienciacapital.com.br<\\/a>. Estamos ansiosos para trabalhar com voc\\u00ea.<\\/p>\",\"state\":\"1\",\"catid\":17,\"created\":\"2023-04-20 15:57:56\",\"created_by\":\"591\",\"created_by_alias\":\"Editora\",\"modified\":\"2023-04-22 22:42:49\",\"modified_by\":591,\"checked_out\":591,\"checked_out_time\":\"2023-04-22 22:42:29\",\"publish_up\":\"2023-04-20 15:57:56\",\"publish_down\":null,\"images\":\"{\\\"image_intro\\\":\\\"images\\\\\\/sampledata\\\\\\/cassiopeia\\\\\\/nasa1-640.jpg#joomlaImage:\\\\\\/\\\\\\/local-images\\\\\\/sampledata\\\\\\/cassiopeia\\\\\\/nasa1-640.jpg?width=640&height=320\\\",\\\"image_intro_alt\\\":\\\"\\\",\\\"image_intro_alt_empty\\\":\\\"1\\\",\\\"float_intro\\\":\\\"\\\",\\\"image_intro_caption\\\":\\\"\\\",\\\"image_fulltext\\\":\\\"\\\",\\\"image_fulltext_alt\\\":\\\"\\\",\\\"float_fulltext\\\":\\\"\\\",\\\"image_fulltext_caption\\\":\\\"\\\"}\",\"urls\":\"{\\\"urla\\\":\\\"\\\",\\\"urlatext\\\":\\\"\\\",\\\"targeta\\\":\\\"\\\",\\\"urlb\\\":\\\"\\\",\\\"urlbtext\\\":\\\"\\\",\\\"targetb\\\":\\\"\\\",\\\"urlc\\\":\\\"\\\",\\\"urlctext\\\":\\\"\\\",\\\"targetc\\\":\\\"\\\"}\",\"attribs\":\"{\\\"article_layout\\\":\\\"\\\",\\\"show_title\\\":\\\"\\\",\\\"link_titles\\\":\\\"\\\",\\\"show_tags\\\":\\\"\\\",\\\"show_intro\\\":\\\"\\\",\\\"info_block_position\\\":\\\"\\\",\\\"info_block_show_title\\\":\\\"\\\",\\\"show_category\\\":\\\"\\\",\\\"link_category\\\":\\\"\\\",\\\"show_parent_category\\\":\\\"\\\",\\\"link_parent_category\\\":\\\"\\\",\\\"show_author\\\":\\\"\\\",\\\"link_author\\\":\\\"\\\",\\\"show_create_date\\\":\\\"\\\",\\\"show_modify_date\\\":\\\"\\\",\\\"show_publish_date\\\":\\\"\\\",\\\"show_item_navigation\\\":\\\"\\\",\\\"show_hits\\\":\\\"\\\",\\\"show_noauth\\\":\\\"\\\",\\\"urls_position\\\":\\\"\\\",\\\"alternative_readmore\\\":\\\"\\\",\\\"article_page_title\\\":\\\"\\\",\\\"show_publishing_options\\\":\\\"\\\",\\\"show_article_options\\\":\\\"\\\",\\\"show_urls_images_backend\\\":\\\"\\\",\\\"show_urls_images_frontend\\\":\\\"\\\"}\",\"version\":9,\"ordering\":2,\"metakey\":\"Editor, Edi\\u00e7\\u00e3o de Livro, Ci\\u00eancia, Autor, Ci\\u00eancia Capital, Escrever Livro, Publicar Livro, Publica\\u00e7\\u00e3o\",\"metadesc\":\"O time de editores da Ci\\u00eancia Capital Editora \\u00e9 composto por profissionais experientes e qualificados em diversas \\u00e1reas cient\\u00edficas. \",\"access\":1,\"hits\":8,\"metadata\":\"{\\\"robots\\\":\\\"\\\",\\\"author\\\":\\\"\\\",\\\"rights\\\":\\\"\\\"}\",\"featured\":\"0\",\"language\":\"*\",\"note\":\"\"}',0),(44,'com_content.article.7','','2023-04-22 22:43:50',591,3151,'586ef1bd6e75d9116226d033529f31e0f998f1a6','{\"id\":\"7\",\"asset_id\":126,\"title\":\"Equipe Editorial\",\"alias\":\"equipe-editorial\",\"introtext\":\"<p style=\\\"text-align: center;\\\"><strong>Conhe\\u00e7a nosso time de profissionais<\\/strong><\\/p>\\r\\n<p style=\\\"text-align: justify;\\\">O time de editores da Ci\\u00eancia Capital Editora \\u00e9 composto por profissionais experientes e qualificados em diversas \\u00e1reas cient\\u00edficas.<\\/p>\\r\\n\",\"fulltext\":\"\\r\\n<p style=\\\"text-align: justify;\\\">Nossos editores t\\u00eam vasta experi\\u00eancia na avalia\\u00e7\\u00e3o de trabalhos acad\\u00eamicos e cient\\u00edficos, e est\\u00e3o comprometidos em garantir que todos os trabalhos publicados atendam aos mais altos padr\\u00f5es editoriais. Al\\u00e9m disso, nossos editores possuem conhecimentos especializados em diferentes \\u00e1reas do conhecimento, permitindo que a Ci\\u00eancia Capital Editora publique trabalhos em uma ampla variedade de campos cient\\u00edficos. Para entrar em contato com nosso time de editores, envie um e-mail para <a href=\\\"mailto:contato@cienciacapital.com.br?subject=Equipe Editorial\\\" target=\\\"_blank\\\" rel=\\\"noopener\\\">contato@cienciacapital.com.br<\\/a>. Estamos ansiosos para trabalhar com voc\\u00ea.<\\/p>\",\"state\":\"1\",\"catid\":17,\"created\":\"2023-04-20 15:57:56\",\"created_by\":\"591\",\"created_by_alias\":\"Editora\",\"modified\":\"2023-04-22 22:43:50\",\"modified_by\":591,\"checked_out\":591,\"checked_out_time\":\"2023-04-22 22:42:49\",\"publish_up\":\"2023-04-20 15:57:56\",\"publish_down\":null,\"images\":\"{\\\"image_intro\\\":\\\"images\\\\\\/sampledata\\\\\\/cassiopeia\\\\\\/nasa1-640.jpg#joomlaImage:\\\\\\/\\\\\\/local-images\\\\\\/sampledata\\\\\\/cassiopeia\\\\\\/nasa1-640.jpg?width=640&height=320\\\",\\\"image_intro_alt\\\":\\\"\\\",\\\"image_intro_alt_empty\\\":\\\"1\\\",\\\"float_intro\\\":\\\"\\\",\\\"image_intro_caption\\\":\\\"\\\",\\\"image_fulltext\\\":\\\"\\\",\\\"image_fulltext_alt\\\":\\\"\\\",\\\"float_fulltext\\\":\\\"\\\",\\\"image_fulltext_caption\\\":\\\"\\\"}\",\"urls\":\"{\\\"urla\\\":\\\"\\\",\\\"urlatext\\\":\\\"\\\",\\\"targeta\\\":\\\"\\\",\\\"urlb\\\":\\\"\\\",\\\"urlbtext\\\":\\\"\\\",\\\"targetb\\\":\\\"\\\",\\\"urlc\\\":\\\"\\\",\\\"urlctext\\\":\\\"\\\",\\\"targetc\\\":\\\"\\\"}\",\"attribs\":\"{\\\"article_layout\\\":\\\"\\\",\\\"show_title\\\":\\\"\\\",\\\"link_titles\\\":\\\"\\\",\\\"show_tags\\\":\\\"\\\",\\\"show_intro\\\":\\\"\\\",\\\"info_block_position\\\":\\\"\\\",\\\"info_block_show_title\\\":\\\"\\\",\\\"show_category\\\":\\\"\\\",\\\"link_category\\\":\\\"\\\",\\\"show_parent_category\\\":\\\"\\\",\\\"link_parent_category\\\":\\\"\\\",\\\"show_author\\\":\\\"\\\",\\\"link_author\\\":\\\"\\\",\\\"show_create_date\\\":\\\"\\\",\\\"show_modify_date\\\":\\\"\\\",\\\"show_publish_date\\\":\\\"\\\",\\\"show_item_navigation\\\":\\\"\\\",\\\"show_hits\\\":\\\"\\\",\\\"show_noauth\\\":\\\"\\\",\\\"urls_position\\\":\\\"\\\",\\\"alternative_readmore\\\":\\\"\\\",\\\"article_page_title\\\":\\\"\\\",\\\"show_publishing_options\\\":\\\"\\\",\\\"show_article_options\\\":\\\"\\\",\\\"show_urls_images_backend\\\":\\\"\\\",\\\"show_urls_images_frontend\\\":\\\"\\\"}\",\"version\":10,\"ordering\":2,\"metakey\":\"Editor, Edi\\u00e7\\u00e3o de Livro, Ci\\u00eancia, Autor, Ci\\u00eancia Capital, Escrever Livro, Publicar Livro, Publica\\u00e7\\u00e3o\",\"metadesc\":\"O time de editores da Ci\\u00eancia Capital Editora \\u00e9 composto por profissionais experientes e qualificados em diversas \\u00e1reas cient\\u00edficas. \",\"access\":1,\"hits\":12,\"metadata\":\"{\\\"robots\\\":\\\"\\\",\\\"author\\\":\\\"\\\",\\\"rights\\\":\\\"\\\"}\",\"featured\":\"1\",\"language\":\"*\",\"note\":\"\"}',0),(45,'com_content.article.7','','2023-04-22 22:48:07',591,3151,'4637243f824184d415a7a6e0a2d6006db5e1122c','{\"id\":\"7\",\"asset_id\":126,\"title\":\"Equipe Editorial\",\"alias\":\"equipe-editorial\",\"introtext\":\"<p style=\\\"text-align: center;\\\"><strong>Conhe\\u00e7a nosso time de profissionais<\\/strong><\\/p>\\r\\n<p style=\\\"text-align: justify;\\\">O time de editores da Ci\\u00eancia Capital Editora \\u00e9 composto por profissionais experientes e qualificados em diversas \\u00e1reas cient\\u00edficas.<\\/p>\\r\\n\",\"fulltext\":\"\\r\\n<p style=\\\"text-align: justify;\\\">Nossos editores t\\u00eam vasta experi\\u00eancia na avalia\\u00e7\\u00e3o de trabalhos acad\\u00eamicos e cient\\u00edficos, e est\\u00e3o comprometidos em garantir que todos os trabalhos publicados atendam aos mais altos padr\\u00f5es editoriais. Al\\u00e9m disso, nossos editores possuem conhecimentos especializados em diferentes \\u00e1reas do conhecimento, permitindo que a Ci\\u00eancia Capital Editora publique trabalhos em uma ampla variedade de campos cient\\u00edficos. Para entrar em contato com nosso time de editores, envie um e-mail para <a href=\\\"mailto:contato@cienciacapital.com.br?subject=Equipe Editorial\\\" target=\\\"_blank\\\" rel=\\\"noopener\\\">contato@cienciacapital.com.br<\\/a>. Estamos ansiosos para trabalhar com voc\\u00ea.<\\/p>\",\"state\":\"1\",\"catid\":10,\"created\":\"2023-04-20 15:57:56\",\"created_by\":\"591\",\"created_by_alias\":\"Editora\",\"modified\":\"2023-04-22 22:48:07\",\"modified_by\":591,\"checked_out\":591,\"checked_out_time\":\"2023-04-22 22:47:50\",\"publish_up\":\"2023-04-20 15:57:56\",\"publish_down\":null,\"images\":\"{\\\"image_intro\\\":\\\"images\\\\\\/sampledata\\\\\\/cassiopeia\\\\\\/nasa1-640.jpg#joomlaImage:\\\\\\/\\\\\\/local-images\\\\\\/sampledata\\\\\\/cassiopeia\\\\\\/nasa1-640.jpg?width=640&height=320\\\",\\\"image_intro_alt\\\":\\\"\\\",\\\"image_intro_alt_empty\\\":\\\"1\\\",\\\"float_intro\\\":\\\"\\\",\\\"image_intro_caption\\\":\\\"\\\",\\\"image_fulltext\\\":\\\"\\\",\\\"image_fulltext_alt\\\":\\\"\\\",\\\"float_fulltext\\\":\\\"\\\",\\\"image_fulltext_caption\\\":\\\"\\\"}\",\"urls\":\"{\\\"urla\\\":\\\"\\\",\\\"urlatext\\\":\\\"\\\",\\\"targeta\\\":\\\"\\\",\\\"urlb\\\":\\\"\\\",\\\"urlbtext\\\":\\\"\\\",\\\"targetb\\\":\\\"\\\",\\\"urlc\\\":\\\"\\\",\\\"urlctext\\\":\\\"\\\",\\\"targetc\\\":\\\"\\\"}\",\"attribs\":\"{\\\"article_layout\\\":\\\"\\\",\\\"show_title\\\":\\\"\\\",\\\"link_titles\\\":\\\"\\\",\\\"show_tags\\\":\\\"\\\",\\\"show_intro\\\":\\\"\\\",\\\"info_block_position\\\":\\\"\\\",\\\"info_block_show_title\\\":\\\"\\\",\\\"show_category\\\":\\\"\\\",\\\"link_category\\\":\\\"\\\",\\\"show_parent_category\\\":\\\"\\\",\\\"link_parent_category\\\":\\\"\\\",\\\"show_author\\\":\\\"\\\",\\\"link_author\\\":\\\"\\\",\\\"show_create_date\\\":\\\"\\\",\\\"show_modify_date\\\":\\\"\\\",\\\"show_publish_date\\\":\\\"\\\",\\\"show_item_navigation\\\":\\\"\\\",\\\"show_hits\\\":\\\"\\\",\\\"show_noauth\\\":\\\"\\\",\\\"urls_position\\\":\\\"\\\",\\\"alternative_readmore\\\":\\\"\\\",\\\"article_page_title\\\":\\\"\\\",\\\"show_publishing_options\\\":\\\"\\\",\\\"show_article_options\\\":\\\"\\\",\\\"show_urls_images_backend\\\":\\\"\\\",\\\"show_urls_images_frontend\\\":\\\"\\\"}\",\"version\":11,\"ordering\":2,\"metakey\":\"Editor, Edi\\u00e7\\u00e3o de Livro, Ci\\u00eancia, Autor, Ci\\u00eancia Capital, Escrever Livro, Publicar Livro, Publica\\u00e7\\u00e3o\",\"metadesc\":\"O time de editores da Ci\\u00eancia Capital Editora \\u00e9 composto por profissionais experientes e qualificados em diversas \\u00e1reas cient\\u00edficas. \",\"access\":1,\"hits\":16,\"metadata\":\"{\\\"robots\\\":\\\"\\\",\\\"author\\\":\\\"\\\",\\\"rights\\\":\\\"\\\"}\",\"featured\":\"1\",\"language\":\"*\",\"note\":\"\"}',0),(46,'com_content.article.9','','2023-04-22 22:48:50',591,2326,'0194f5075f24d3e62de460faf237a0191cc067e2','{\"id\":\"9\",\"asset_id\":128,\"title\":\"Joomla2\",\"alias\":\"joomla\",\"introtext\":\"<p><strong>Orgulhosamente apresentamos a vers\\u00e3o 4 do Joomla.<\\/strong><\\/p>\\r\\n<p>Saiba mais sobre fluxos de trabalho no Joomla.<\\/p>\\r\\n\",\"fulltext\":\"\\r\\n<p>Cupcake ipsum dolor. Sit amet cotton candy ice cream sesame snaps cake marshmallow powder. Ice cream chocolate cake marshmallow halvah bonbon. Drag\\u00e9e carrot cake danish candy muffin brownie. Candy sugar plum ice cream chupa chups macaroon tiramisu souffl\\u00e9 oat cake. Topping cheesecake lollipop gummi bears icing sweet roll donut liquorice. Pie jelly-o candy donut oat cake cotton candy.<\\/p>\",\"state\":\"1\",\"catid\":10,\"created\":\"2023-04-20 15:57:56\",\"created_by\":\"591\",\"created_by_alias\":\"Joomla\",\"modified\":\"2023-04-22 22:48:50\",\"modified_by\":591,\"checked_out\":591,\"checked_out_time\":\"2023-04-22 22:48:41\",\"publish_up\":\"2023-04-20 15:57:56\",\"publish_down\":null,\"images\":\"{\\\"image_intro\\\":\\\"images\\\\\\/sampledata\\\\\\/cassiopeia\\\\\\/nasa3-640.jpg#joomlaImage:\\\\\\/\\\\\\/local-images\\\\\\/sampledata\\\\\\/cassiopeia\\\\\\/nasa3-640.jpg?width=640&height=320\\\",\\\"image_intro_alt\\\":\\\"\\\",\\\"image_intro_alt_empty\\\":\\\"1\\\",\\\"float_intro\\\":\\\"\\\",\\\"image_intro_caption\\\":\\\"\\\",\\\"image_fulltext\\\":\\\"\\\",\\\"image_fulltext_alt\\\":\\\"\\\",\\\"float_fulltext\\\":\\\"\\\",\\\"image_fulltext_caption\\\":\\\"\\\"}\",\"urls\":\"{\\\"urla\\\":\\\"\\\",\\\"urlatext\\\":\\\"\\\",\\\"targeta\\\":\\\"\\\",\\\"urlb\\\":\\\"\\\",\\\"urlbtext\\\":\\\"\\\",\\\"targetb\\\":\\\"\\\",\\\"urlc\\\":\\\"\\\",\\\"urlctext\\\":\\\"\\\",\\\"targetc\\\":\\\"\\\"}\",\"attribs\":\"{\\\"article_layout\\\":\\\"\\\",\\\"show_title\\\":\\\"\\\",\\\"link_titles\\\":\\\"\\\",\\\"show_tags\\\":\\\"\\\",\\\"show_intro\\\":\\\"\\\",\\\"info_block_position\\\":\\\"\\\",\\\"info_block_show_title\\\":\\\"\\\",\\\"show_category\\\":\\\"\\\",\\\"link_category\\\":\\\"\\\",\\\"show_parent_category\\\":\\\"\\\",\\\"link_parent_category\\\":\\\"\\\",\\\"show_author\\\":\\\"\\\",\\\"link_author\\\":\\\"\\\",\\\"show_create_date\\\":\\\"\\\",\\\"show_modify_date\\\":\\\"\\\",\\\"show_publish_date\\\":\\\"\\\",\\\"show_item_navigation\\\":\\\"\\\",\\\"show_hits\\\":\\\"\\\",\\\"show_noauth\\\":\\\"\\\",\\\"urls_position\\\":\\\"\\\",\\\"alternative_readmore\\\":\\\"\\\",\\\"article_page_title\\\":\\\"\\\",\\\"show_publishing_options\\\":\\\"\\\",\\\"show_article_options\\\":\\\"\\\",\\\"show_urls_images_backend\\\":\\\"\\\",\\\"show_urls_images_frontend\\\":\\\"\\\"}\",\"version\":2,\"ordering\":0,\"metakey\":\"\",\"metadesc\":\"\",\"access\":1,\"hits\":0,\"metadata\":\"{\\\"robots\\\":\\\"\\\",\\\"author\\\":\\\"\\\",\\\"rights\\\":\\\"\\\"}\",\"featured\":\"0\",\"language\":\"*\",\"note\":\"\"}',0),(47,'com_content.category.17','','2023-04-22 22:49:48',591,759,'ecb222bf2405b6e89c75d2e9f0307f60eee8175c','{\"id\":\"17\",\"asset_id\":151,\"parent_id\":1,\"lft\":29,\"rgt\":30,\"level\":1,\"path\":\"equipe-editorial\",\"extension\":\"com_content\",\"title\":\"Equipe Editorial 2\",\"alias\":\"equipe-editorial\",\"note\":\"\",\"description\":\"<p>O time de editores da Ci\\u00eancia Capital Editora \\u00e9 composto por profissionais experientes e qualificados em diversas \\u00e1reas cient\\u00edficas.\\u00a0<\\/p>\",\"published\":\"1\",\"checked_out\":591,\"checked_out_time\":\"2023-04-22 22:49:33\",\"access\":1,\"params\":\"{\\\"category_layout\\\":\\\"\\\",\\\"image\\\":\\\"\\\",\\\"image_alt\\\":\\\"\\\"}\",\"metadesc\":\"\",\"metakey\":\"\",\"metadata\":\"{\\\"author\\\":\\\"\\\",\\\"robots\\\":\\\"\\\"}\",\"created_user_id\":\"591\",\"created_time\":\"2023-04-22 22:41:22\",\"modified_user_id\":591,\"modified_time\":\"2023-04-22 22:49:48\",\"hits\":0,\"language\":\"*\",\"version\":1}',0),(48,'com_content.category.10','','2023-04-22 22:50:23',591,737,'729cd8f6e7efefc8fdfcd94c5987ed9237904bba','{\"id\":\"10\",\"asset_id\":118,\"parent_id\":1,\"lft\":15,\"rgt\":16,\"level\":1,\"path\":\"joomla\",\"extension\":\"com_content\",\"title\":\"Equipe Editorial\",\"alias\":\"joomla\",\"note\":\"\",\"description\":\"<p>O time de editores da Ci\\u00eancia Capital Editora \\u00e9 composto por profissionais experientes e qualificados em diversas \\u00e1reas cient\\u00edficas.\\u00a0<\\/p>\",\"published\":\"1\",\"checked_out\":591,\"checked_out_time\":\"2023-04-22 22:49:52\",\"access\":1,\"params\":\"{\\\"category_layout\\\":\\\"\\\",\\\"image\\\":\\\"\\\",\\\"image_alt\\\":\\\"\\\"}\",\"metadesc\":\"\",\"metakey\":\"\",\"metadata\":\"{\\\"author\\\":\\\"\\\",\\\"robots\\\":\\\"\\\"}\",\"created_user_id\":\"591\",\"created_time\":\"2023-04-20 15:57:56\",\"modified_user_id\":591,\"modified_time\":\"2023-04-22 22:50:23\",\"hits\":0,\"language\":\"*\",\"version\":1}',0),(49,'com_content.article.7','','2023-04-22 22:57:41',591,3208,'66b3e98fab76b3c257f6052e0a468ed86c8d6d0a','{\"id\":\"7\",\"asset_id\":126,\"title\":\"Equipe Editorial\",\"alias\":\"equipe-editorial\",\"introtext\":\"<p style=\\\"text-align: center;\\\"><strong>Conhe\\u00e7a nosso time de profissionais<\\/strong><\\/p>\\r\\n<p style=\\\"text-align: justify;\\\">O time de editores da Ci\\u00eancia Capital Editora \\u00e9 composto por profissionais experientes e qualificados em diversas \\u00e1reas cient\\u00edficas.<\\/p>\\r\\n\",\"fulltext\":\"\\r\\n<p style=\\\"text-align: justify;\\\">Nossos editores t\\u00eam vasta experi\\u00eancia na avalia\\u00e7\\u00e3o de trabalhos acad\\u00eamicos e cient\\u00edficos, e est\\u00e3o comprometidos em garantir que todos os trabalhos publicados atendam aos mais altos padr\\u00f5es editoriais. Al\\u00e9m disso, nossos editores possuem conhecimentos especializados em diferentes \\u00e1reas do conhecimento, permitindo que a Ci\\u00eancia Capital Editora publique trabalhos em uma ampla variedade de campos cient\\u00edficos. Para entrar em contato com nosso time de editores, envie um e-mail para <a href=\\\"mailto:contato@cienciacapital.com.br?subject=Equipe Editorial\\\" target=\\\"_blank\\\" rel=\\\"noopener\\\">contato@cienciacapital.com.br<\\/a>. Estamos ansiosos para trabalhar com voc\\u00ea.<\\/p>\",\"state\":\"1\",\"catid\":10,\"created\":\"2023-04-20 15:57:56\",\"created_by\":\"591\",\"created_by_alias\":\"Editora\",\"modified\":\"2023-04-22 22:57:41\",\"modified_by\":591,\"checked_out\":591,\"checked_out_time\":\"2023-04-22 22:51:24\",\"publish_up\":\"2023-04-20 15:57:56\",\"publish_down\":null,\"images\":\"{\\\"image_intro\\\":\\\"images\\\\\\/editores\\\\\\/editores-equipe-medio.jpg#joomlaImage:\\\\\\/\\\\\\/local-images\\\\\\/editores\\\\\\/editores-equipe-medio.jpg?width=1500&height=1001\\\",\\\"image_intro_alt\\\":\\\"Corre\\\\u00e7\\\\u00e3o do material\\\",\\\"image_intro_alt_empty\\\":\\\"1\\\",\\\"float_intro\\\":\\\"\\\",\\\"image_intro_caption\\\":\\\"Cr\\\\u00e9dito da Imagem Freepik\\\",\\\"image_fulltext\\\":\\\"\\\",\\\"image_fulltext_alt\\\":\\\"\\\",\\\"float_fulltext\\\":\\\"\\\",\\\"image_fulltext_caption\\\":\\\"\\\"}\",\"urls\":\"{\\\"urla\\\":\\\"\\\",\\\"urlatext\\\":\\\"\\\",\\\"targeta\\\":\\\"\\\",\\\"urlb\\\":\\\"\\\",\\\"urlbtext\\\":\\\"\\\",\\\"targetb\\\":\\\"\\\",\\\"urlc\\\":\\\"\\\",\\\"urlctext\\\":\\\"\\\",\\\"targetc\\\":\\\"\\\"}\",\"attribs\":\"{\\\"article_layout\\\":\\\"\\\",\\\"show_title\\\":\\\"\\\",\\\"link_titles\\\":\\\"\\\",\\\"show_tags\\\":\\\"\\\",\\\"show_intro\\\":\\\"\\\",\\\"info_block_position\\\":\\\"\\\",\\\"info_block_show_title\\\":\\\"\\\",\\\"show_category\\\":\\\"\\\",\\\"link_category\\\":\\\"\\\",\\\"show_parent_category\\\":\\\"\\\",\\\"link_parent_category\\\":\\\"\\\",\\\"show_author\\\":\\\"\\\",\\\"link_author\\\":\\\"\\\",\\\"show_create_date\\\":\\\"\\\",\\\"show_modify_date\\\":\\\"\\\",\\\"show_publish_date\\\":\\\"\\\",\\\"show_item_navigation\\\":\\\"\\\",\\\"show_hits\\\":\\\"\\\",\\\"show_noauth\\\":\\\"\\\",\\\"urls_position\\\":\\\"\\\",\\\"alternative_readmore\\\":\\\"\\\",\\\"article_page_title\\\":\\\"\\\",\\\"show_publishing_options\\\":\\\"\\\",\\\"show_article_options\\\":\\\"\\\",\\\"show_urls_images_backend\\\":\\\"\\\",\\\"show_urls_images_frontend\\\":\\\"\\\"}\",\"version\":12,\"ordering\":2,\"metakey\":\"Editor, Edi\\u00e7\\u00e3o de Livro, Ci\\u00eancia, Autor, Ci\\u00eancia Capital, Escrever Livro, Publicar Livro, Publica\\u00e7\\u00e3o\",\"metadesc\":\"O time de editores da Ci\\u00eancia Capital Editora \\u00e9 composto por profissionais experientes e qualificados em diversas \\u00e1reas cient\\u00edficas. \",\"access\":1,\"hits\":20,\"metadata\":\"{\\\"robots\\\":\\\"\\\",\\\"author\\\":\\\"\\\",\\\"rights\\\":\\\"\\\"}\",\"featured\":\"1\",\"language\":\"*\",\"note\":\"\"}',0),(50,'com_content.article.7','','2023-04-22 22:58:39',591,3237,'efb63cb8c9e1fa6fb5e07d4aaddf15b23ca5bbe1','{\"id\":\"7\",\"asset_id\":126,\"title\":\"Equipe Editorial\",\"alias\":\"equipe-editorial\",\"introtext\":\"<p style=\\\"text-align: center;\\\"><strong>Conhe\\u00e7a nosso time de profissionais<\\/strong><\\/p>\\r\\n<p style=\\\"text-align: justify;\\\">O time de editores da Ci\\u00eancia Capital Editora \\u00e9 composto por profissionais experientes e qualificados em diversas \\u00e1reas cient\\u00edficas.<\\/p>\\r\\n\",\"fulltext\":\"\\r\\n<p style=\\\"text-align: justify;\\\">Nossos editores t\\u00eam vasta experi\\u00eancia na avalia\\u00e7\\u00e3o de trabalhos acad\\u00eamicos e cient\\u00edficos, e est\\u00e3o comprometidos em garantir que todos os trabalhos publicados atendam aos mais altos padr\\u00f5es editoriais. Al\\u00e9m disso, nossos editores possuem conhecimentos especializados em diferentes \\u00e1reas do conhecimento, permitindo que a Ci\\u00eancia Capital Editora publique trabalhos em uma ampla variedade de campos cient\\u00edficos. Para entrar em contato com nosso time de editores, envie um e-mail para <a href=\\\"mailto:contato@cienciacapital.com.br?subject=Equipe Editorial\\\" target=\\\"_blank\\\" rel=\\\"noopener\\\">contato@cienciacapital.com.br<\\/a>. Estamos ansiosos para trabalhar com voc\\u00ea.<\\/p>\",\"state\":\"1\",\"catid\":10,\"created\":\"2023-04-20 15:57:56\",\"created_by\":\"591\",\"created_by_alias\":\"Editora\",\"modified\":\"2023-04-22 22:58:39\",\"modified_by\":591,\"checked_out\":591,\"checked_out_time\":\"2023-04-22 22:57:41\",\"publish_up\":\"2023-04-20 15:57:56\",\"publish_down\":null,\"images\":\"{\\\"image_intro\\\":\\\"images\\\\\\/editores\\\\\\/editores-equipe-medio.jpg#joomlaImage:\\\\\\/\\\\\\/local-images\\\\\\/editores\\\\\\/editores-equipe-medio.jpg?width=1500&height=1001\\\",\\\"image_intro_alt\\\":\\\"Corre\\\\u00e7\\\\u00e3o do material\\\",\\\"image_intro_alt_empty\\\":\\\"1\\\",\\\"float_intro\\\":\\\"\\\",\\\"image_intro_caption\\\":\\\"Cr\\\\u00e9dito da Imagem Freepik\\\",\\\"image_fulltext\\\":\\\"\\\",\\\"image_fulltext_alt\\\":\\\"\\\",\\\"float_fulltext\\\":\\\"\\\",\\\"image_fulltext_caption\\\":\\\"\\\"}\",\"urls\":\"{\\\"urla\\\":\\\"\\\\\\/Freepik\\\",\\\"urlatext\\\":\\\"Imagem de Freepik\\\",\\\"targeta\\\":\\\"1\\\",\\\"urlb\\\":\\\"\\\",\\\"urlbtext\\\":\\\"\\\",\\\"targetb\\\":\\\"\\\",\\\"urlc\\\":\\\"\\\",\\\"urlctext\\\":\\\"\\\",\\\"targetc\\\":\\\"\\\"}\",\"attribs\":\"{\\\"article_layout\\\":\\\"\\\",\\\"show_title\\\":\\\"\\\",\\\"link_titles\\\":\\\"\\\",\\\"show_tags\\\":\\\"\\\",\\\"show_intro\\\":\\\"\\\",\\\"info_block_position\\\":\\\"\\\",\\\"info_block_show_title\\\":\\\"\\\",\\\"show_category\\\":\\\"\\\",\\\"link_category\\\":\\\"\\\",\\\"show_parent_category\\\":\\\"\\\",\\\"link_parent_category\\\":\\\"\\\",\\\"show_author\\\":\\\"\\\",\\\"link_author\\\":\\\"\\\",\\\"show_create_date\\\":\\\"\\\",\\\"show_modify_date\\\":\\\"\\\",\\\"show_publish_date\\\":\\\"\\\",\\\"show_item_navigation\\\":\\\"\\\",\\\"show_hits\\\":\\\"\\\",\\\"show_noauth\\\":\\\"\\\",\\\"urls_position\\\":\\\"\\\",\\\"alternative_readmore\\\":\\\"\\\",\\\"article_page_title\\\":\\\"\\\",\\\"show_publishing_options\\\":\\\"\\\",\\\"show_article_options\\\":\\\"\\\",\\\"show_urls_images_backend\\\":\\\"\\\",\\\"show_urls_images_frontend\\\":\\\"\\\"}\",\"version\":13,\"ordering\":2,\"metakey\":\"Editor, Edi\\u00e7\\u00e3o de Livro, Ci\\u00eancia, Autor, Ci\\u00eancia Capital, Escrever Livro, Publicar Livro, Publica\\u00e7\\u00e3o\",\"metadesc\":\"O time de editores da Ci\\u00eancia Capital Editora \\u00e9 composto por profissionais experientes e qualificados em diversas \\u00e1reas cient\\u00edficas. \",\"access\":1,\"hits\":20,\"metadata\":\"{\\\"robots\\\":\\\"\\\",\\\"author\\\":\\\"\\\",\\\"rights\\\":\\\"\\\"}\",\"featured\":\"1\",\"language\":\"*\",\"note\":\"\"}',0),(51,'com_content.article.7','','2023-04-22 23:01:17',591,3264,'61dbd7a295b47c1868b34ae673d312df4ba87991','{\"id\":\"7\",\"asset_id\":126,\"title\":\"Equipe Editorial\",\"alias\":\"equipe-editorial\",\"introtext\":\"<p style=\\\"text-align: center;\\\"><strong>Conhe\\u00e7a nosso time de profissionais<\\/strong><\\/p>\\r\\n<p style=\\\"text-align: justify;\\\">O time de editores da Ci\\u00eancia Capital Editora \\u00e9 composto por profissionais experientes e qualificados em diversas \\u00e1reas cient\\u00edficas.<\\/p>\\r\\n\",\"fulltext\":\"\\r\\n<p style=\\\"text-align: justify;\\\">Nossos editores t\\u00eam vasta experi\\u00eancia na avalia\\u00e7\\u00e3o de trabalhos acad\\u00eamicos e cient\\u00edficos, e est\\u00e3o comprometidos em garantir que todos os trabalhos publicados atendam aos mais altos padr\\u00f5es editoriais. Al\\u00e9m disso, nossos editores possuem conhecimentos especializados em diferentes \\u00e1reas do conhecimento, permitindo que a Ci\\u00eancia Capital Editora publique trabalhos em uma ampla variedade de campos cient\\u00edficos. Para entrar em contato com nosso time de editores, envie um e-mail para <a href=\\\"mailto:contato@cienciacapital.com.br?subject=Equipe Editorial\\\" target=\\\"_blank\\\" rel=\\\"noopener\\\">contato@cienciacapital.com.br<\\/a>. Estamos ansiosos para trabalhar com voc\\u00ea.<\\/p>\",\"state\":\"1\",\"catid\":10,\"created\":\"2023-04-20 15:57:56\",\"created_by\":\"591\",\"created_by_alias\":\"Editora\",\"modified\":\"2023-04-22 23:01:17\",\"modified_by\":591,\"checked_out\":591,\"checked_out_time\":\"2023-04-22 22:58:39\",\"publish_up\":\"2023-04-20 15:57:56\",\"publish_down\":null,\"images\":\"{\\\"image_intro\\\":\\\"images\\\\\\/editores\\\\\\/editores-equipe-medio.jpg#joomlaImage:\\\\\\/\\\\\\/local-images\\\\\\/editores\\\\\\/editores-equipe-medio.jpg?width=1500&height=1001\\\",\\\"image_intro_alt\\\":\\\"Corre\\\\u00e7\\\\u00e3o do material\\\",\\\"image_intro_alt_empty\\\":\\\"1\\\",\\\"float_intro\\\":\\\"\\\",\\\"image_intro_caption\\\":\\\"Cr\\\\u00e9dito da Imagem Freepik\\\\\\\" target=\\\\\\\"_blank\\\\\\\" rel=\\\\\\\"noopener\\\\\\\">Freepik\\\",\\\"image_fulltext\\\":\\\"\\\",\\\"image_fulltext_alt\\\":\\\"\\\",\\\"float_fulltext\\\":\\\"\\\",\\\"image_fulltext_caption\\\":\\\"\\\"}\",\"urls\":\"{\\\"urla\\\":\\\"\\\",\\\"urlatext\\\":\\\"\\\",\\\"targeta\\\":\\\"1\\\",\\\"urlb\\\":\\\"\\\",\\\"urlbtext\\\":\\\"\\\",\\\"targetb\\\":\\\"\\\",\\\"urlc\\\":\\\"\\\",\\\"urlctext\\\":\\\"\\\",\\\"targetc\\\":\\\"\\\"}\",\"attribs\":\"{\\\"article_layout\\\":\\\"\\\",\\\"show_title\\\":\\\"\\\",\\\"link_titles\\\":\\\"\\\",\\\"show_tags\\\":\\\"\\\",\\\"show_intro\\\":\\\"\\\",\\\"info_block_position\\\":\\\"\\\",\\\"info_block_show_title\\\":\\\"\\\",\\\"show_category\\\":\\\"\\\",\\\"link_category\\\":\\\"\\\",\\\"show_parent_category\\\":\\\"\\\",\\\"link_parent_category\\\":\\\"\\\",\\\"show_author\\\":\\\"\\\",\\\"link_author\\\":\\\"\\\",\\\"show_create_date\\\":\\\"\\\",\\\"show_modify_date\\\":\\\"\\\",\\\"show_publish_date\\\":\\\"\\\",\\\"show_item_navigation\\\":\\\"\\\",\\\"show_hits\\\":\\\"\\\",\\\"show_noauth\\\":\\\"\\\",\\\"urls_position\\\":\\\"\\\",\\\"alternative_readmore\\\":\\\"\\\",\\\"article_page_title\\\":\\\"\\\",\\\"show_publishing_options\\\":\\\"\\\",\\\"show_article_options\\\":\\\"\\\",\\\"show_urls_images_backend\\\":\\\"\\\",\\\"show_urls_images_frontend\\\":\\\"\\\"}\",\"version\":14,\"ordering\":2,\"metakey\":\"Editor, Edi\\u00e7\\u00e3o de Livro, Ci\\u00eancia, Autor, Ci\\u00eancia Capital, Escrever Livro, Publicar Livro, Publica\\u00e7\\u00e3o\",\"metadesc\":\"O time de editores da Ci\\u00eancia Capital Editora \\u00e9 composto por profissionais experientes e qualificados em diversas \\u00e1reas cient\\u00edficas. \",\"access\":1,\"hits\":22,\"metadata\":\"{\\\"robots\\\":\\\"\\\",\\\"author\\\":\\\"\\\",\\\"rights\\\":\\\"\\\"}\",\"featured\":\"1\",\"language\":\"*\",\"note\":\"\"}',0),(52,'com_content.article.7','','2023-04-22 23:04:02',591,3210,'75c296f1cb99f8d0a477fbffbde3561f1ed8e1e9','{\"id\":\"7\",\"asset_id\":126,\"title\":\"Equipe Editorial\",\"alias\":\"equipe-editorial\",\"introtext\":\"<p style=\\\"text-align: center;\\\"><strong>Conhe\\u00e7a nosso time de profissionais<\\/strong><\\/p>\\r\\n<p style=\\\"text-align: justify;\\\">O time de editores da Ci\\u00eancia Capital Editora \\u00e9 composto por profissionais experientes e qualificados em diversas \\u00e1reas cient\\u00edficas.<\\/p>\\r\\n\",\"fulltext\":\"\\r\\n<p style=\\\"text-align: justify;\\\">Nossos editores t\\u00eam vasta experi\\u00eancia na avalia\\u00e7\\u00e3o de trabalhos acad\\u00eamicos e cient\\u00edficos, e est\\u00e3o comprometidos em garantir que todos os trabalhos publicados atendam aos mais altos padr\\u00f5es editoriais. Al\\u00e9m disso, nossos editores possuem conhecimentos especializados em diferentes \\u00e1reas do conhecimento, permitindo que a Ci\\u00eancia Capital Editora publique trabalhos em uma ampla variedade de campos cient\\u00edficos. Para entrar em contato com nosso time de editores, envie um e-mail para <a href=\\\"mailto:contato@cienciacapital.com.br?subject=Equipe Editorial\\\" target=\\\"_blank\\\" rel=\\\"noopener\\\">contato@cienciacapital.com.br<\\/a>. Estamos ansiosos para trabalhar com voc\\u00ea.<\\/p>\",\"state\":\"1\",\"catid\":10,\"created\":\"2023-04-20 15:57:56\",\"created_by\":\"591\",\"created_by_alias\":\"Editora\",\"modified\":\"2023-04-22 23:04:02\",\"modified_by\":591,\"checked_out\":591,\"checked_out_time\":\"2023-04-22 23:01:17\",\"publish_up\":\"2023-04-20 15:57:56\",\"publish_down\":null,\"images\":\"{\\\"image_intro\\\":\\\"images\\\\\\/editores\\\\\\/editores-equipe-medio.jpg#joomlaImage:\\\\\\/\\\\\\/local-images\\\\\\/editores\\\\\\/editores-equipe-medio.jpg?width=1500&height=1001\\\",\\\"image_intro_alt\\\":\\\"Corre\\\\u00e7\\\\u00e3o do material\\\",\\\"image_intro_alt_empty\\\":\\\"1\\\",\\\"float_intro\\\":\\\"\\\",\\\"image_intro_caption\\\":\\\"Cr\\\\u00e9dito da Imagem: Freepik\\\",\\\"image_fulltext\\\":\\\"\\\",\\\"image_fulltext_alt\\\":\\\"\\\",\\\"float_fulltext\\\":\\\"\\\",\\\"image_fulltext_caption\\\":\\\"\\\"}\",\"urls\":\"{\\\"urla\\\":\\\"\\\",\\\"urlatext\\\":\\\"\\\",\\\"targeta\\\":\\\"1\\\",\\\"urlb\\\":\\\"\\\",\\\"urlbtext\\\":\\\"\\\",\\\"targetb\\\":\\\"\\\",\\\"urlc\\\":\\\"\\\",\\\"urlctext\\\":\\\"\\\",\\\"targetc\\\":\\\"\\\"}\",\"attribs\":\"{\\\"article_layout\\\":\\\"\\\",\\\"show_title\\\":\\\"\\\",\\\"link_titles\\\":\\\"\\\",\\\"show_tags\\\":\\\"\\\",\\\"show_intro\\\":\\\"\\\",\\\"info_block_position\\\":\\\"\\\",\\\"info_block_show_title\\\":\\\"\\\",\\\"show_category\\\":\\\"\\\",\\\"link_category\\\":\\\"\\\",\\\"show_parent_category\\\":\\\"\\\",\\\"link_parent_category\\\":\\\"\\\",\\\"show_author\\\":\\\"\\\",\\\"link_author\\\":\\\"\\\",\\\"show_create_date\\\":\\\"\\\",\\\"show_modify_date\\\":\\\"\\\",\\\"show_publish_date\\\":\\\"\\\",\\\"show_item_navigation\\\":\\\"\\\",\\\"show_hits\\\":\\\"\\\",\\\"show_noauth\\\":\\\"\\\",\\\"urls_position\\\":\\\"\\\",\\\"alternative_readmore\\\":\\\"\\\",\\\"article_page_title\\\":\\\"\\\",\\\"show_publishing_options\\\":\\\"\\\",\\\"show_article_options\\\":\\\"\\\",\\\"show_urls_images_backend\\\":\\\"\\\",\\\"show_urls_images_frontend\\\":\\\"\\\"}\",\"version\":15,\"ordering\":2,\"metakey\":\"Editor, Edi\\u00e7\\u00e3o de Livro, Ci\\u00eancia, Autor, Ci\\u00eancia Capital, Escrever Livro, Publicar Livro, Publica\\u00e7\\u00e3o\",\"metadesc\":\"O time de editores da Ci\\u00eancia Capital Editora \\u00e9 composto por profissionais experientes e qualificados em diversas \\u00e1reas cient\\u00edficas. \",\"access\":1,\"hits\":22,\"metadata\":\"{\\\"robots\\\":\\\"\\\",\\\"author\\\":\\\"\\\",\\\"rights\\\":\\\"\\\"}\",\"featured\":\"1\",\"language\":\"*\",\"note\":\"\"}',0),(53,'com_content.article.7','','2023-04-22 23:06:46',591,3404,'3fade3cb47f6040ab9026ca531efdd849ccc1abf','{\"id\":\"7\",\"asset_id\":126,\"title\":\"Equipe Editorial\",\"alias\":\"equipe-editorial\",\"introtext\":\"<p style=\\\"text-align: center;\\\"><strong>Conhe\\u00e7a nosso time de profissionais<\\/strong><\\/p>\\r\\n<p style=\\\"text-align: justify;\\\">O time de editores da Ci\\u00eancia Capital Editora \\u00e9 composto por profissionais experientes e qualificados em diversas \\u00e1reas cient\\u00edficas.<\\/p>\\r\\n\",\"fulltext\":\"\\r\\n<p style=\\\"text-align: justify;\\\">Nossos editores t\\u00eam vasta experi\\u00eancia na avalia\\u00e7\\u00e3o de trabalhos acad\\u00eamicos e cient\\u00edficos, e est\\u00e3o comprometidos em garantir que todos os trabalhos publicados atendam aos mais altos padr\\u00f5es editoriais. Al\\u00e9m disso, nossos editores possuem conhecimentos especializados em diferentes \\u00e1reas do conhecimento, permitindo que a Ci\\u00eancia Capital Editora publique trabalhos em uma ampla variedade de campos cient\\u00edficos. Para entrar em contato com nosso time de editores, envie um e-mail para <a href=\\\"mailto:contato@cienciacapital.com.br?subject=Equipe Editorial\\\" target=\\\"_blank\\\" rel=\\\"noopener\\\">contato@cienciacapital.com.br<\\/a>. Estamos ansiosos para trabalhar com voc\\u00ea.<\\/p>\",\"state\":\"1\",\"catid\":10,\"created\":\"2023-04-20 15:57:56\",\"created_by\":\"591\",\"created_by_alias\":\"Editora\",\"modified\":\"2023-04-22 23:06:46\",\"modified_by\":591,\"checked_out\":591,\"checked_out_time\":\"2023-04-22 23:04:02\",\"publish_up\":\"2023-04-20 15:57:56\",\"publish_down\":null,\"images\":\"{\\\"image_intro\\\":\\\"images\\\\\\/editores\\\\\\/editores-equipe-medio.jpg#joomlaImage:\\\\\\/\\\\\\/local-images\\\\\\/editores\\\\\\/editores-equipe-medio.jpg?width=1500&height=1001\\\",\\\"image_intro_alt\\\":\\\"Corre\\\\u00e7\\\\u00e3o do material\\\",\\\"image_intro_alt_empty\\\":\\\"1\\\",\\\"float_intro\\\":\\\"\\\",\\\"image_intro_caption\\\":\\\"Cr\\\\u00e9dito da Imagem: Freepik\\\",\\\"image_fulltext\\\":\\\"images\\\\\\/editores\\\\\\/editores-equipe-artigo.jpg#joomlaImage:\\\\\\/\\\\\\/local-images\\\\\\/editores\\\\\\/editores-equipe-artigo.jpg?width=1500&height=1000\\\",\\\"image_fulltext_alt\\\":\\\"Meu livro pronto\\\",\\\"float_fulltext\\\":\\\"\\\",\\\"image_fulltext_caption\\\":\\\"Cr\\\\u00e9dito da Imagem: Freepik\\\"}\",\"urls\":\"{\\\"urla\\\":\\\"\\\",\\\"urlatext\\\":\\\"\\\",\\\"targeta\\\":\\\"1\\\",\\\"urlb\\\":\\\"\\\",\\\"urlbtext\\\":\\\"\\\",\\\"targetb\\\":\\\"\\\",\\\"urlc\\\":\\\"\\\",\\\"urlctext\\\":\\\"\\\",\\\"targetc\\\":\\\"\\\"}\",\"attribs\":\"{\\\"article_layout\\\":\\\"\\\",\\\"show_title\\\":\\\"\\\",\\\"link_titles\\\":\\\"\\\",\\\"show_tags\\\":\\\"\\\",\\\"show_intro\\\":\\\"\\\",\\\"info_block_position\\\":\\\"\\\",\\\"info_block_show_title\\\":\\\"\\\",\\\"show_category\\\":\\\"\\\",\\\"link_category\\\":\\\"\\\",\\\"show_parent_category\\\":\\\"\\\",\\\"link_parent_category\\\":\\\"\\\",\\\"show_author\\\":\\\"\\\",\\\"link_author\\\":\\\"\\\",\\\"show_create_date\\\":\\\"\\\",\\\"show_modify_date\\\":\\\"\\\",\\\"show_publish_date\\\":\\\"\\\",\\\"show_item_navigation\\\":\\\"\\\",\\\"show_hits\\\":\\\"\\\",\\\"show_noauth\\\":\\\"\\\",\\\"urls_position\\\":\\\"\\\",\\\"alternative_readmore\\\":\\\"\\\",\\\"article_page_title\\\":\\\"\\\",\\\"show_publishing_options\\\":\\\"\\\",\\\"show_article_options\\\":\\\"\\\",\\\"show_urls_images_backend\\\":\\\"\\\",\\\"show_urls_images_frontend\\\":\\\"\\\"}\",\"version\":16,\"ordering\":2,\"metakey\":\"Editor, Edi\\u00e7\\u00e3o de Livro, Ci\\u00eancia, Autor, Ci\\u00eancia Capital, Escrever Livro, Publicar Livro, Publica\\u00e7\\u00e3o\",\"metadesc\":\"O time de editores da Ci\\u00eancia Capital Editora \\u00e9 composto por profissionais experientes e qualificados em diversas \\u00e1reas cient\\u00edficas. \",\"access\":1,\"hits\":24,\"metadata\":\"{\\\"robots\\\":\\\"\\\",\\\"author\\\":\\\"\\\",\\\"rights\\\":\\\"\\\"}\",\"featured\":\"1\",\"language\":\"*\",\"note\":\"\"}',0),(56,'com_content.category.17','','2023-04-22 23:27:38',591,760,'49dc0a476c89201df7e899fc4254fd76cd4686f8','{\"id\":\"17\",\"asset_id\":151,\"parent_id\":1,\"lft\":29,\"rgt\":30,\"level\":1,\"path\":\"equipe-editorial\",\"extension\":\"com_content\",\"title\":\"Equipe Editorial 2\",\"alias\":\"equipe-editorial2\",\"note\":\"\",\"description\":\"<p>O time de editores da Ci\\u00eancia Capital Editora \\u00e9 composto por profissionais experientes e qualificados em diversas \\u00e1reas cient\\u00edficas.\\u00a0<\\/p>\",\"published\":\"1\",\"checked_out\":591,\"checked_out_time\":\"2023-04-22 23:27:33\",\"access\":1,\"params\":\"{\\\"category_layout\\\":\\\"\\\",\\\"image\\\":\\\"\\\",\\\"image_alt\\\":\\\"\\\"}\",\"metadesc\":\"\",\"metakey\":\"\",\"metadata\":\"{\\\"author\\\":\\\"\\\",\\\"robots\\\":\\\"\\\"}\",\"created_user_id\":\"591\",\"created_time\":\"2023-04-22 22:41:22\",\"modified_user_id\":591,\"modified_time\":\"2023-04-22 23:27:38\",\"hits\":0,\"language\":\"*\",\"version\":1}',0),(57,'com_content.category.10','','2023-04-22 23:27:51',591,747,'454c3e6efa8d48e17f858469265e7984e39d6b4a','{\"id\":\"10\",\"asset_id\":118,\"parent_id\":1,\"lft\":15,\"rgt\":16,\"level\":1,\"path\":\"joomla\",\"extension\":\"com_content\",\"title\":\"Equipe Editorial\",\"alias\":\"equipe-editorial\",\"note\":\"\",\"description\":\"<p>O time de editores da Ci\\u00eancia Capital Editora \\u00e9 composto por profissionais experientes e qualificados em diversas \\u00e1reas cient\\u00edficas.\\u00a0<\\/p>\",\"published\":\"1\",\"checked_out\":591,\"checked_out_time\":\"2023-04-22 23:27:46\",\"access\":1,\"params\":\"{\\\"category_layout\\\":\\\"\\\",\\\"image\\\":\\\"\\\",\\\"image_alt\\\":\\\"\\\"}\",\"metadesc\":\"\",\"metakey\":\"\",\"metadata\":\"{\\\"author\\\":\\\"\\\",\\\"robots\\\":\\\"\\\"}\",\"created_user_id\":\"591\",\"created_time\":\"2023-04-20 15:57:56\",\"modified_user_id\":591,\"modified_time\":\"2023-04-22 23:27:51\",\"hits\":0,\"language\":\"*\",\"version\":1}',0),(58,'com_content.category.18','','2023-04-22 23:30:43',591,1687,'6933fce0af555add935f9c36da1095e98ac6e776','{\"id\":18,\"asset_id\":152,\"parent_id\":1,\"lft\":31,\"rgt\":32,\"level\":1,\"path\":null,\"extension\":\"com_content\",\"title\":\"Servi\\u00e7os Editoriais\",\"alias\":\"servicos-editoriais\",\"note\":\"\",\"description\":\"<p>A Ci\\u00eancia Capital Editora oferece uma ampla gama de servi\\u00e7os editoriais para ajudar os autores a melhorar a qualidade e o impacto de seus trabalhos.<\\/p>\\r\\n<p>Nossos servi\\u00e7os incluem revis\\u00e3o de texto, edi\\u00e7\\u00e3o de conte\\u00fado, formata\\u00e7\\u00e3o de texto, tradu\\u00e7\\u00e3o e muito mais. Nossos editores altamente qualificados trabalham em estreita colabora\\u00e7\\u00e3o com os autores para garantir que seus trabalhos sejam apresentados da melhor forma poss\\u00edvel, com corre\\u00e7\\u00f5es precisas e adequadas ao idioma e ao estilo editorial. Com nossos servi\\u00e7os editoriais, os autores podem melhorar a clareza e a precis\\u00e3o de seus trabalhos, aumentando suas chances de aceita\\u00e7\\u00e3o para publica\\u00e7\\u00e3o em revistas cient\\u00edficas e acad\\u00eamicas de alto impacto. Para saber mais sobre nossos servi\\u00e7os editoriais, entre em contato conosco atrav\\u00e9s de nosso site oficial ou envie um e-mail para [inserir endere\\u00e7o de e-mail]. Estamos prontos para ajudar voc\\u00ea a alcan\\u00e7ar o sucesso na publica\\u00e7\\u00e3o de seu trabalho.<\\/p>\",\"published\":\"1\",\"checked_out\":null,\"checked_out_time\":null,\"access\":1,\"params\":\"{\\\"category_layout\\\":\\\"\\\",\\\"image\\\":\\\"\\\",\\\"image_alt\\\":\\\"\\\"}\",\"metadesc\":\"\",\"metakey\":\"\",\"metadata\":\"{\\\"author\\\":\\\"\\\",\\\"robots\\\":\\\"\\\"}\",\"created_user_id\":591,\"created_time\":\"2023-04-22 23:30:43\",\"modified_user_id\":591,\"modified_time\":\"2023-04-22 23:30:43\",\"hits\":null,\"language\":\"*\",\"version\":null}',0),(59,'com_content.category.18','','2023-04-22 23:31:12',591,771,'9d6a84ea34175184795ad1d087d902115522622e','{\"id\":\"18\",\"asset_id\":152,\"parent_id\":1,\"lft\":31,\"rgt\":32,\"level\":1,\"path\":\"servicos-editoriais\",\"extension\":\"com_content\",\"title\":\"Servi\\u00e7os Editoriais\",\"alias\":\"servicos-editoriais\",\"note\":\"\",\"description\":\"<p>A Ci\\u00eancia Capital Editora oferece uma ampla gama de servi\\u00e7os editoriais para ajudar os autores a melhorar a qualidade e o impacto de seus trabalhos.<\\/p>\",\"published\":\"1\",\"checked_out\":591,\"checked_out_time\":\"2023-04-22 23:30:56\",\"access\":1,\"params\":\"{\\\"category_layout\\\":\\\"\\\",\\\"image\\\":\\\"\\\",\\\"image_alt\\\":\\\"\\\"}\",\"metadesc\":\"\",\"metakey\":\"\",\"metadata\":\"{\\\"author\\\":\\\"\\\",\\\"robots\\\":\\\"\\\"}\",\"created_user_id\":\"591\",\"created_time\":\"2023-04-22 23:30:43\",\"modified_user_id\":591,\"modified_time\":\"2023-04-22 23:31:12\",\"hits\":0,\"language\":\"*\",\"version\":1}',0),(61,'com_content.article.9','','2023-04-22 23:39:10',591,2327,'15e500f7b4abcee7f86c29be21185948d304dd34','{\"id\":\"9\",\"asset_id\":128,\"title\":\"Joomla2\",\"alias\":\"joomla\",\"introtext\":\"<p><strong>Orgulhosamente apresentamos a vers\\u00e3o 4 do Joomla.<\\/strong><\\/p>\\r\\n<p>Saiba mais sobre fluxos de trabalho no Joomla.<\\/p>\\r\\n\",\"fulltext\":\"\\r\\n<p>Cupcake ipsum dolor. Sit amet cotton candy ice cream sesame snaps cake marshmallow powder. Ice cream chocolate cake marshmallow halvah bonbon. Drag\\u00e9e carrot cake danish candy muffin brownie. Candy sugar plum ice cream chupa chups macaroon tiramisu souffl\\u00e9 oat cake. Topping cheesecake lollipop gummi bears icing sweet roll donut liquorice. Pie jelly-o candy donut oat cake cotton candy.<\\/p>\",\"state\":\"1\",\"catid\":10,\"created\":\"2023-04-20 15:57:56\",\"created_by\":\"591\",\"created_by_alias\":\"Editora\",\"modified\":\"2023-04-22 23:39:10\",\"modified_by\":591,\"checked_out\":591,\"checked_out_time\":\"2023-04-22 23:38:25\",\"publish_up\":\"2023-04-20 15:57:56\",\"publish_down\":null,\"images\":\"{\\\"image_intro\\\":\\\"images\\\\\\/sampledata\\\\\\/cassiopeia\\\\\\/nasa3-640.jpg#joomlaImage:\\\\\\/\\\\\\/local-images\\\\\\/sampledata\\\\\\/cassiopeia\\\\\\/nasa3-640.jpg?width=640&height=320\\\",\\\"image_intro_alt\\\":\\\"\\\",\\\"image_intro_alt_empty\\\":\\\"1\\\",\\\"float_intro\\\":\\\"\\\",\\\"image_intro_caption\\\":\\\"\\\",\\\"image_fulltext\\\":\\\"\\\",\\\"image_fulltext_alt\\\":\\\"\\\",\\\"float_fulltext\\\":\\\"\\\",\\\"image_fulltext_caption\\\":\\\"\\\"}\",\"urls\":\"{\\\"urla\\\":\\\"\\\",\\\"urlatext\\\":\\\"\\\",\\\"targeta\\\":\\\"\\\",\\\"urlb\\\":\\\"\\\",\\\"urlbtext\\\":\\\"\\\",\\\"targetb\\\":\\\"\\\",\\\"urlc\\\":\\\"\\\",\\\"urlctext\\\":\\\"\\\",\\\"targetc\\\":\\\"\\\"}\",\"attribs\":\"{\\\"article_layout\\\":\\\"\\\",\\\"show_title\\\":\\\"\\\",\\\"link_titles\\\":\\\"\\\",\\\"show_tags\\\":\\\"\\\",\\\"show_intro\\\":\\\"\\\",\\\"info_block_position\\\":\\\"\\\",\\\"info_block_show_title\\\":\\\"\\\",\\\"show_category\\\":\\\"\\\",\\\"link_category\\\":\\\"\\\",\\\"show_parent_category\\\":\\\"\\\",\\\"link_parent_category\\\":\\\"\\\",\\\"show_author\\\":\\\"\\\",\\\"link_author\\\":\\\"\\\",\\\"show_create_date\\\":\\\"\\\",\\\"show_modify_date\\\":\\\"\\\",\\\"show_publish_date\\\":\\\"\\\",\\\"show_item_navigation\\\":\\\"\\\",\\\"show_hits\\\":\\\"\\\",\\\"show_noauth\\\":\\\"\\\",\\\"urls_position\\\":\\\"\\\",\\\"alternative_readmore\\\":\\\"\\\",\\\"article_page_title\\\":\\\"\\\",\\\"show_publishing_options\\\":\\\"\\\",\\\"show_article_options\\\":\\\"\\\",\\\"show_urls_images_backend\\\":\\\"\\\",\\\"show_urls_images_frontend\\\":\\\"\\\"}\",\"version\":3,\"ordering\":0,\"metakey\":\"\",\"metadesc\":\"\",\"access\":1,\"hits\":2,\"metadata\":\"{\\\"robots\\\":\\\"\\\",\\\"author\\\":\\\"\\\",\\\"rights\\\":\\\"\\\"}\",\"featured\":\"0\",\"language\":\"*\",\"note\":\"\"}',0),(63,'com_tags.tag.14','','2023-04-23 00:38:57',591,508,'805794b988e87792b0f663e563d3678c72ef724b','{\"id\":14,\"parent_id\":1,\"lft\":25,\"rgt\":26,\"level\":1,\"path\":\"servicos\",\"title\":\"Servi\\u00e7os\",\"alias\":\"servicos\",\"note\":\"\",\"description\":\"\",\"published\":1,\"checked_out\":null,\"checked_out_time\":null,\"access\":1,\"params\":\"{}\",\"metadesc\":\"\",\"metakey\":\"\",\"metadata\":\"{}\",\"created_user_id\":591,\"created_time\":\"2023-04-23 00:38:57\",\"created_by_alias\":\"\",\"modified_user_id\":591,\"modified_time\":\"2023-04-23 00:38:57\",\"images\":\"{}\",\"urls\":\"{}\",\"hits\":0,\"language\":\"*\",\"version\":\"1\",\"publish_up\":null,\"publish_down\":null}',0),(64,'com_tags.tag.15','','2023-04-23 00:38:57',591,500,'bd2b3dcef7382fae29eded5a6112ea20c39b772f','{\"id\":15,\"parent_id\":1,\"lft\":27,\"rgt\":28,\"level\":1,\"path\":\"editora\",\"title\":\"Editora\",\"alias\":\"editora\",\"note\":\"\",\"description\":\"\",\"published\":1,\"checked_out\":null,\"checked_out_time\":null,\"access\":1,\"params\":\"{}\",\"metadesc\":\"\",\"metakey\":\"\",\"metadata\":\"{}\",\"created_user_id\":591,\"created_time\":\"2023-04-23 00:38:57\",\"created_by_alias\":\"\",\"modified_user_id\":591,\"modified_time\":\"2023-04-23 00:38:57\",\"images\":\"{}\",\"urls\":\"{}\",\"hits\":0,\"language\":\"*\",\"version\":\"1\",\"publish_up\":null,\"publish_down\":null}',0),(66,'com_tags.tag.16','','2023-04-23 00:56:30',591,497,'d1b8cd43a8b4b9990a48f367c8cf842da2bc4ed0','{\"id\":16,\"parent_id\":1,\"lft\":29,\"rgt\":30,\"level\":1,\"path\":\"livros\",\"title\":\"Livros\",\"alias\":\"livros\",\"note\":\"\",\"description\":\"\",\"published\":1,\"checked_out\":null,\"checked_out_time\":null,\"access\":1,\"params\":\"{}\",\"metadesc\":\"\",\"metakey\":\"\",\"metadata\":\"{}\",\"created_user_id\":591,\"created_time\":\"2023-04-23 00:56:30\",\"created_by_alias\":\"\",\"modified_user_id\":591,\"modified_time\":\"2023-04-23 00:56:30\",\"images\":\"{}\",\"urls\":\"{}\",\"hits\":0,\"language\":\"*\",\"version\":\"1\",\"publish_up\":null,\"publish_down\":null}',0),(67,'com_tags.tag.17','','2023-04-23 00:56:30',591,509,'016270a352cc4a3d48c676a6753d53d693627e27','{\"id\":17,\"parent_id\":1,\"lft\":31,\"rgt\":32,\"level\":1,\"path\":\"publicados\",\"title\":\"Publicados\",\"alias\":\"publicados\",\"note\":\"\",\"description\":\"\",\"published\":1,\"checked_out\":null,\"checked_out_time\":null,\"access\":1,\"params\":\"{}\",\"metadesc\":\"\",\"metakey\":\"\",\"metadata\":\"{}\",\"created_user_id\":591,\"created_time\":\"2023-04-23 00:56:30\",\"created_by_alias\":\"\",\"modified_user_id\":591,\"modified_time\":\"2023-04-23 00:56:30\",\"images\":\"{}\",\"urls\":\"{}\",\"hits\":0,\"language\":\"*\",\"version\":\"1\",\"publish_up\":null,\"publish_down\":null}',0),(68,'com_content.category.19','','2023-04-23 00:56:30',591,634,'90971050d2279a4e75fb29c0f42c5755b3f2e150','{\"id\":19,\"asset_id\":153,\"parent_id\":1,\"lft\":33,\"rgt\":34,\"level\":1,\"path\":null,\"extension\":\"com_content\",\"title\":\"Livros Publicados\",\"alias\":\"livros-publicados\",\"note\":\"\",\"description\":\"<p>Todos os livros publicados pela Ci\\u00eancia Capital Editora.<\\/p>\",\"published\":\"1\",\"checked_out\":null,\"checked_out_time\":null,\"access\":1,\"params\":\"{\\\"category_layout\\\":\\\"\\\",\\\"image\\\":\\\"\\\",\\\"image_alt\\\":\\\"\\\"}\",\"metadesc\":\"\",\"metakey\":\"\",\"metadata\":\"{\\\"author\\\":\\\"\\\",\\\"robots\\\":\\\"\\\"}\",\"created_user_id\":591,\"created_time\":\"2023-04-23 00:56:30\",\"modified_user_id\":591,\"modified_time\":\"2023-04-23 00:56:30\",\"hits\":null,\"language\":\"*\",\"version\":null}',0),(69,'com_content.category.20','','2023-04-23 01:00:43',591,603,'2aba7b94cd33ded8cd5faeda85123cae92f16466','{\"id\":20,\"asset_id\":154,\"parent_id\":1,\"lft\":35,\"rgt\":36,\"level\":1,\"path\":null,\"extension\":\"com_content\",\"title\":\"Livros\",\"alias\":\"livros\",\"note\":\"\",\"description\":\"<p>Livros publicados pela Ci\\u00eancia Capital Editora.<\\/p>\",\"published\":\"1\",\"checked_out\":null,\"checked_out_time\":null,\"access\":1,\"params\":\"{\\\"category_layout\\\":\\\"\\\",\\\"image\\\":\\\"\\\",\\\"image_alt\\\":\\\"\\\"}\",\"metadesc\":\"\",\"metakey\":\"\",\"metadata\":\"{\\\"author\\\":\\\"\\\",\\\"robots\\\":\\\"\\\"}\",\"created_user_id\":591,\"created_time\":\"2023-04-23 01:00:43\",\"modified_user_id\":591,\"modified_time\":\"2023-04-23 01:00:43\",\"hits\":null,\"language\":\"*\",\"version\":null}',0),(70,'com_content.category.12','','2023-04-23 01:01:17',591,788,'09d3c1da74afca212815eff611152a236b00d4bb','{\"id\":\"12\",\"asset_id\":146,\"parent_id\":19,\"lft\":28,\"rgt\":33,\"level\":2,\"path\":\"ciencias-exatas-e-da-natureza\",\"extension\":\"com_content\",\"title\":\"Ci\\u00eancias Exatas e da Natureza\",\"alias\":\"ciencias-exatas-e-da-natureza\",\"note\":\"\",\"description\":\"<p>Publica\\u00e7\\u00f5es nas \\u00e1reas de Matem\\u00e1tica, Estat\\u00edstica, F\\u00edsica, Qu\\u00edmica, Ci\\u00eancias Biol\\u00f3gicas e Geografia.<\\/p>\",\"published\":\"1\",\"checked_out\":591,\"checked_out_time\":\"2023-04-23 01:00:59\",\"access\":1,\"params\":\"{\\\"category_layout\\\":\\\"\\\",\\\"image\\\":\\\"\\\",\\\"image_alt\\\":\\\"\\\"}\",\"metadesc\":\"\",\"metakey\":\"\",\"metadata\":\"{\\\"author\\\":\\\"\\\",\\\"robots\\\":\\\"\\\"}\",\"created_user_id\":\"591\",\"created_time\":\"2023-04-22 13:56:30\",\"modified_user_id\":591,\"modified_time\":\"2023-04-23 01:01:17\",\"hits\":0,\"language\":\"*\",\"version\":1}',0),(71,'com_content.category.15','','2023-04-23 01:01:47',591,822,'d311056bc1131e57ed4eb16de444efb404b7cf58','{\"id\":\"15\",\"asset_id\":149,\"parent_id\":19,\"lft\":30,\"rgt\":33,\"level\":2,\"path\":\"tecnologia\",\"extension\":\"com_content\",\"title\":\"Tecnologia\",\"alias\":\"tecnologia\",\"note\":\"\",\"description\":\"<p>Publica\\u00e7\\u00f5es nas \\u00e1reas de Arquitetura e Urbanismo, Engenharia de Alimentos, Engenharia de Materiais, Engenharia de Produ\\u00e7\\u00e3o, Engenharia Civil, Engenharia Ambiental, Engenharia Mec\\u00e2nica e Engenharia Qu\\u00edmica.<\\/p>\",\"published\":\"1\",\"checked_out\":591,\"checked_out_time\":\"2023-04-23 01:01:39\",\"access\":1,\"params\":\"{\\\"category_layout\\\":\\\"\\\",\\\"image\\\":\\\"\\\",\\\"image_alt\\\":\\\"\\\"}\",\"metadesc\":\"\",\"metakey\":\"\",\"metadata\":\"{\\\"author\\\":\\\"\\\",\\\"robots\\\":\\\"\\\"}\",\"created_user_id\":\"591\",\"created_time\":\"2023-04-22 19:34:55\",\"modified_user_id\":591,\"modified_time\":\"2023-04-23 01:01:47\",\"hits\":0,\"language\":\"*\",\"version\":1}',0),(72,'com_content.article.8','','2023-04-23 01:10:24',591,3330,'134137e86746421b410f85894e1a1845b71db459','{\"id\":\"8\",\"asset_id\":127,\"title\":\"Servi\\u00e7os Editoriais\",\"alias\":\"servicos-editoriais\",\"introtext\":\"<p style=\\\"text-align: center;\\\"><strong>Servi\\u00e7os Editoriais<\\/strong><\\/p>\\r\\n<p style=\\\"text-align: justify;\\\">A Ci\\u00eancia Capital Editora oferece uma ampla gama de servi\\u00e7os editoriais para ajudar os autores a melhorar a qualidade e o impacto de seus trabalhos.\\u00a0<\\/p>\\r\\n\",\"fulltext\":\"\\r\\n<p style=\\\"text-align: justify;\\\">\\u00a0<\\/p>\\r\\n<p style=\\\"text-align: justify;\\\">Nossos servi\\u00e7os incluem revis\\u00e3o de texto, edi\\u00e7\\u00e3o de conte\\u00fado, formata\\u00e7\\u00e3o de texto, tradu\\u00e7\\u00e3o e muito mais. Nossos editores altamente qualificados trabalham em estreita colabora\\u00e7\\u00e3o com os autores para garantir que seus trabalhos sejam apresentados da melhor forma poss\\u00edvel, com corre\\u00e7\\u00f5es precisas e adequadas ao idioma e ao estilo editorial. Com nossos servi\\u00e7os editoriais, os autores podem melhorar a clareza e a precis\\u00e3o de seus trabalhos, aumentando suas chances de aceita\\u00e7\\u00e3o para publica\\u00e7\\u00e3o em revistas cient\\u00edficas e acad\\u00eamicas de alto impacto. Para saber mais sobre nossos servi\\u00e7os editoriais, entre em contato conosco atrav\\u00e9s de nosso site oficial ou envie um e-mail para [inserir endere\\u00e7o de e-mail]. Estamos prontos para ajudar voc\\u00ea a alcan\\u00e7ar o sucesso na publica\\u00e7\\u00e3o de seu trabalho.<\\/p>\",\"state\":\"1\",\"catid\":18,\"created\":\"2023-04-20 15:57:56\",\"created_by\":\"591\",\"created_by_alias\":\"Editora\",\"modified\":\"2023-04-23 01:10:24\",\"modified_by\":591,\"checked_out\":591,\"checked_out_time\":\"2023-04-23 01:09:52\",\"publish_up\":\"2023-04-20 15:57:56\",\"publish_down\":null,\"images\":\"{\\\"image_intro\\\":\\\"images\\\\\\/servicos\\\\\\/servicos-editoriais.jpg#joomlaImage:\\\\\\/\\\\\\/local-images\\\\\\/servicos\\\\\\/servicos-editoriais.jpg?width=1000&height=667\\\",\\\"image_intro_alt\\\":\\\"\\\",\\\"image_intro_alt_empty\\\":\\\"1\\\",\\\"float_intro\\\":\\\"\\\",\\\"image_intro_caption\\\":\\\"Cr\\\\u00e9dito da Imagem Freepik\\\",\\\"image_fulltext\\\":\\\"images\\\\\\/servicos\\\\\\/servicos-editoriais-artigo.jpg#joomlaImage:\\\\\\/\\\\\\/local-images\\\\\\/servicos\\\\\\/servicos-editoriais-artigo.jpg?width=1000&height=667\\\",\\\"image_fulltext_alt\\\":\\\"\\\",\\\"float_fulltext\\\":\\\"\\\",\\\"image_fulltext_caption\\\":\\\"Cr\\\\u00e9dito da Imagem Freepik\\\"}\",\"urls\":\"{\\\"urla\\\":\\\"\\\",\\\"urlatext\\\":\\\"\\\",\\\"targeta\\\":\\\"\\\",\\\"urlb\\\":\\\"\\\",\\\"urlbtext\\\":\\\"\\\",\\\"targetb\\\":\\\"\\\",\\\"urlc\\\":\\\"\\\",\\\"urlctext\\\":\\\"\\\",\\\"targetc\\\":\\\"\\\"}\",\"attribs\":\"{\\\"article_layout\\\":\\\"\\\",\\\"show_title\\\":\\\"\\\",\\\"link_titles\\\":\\\"\\\",\\\"show_tags\\\":\\\"\\\",\\\"show_intro\\\":\\\"\\\",\\\"info_block_position\\\":\\\"\\\",\\\"info_block_show_title\\\":\\\"\\\",\\\"show_category\\\":\\\"\\\",\\\"link_category\\\":\\\"\\\",\\\"show_parent_category\\\":\\\"\\\",\\\"link_parent_category\\\":\\\"\\\",\\\"show_author\\\":\\\"\\\",\\\"link_author\\\":\\\"\\\",\\\"show_create_date\\\":\\\"\\\",\\\"show_modify_date\\\":\\\"\\\",\\\"show_publish_date\\\":\\\"\\\",\\\"show_item_navigation\\\":\\\"\\\",\\\"show_hits\\\":\\\"\\\",\\\"show_noauth\\\":\\\"\\\",\\\"urls_position\\\":\\\"\\\",\\\"alternative_readmore\\\":\\\"\\\",\\\"article_page_title\\\":\\\"\\\",\\\"show_publishing_options\\\":\\\"\\\",\\\"show_article_options\\\":\\\"\\\",\\\"show_urls_images_backend\\\":\\\"\\\",\\\"show_urls_images_frontend\\\":\\\"\\\"}\",\"version\":9,\"ordering\":1,\"metakey\":\"\",\"metadesc\":\"\",\"access\":1,\"hits\":32,\"metadata\":\"{\\\"robots\\\":\\\"\\\",\\\"author\\\":\\\"\\\",\\\"rights\\\":\\\"\\\"}\",\"featured\":\"1\",\"language\":\"*\",\"note\":\"\"}',0),(73,'com_content.article.8','','2023-04-23 01:10:52',591,3380,'b49db363b64ca64f71fde5c826f890f04f1deeca','{\"id\":\"8\",\"asset_id\":127,\"title\":\"Servi\\u00e7os Editoriais\",\"alias\":\"servicos-editoriais\",\"introtext\":\"<p style=\\\"text-align: center;\\\"><strong>Servi\\u00e7os Editoriais<\\/strong><\\/p>\\r\\n<p style=\\\"text-align: justify;\\\">A Ci\\u00eancia Capital Editora oferece uma ampla gama de servi\\u00e7os editoriais para ajudar os autores a melhorar a qualidade e o impacto de seus trabalhos.\\u00a0<\\/p>\\r\\n<p style=\\\"text-align: justify;\\\">\\u00a0<\\/p>\\r\\n\",\"fulltext\":\"\\r\\n<p style=\\\"text-align: justify;\\\">\\u00a0<\\/p>\\r\\n<p style=\\\"text-align: justify;\\\">Nossos servi\\u00e7os incluem revis\\u00e3o de texto, edi\\u00e7\\u00e3o de conte\\u00fado, formata\\u00e7\\u00e3o de texto, tradu\\u00e7\\u00e3o e muito mais. Nossos editores altamente qualificados trabalham em estreita colabora\\u00e7\\u00e3o com os autores para garantir que seus trabalhos sejam apresentados da melhor forma poss\\u00edvel, com corre\\u00e7\\u00f5es precisas e adequadas ao idioma e ao estilo editorial. Com nossos servi\\u00e7os editoriais, os autores podem melhorar a clareza e a precis\\u00e3o de seus trabalhos, aumentando suas chances de aceita\\u00e7\\u00e3o para publica\\u00e7\\u00e3o em revistas cient\\u00edficas e acad\\u00eamicas de alto impacto. Para saber mais sobre nossos servi\\u00e7os editoriais, entre em contato conosco atrav\\u00e9s de nosso site oficial ou envie um e-mail para [inserir endere\\u00e7o de e-mail]. Estamos prontos para ajudar voc\\u00ea a alcan\\u00e7ar o sucesso na publica\\u00e7\\u00e3o de seu trabalho.<\\/p>\",\"state\":\"1\",\"catid\":18,\"created\":\"2023-04-20 15:57:56\",\"created_by\":\"591\",\"created_by_alias\":\"Editora\",\"modified\":\"2023-04-23 01:10:52\",\"modified_by\":591,\"checked_out\":591,\"checked_out_time\":\"2023-04-23 01:10:24\",\"publish_up\":\"2023-04-20 15:57:56\",\"publish_down\":null,\"images\":\"{\\\"image_intro\\\":\\\"images\\\\\\/servicos\\\\\\/servicos-editoriais.jpg#joomlaImage:\\\\\\/\\\\\\/local-images\\\\\\/servicos\\\\\\/servicos-editoriais.jpg?width=1000&height=667\\\",\\\"image_intro_alt\\\":\\\"\\\",\\\"image_intro_alt_empty\\\":\\\"1\\\",\\\"float_intro\\\":\\\"\\\",\\\"image_intro_caption\\\":\\\"Cr\\\\u00e9dito da Imagem Freepik\\\",\\\"image_fulltext\\\":\\\"images\\\\\\/servicos\\\\\\/servicos-editoriais-artigo.jpg#joomlaImage:\\\\\\/\\\\\\/local-images\\\\\\/servicos\\\\\\/servicos-editoriais-artigo.jpg?width=1000&height=667\\\",\\\"image_fulltext_alt\\\":\\\"\\\",\\\"float_fulltext\\\":\\\"\\\",\\\"image_fulltext_caption\\\":\\\"Cr\\\\u00e9dito da Imagem Freepik\\\"}\",\"urls\":\"{\\\"urla\\\":\\\"\\\",\\\"urlatext\\\":\\\"\\\",\\\"targeta\\\":\\\"\\\",\\\"urlb\\\":\\\"\\\",\\\"urlbtext\\\":\\\"\\\",\\\"targetb\\\":\\\"\\\",\\\"urlc\\\":\\\"\\\",\\\"urlctext\\\":\\\"\\\",\\\"targetc\\\":\\\"\\\"}\",\"attribs\":\"{\\\"article_layout\\\":\\\"\\\",\\\"show_title\\\":\\\"\\\",\\\"link_titles\\\":\\\"\\\",\\\"show_tags\\\":\\\"\\\",\\\"show_intro\\\":\\\"\\\",\\\"info_block_position\\\":\\\"\\\",\\\"info_block_show_title\\\":\\\"\\\",\\\"show_category\\\":\\\"\\\",\\\"link_category\\\":\\\"\\\",\\\"show_parent_category\\\":\\\"\\\",\\\"link_parent_category\\\":\\\"\\\",\\\"show_author\\\":\\\"\\\",\\\"link_author\\\":\\\"\\\",\\\"show_create_date\\\":\\\"\\\",\\\"show_modify_date\\\":\\\"\\\",\\\"show_publish_date\\\":\\\"\\\",\\\"show_item_navigation\\\":\\\"\\\",\\\"show_hits\\\":\\\"\\\",\\\"show_noauth\\\":\\\"\\\",\\\"urls_position\\\":\\\"\\\",\\\"alternative_readmore\\\":\\\"\\\",\\\"article_page_title\\\":\\\"\\\",\\\"show_publishing_options\\\":\\\"\\\",\\\"show_article_options\\\":\\\"\\\",\\\"show_urls_images_backend\\\":\\\"\\\",\\\"show_urls_images_frontend\\\":\\\"\\\"}\",\"version\":10,\"ordering\":1,\"metakey\":\"\",\"metadesc\":\"\",\"access\":1,\"hits\":34,\"metadata\":\"{\\\"robots\\\":\\\"\\\",\\\"author\\\":\\\"\\\",\\\"rights\\\":\\\"\\\"}\",\"featured\":\"1\",\"language\":\"*\",\"note\":\"\"}',0),(74,'com_content.article.8','','2023-04-23 01:12:09',591,4400,'d0d11d19ebe244062d63a478ace4781b8e7f4385','{\"id\":\"8\",\"asset_id\":127,\"title\":\"Servi\\u00e7os Editoriais\",\"alias\":\"servicos-editoriais\",\"introtext\":\"<p style=\\\"text-align: center;\\\"><strong>Conhe\\u00e7a nosso time de profissionais<\\/strong><\\/p>\\r\\n<p style=\\\"text-align: justify;\\\">O time de editores da Ci\\u00eancia Capital Editora \\u00e9 composto por profissionais experientes e qualificados em diversas \\u00e1reas cient\\u00edficas.<\\/p>\\r\\n\",\"fulltext\":\"\\r\\n<p style=\\\"text-align: justify;\\\">Nossos editores t\\u00eam vasta experi\\u00eancia na avalia\\u00e7\\u00e3o de trabalhos acad\\u00eamicos e cient\\u00edficos, e est\\u00e3o comprometidos em garantir que todos os trabalhos publicados atendam aos mais altos padr\\u00f5es editoriais. Al\\u00e9m disso, nossos editores possuem conhecimentos especializados em diferentes \\u00e1reas do conhecimento, permitindo que a Ci\\u00eancia Capital Editora publique trabalhos em uma ampla variedade de campos cient\\u00edficos. Para entrar em contato com nosso time de editores, envie um e-mail para <a href=\\\"mailto:contato@cienciacapital.com.br?subject=Equipe Editorial\\\" target=\\\"_blank\\\" rel=\\\"noopener\\\">contato@cienciacapital.com.br<\\/a>. Estamos ansiosos para trabalhar com voc\\u00ea.<\\/p>\\r\\n<p style=\\\"text-align: center;\\\">\\u00a0<\\/p>\\r\\n<p style=\\\"text-align: center;\\\"><strong>Servi\\u00e7os Editoriais<\\/strong><\\/p>\\r\\n<p style=\\\"text-align: justify;\\\">A Ci\\u00eancia Capital Editora oferece uma ampla gama de servi\\u00e7os editoriais para ajudar os autores a melhorar a qualidade e o impacto de seus trabalhos.\\u00a0<\\/p>\\r\\n<p style=\\\"text-align: justify;\\\">Nossos servi\\u00e7os incluem revis\\u00e3o de texto, edi\\u00e7\\u00e3o de conte\\u00fado, formata\\u00e7\\u00e3o de texto, tradu\\u00e7\\u00e3o e muito mais. Nossos editores altamente qualificados trabalham em estreita colabora\\u00e7\\u00e3o com os autores para garantir que seus trabalhos sejam apresentados da melhor forma poss\\u00edvel, com corre\\u00e7\\u00f5es precisas e adequadas ao idioma e ao estilo editorial. Com nossos servi\\u00e7os editoriais, os autores podem melhorar a clareza e a precis\\u00e3o de seus trabalhos, aumentando suas chances de aceita\\u00e7\\u00e3o para publica\\u00e7\\u00e3o em revistas cient\\u00edficas e acad\\u00eamicas de alto impacto. Para saber mais sobre nossos servi\\u00e7os editoriais, entre em contato conosco atrav\\u00e9s de nosso site oficial ou envie um e-mail para [inserir endere\\u00e7o de e-mail]. Estamos prontos para ajudar voc\\u00ea a alcan\\u00e7ar o sucesso na publica\\u00e7\\u00e3o de seu trabalho.<\\/p>\",\"state\":\"1\",\"catid\":18,\"created\":\"2023-04-20 15:57:56\",\"created_by\":\"591\",\"created_by_alias\":\"Editora\",\"modified\":\"2023-04-23 01:12:09\",\"modified_by\":591,\"checked_out\":591,\"checked_out_time\":\"2023-04-23 01:11:50\",\"publish_up\":\"2023-04-20 15:57:56\",\"publish_down\":null,\"images\":\"{\\\"image_intro\\\":\\\"images\\\\\\/servicos\\\\\\/servicos-editoriais.jpg#joomlaImage:\\\\\\/\\\\\\/local-images\\\\\\/servicos\\\\\\/servicos-editoriais.jpg?width=1000&height=667\\\",\\\"image_intro_alt\\\":\\\"\\\",\\\"image_intro_alt_empty\\\":\\\"1\\\",\\\"float_intro\\\":\\\"\\\",\\\"image_intro_caption\\\":\\\"Cr\\\\u00e9dito da Imagem Freepik\\\",\\\"image_fulltext\\\":\\\"images\\\\\\/servicos\\\\\\/servicos-editoriais-artigo.jpg#joomlaImage:\\\\\\/\\\\\\/local-images\\\\\\/servicos\\\\\\/servicos-editoriais-artigo.jpg?width=1000&height=667\\\",\\\"image_fulltext_alt\\\":\\\"\\\",\\\"float_fulltext\\\":\\\"\\\",\\\"image_fulltext_caption\\\":\\\"Cr\\\\u00e9dito da Imagem Freepik\\\"}\",\"urls\":\"{\\\"urla\\\":\\\"\\\",\\\"urlatext\\\":\\\"\\\",\\\"targeta\\\":\\\"\\\",\\\"urlb\\\":\\\"\\\",\\\"urlbtext\\\":\\\"\\\",\\\"targetb\\\":\\\"\\\",\\\"urlc\\\":\\\"\\\",\\\"urlctext\\\":\\\"\\\",\\\"targetc\\\":\\\"\\\"}\",\"attribs\":\"{\\\"article_layout\\\":\\\"\\\",\\\"show_title\\\":\\\"\\\",\\\"link_titles\\\":\\\"\\\",\\\"show_tags\\\":\\\"\\\",\\\"show_intro\\\":\\\"\\\",\\\"info_block_position\\\":\\\"\\\",\\\"info_block_show_title\\\":\\\"\\\",\\\"show_category\\\":\\\"\\\",\\\"link_category\\\":\\\"\\\",\\\"show_parent_category\\\":\\\"\\\",\\\"link_parent_category\\\":\\\"\\\",\\\"show_author\\\":\\\"\\\",\\\"link_author\\\":\\\"\\\",\\\"show_create_date\\\":\\\"\\\",\\\"show_modify_date\\\":\\\"\\\",\\\"show_publish_date\\\":\\\"\\\",\\\"show_item_navigation\\\":\\\"\\\",\\\"show_hits\\\":\\\"\\\",\\\"show_noauth\\\":\\\"\\\",\\\"urls_position\\\":\\\"\\\",\\\"alternative_readmore\\\":\\\"\\\",\\\"article_page_title\\\":\\\"\\\",\\\"show_publishing_options\\\":\\\"\\\",\\\"show_article_options\\\":\\\"\\\",\\\"show_urls_images_backend\\\":\\\"\\\",\\\"show_urls_images_frontend\\\":\\\"\\\"}\",\"version\":11,\"ordering\":1,\"metakey\":\"\",\"metadesc\":\"\",\"access\":1,\"hits\":36,\"metadata\":\"{\\\"robots\\\":\\\"\\\",\\\"author\\\":\\\"\\\",\\\"rights\\\":\\\"\\\"}\",\"featured\":\"1\",\"language\":\"*\",\"note\":\"\"}',0),(75,'com_content.article.8','','2023-04-23 01:13:51',591,4386,'dee7411945d67a46c99c5338f6089fa562902670','{\"id\":\"8\",\"asset_id\":127,\"title\":\"Servi\\u00e7os Editoriais\",\"alias\":\"servicos-editoriais\",\"introtext\":\"<p style=\\\"text-align: center;\\\"><strong>Conhe\\u00e7a nosso time de profissionais<\\/strong><\\/p>\\r\\n<p style=\\\"text-align: justify;\\\">O time de editores da Ci\\u00eancia Capital Editora \\u00e9 composto por profissionais experientes e qualificados em diversas \\u00e1reas cient\\u00edficas.<\\/p>\\r\\n\",\"fulltext\":\"\\r\\n<p style=\\\"text-align: justify;\\\">Nossos editores t\\u00eam vasta experi\\u00eancia na avalia\\u00e7\\u00e3o de trabalhos acad\\u00eamicos e cient\\u00edficos, e est\\u00e3o comprometidos em garantir que todos os trabalhos publicados atendam aos mais altos padr\\u00f5es editoriais. Al\\u00e9m disso, nossos editores possuem conhecimentos especializados em diferentes \\u00e1reas do conhecimento, permitindo que a Ci\\u00eancia Capital Editora publique trabalhos em uma ampla variedade de campos cient\\u00edficos. Para entrar em contato com nosso time de editores, envie um e-mail para <a href=\\\"mailto:contato@cienciacapital.com.br?subject=Equipe Editorial\\\" target=\\\"_blank\\\" rel=\\\"noopener\\\">contato@cienciacapital.com.br<\\/a>. Estamos ansiosos para trabalhar com voc\\u00ea.<\\/p>\\r\\n<p style=\\\"text-align: center;\\\">\\u00a0<\\/p>\\r\\n<p style=\\\"text-align: center;\\\"><strong>Servi\\u00e7os Editoriais<\\/strong><\\/p>\\r\\n<p style=\\\"text-align: justify;\\\">A Ci\\u00eancia Capital Editora oferece uma ampla gama de servi\\u00e7os editoriais para ajudar os autores a melhorar a qualidade e o impacto de seus trabalhos.\\u00a0<\\/p>\\r\\n<p style=\\\"text-align: justify;\\\">Nossos servi\\u00e7os incluem revis\\u00e3o de texto, edi\\u00e7\\u00e3o de conte\\u00fado, formata\\u00e7\\u00e3o de texto, tradu\\u00e7\\u00e3o e muito mais. Nossos editores altamente qualificados trabalham em estreita colabora\\u00e7\\u00e3o com os autores para garantir que seus trabalhos sejam apresentados da melhor forma poss\\u00edvel, com corre\\u00e7\\u00f5es precisas e adequadas ao idioma e ao estilo editorial. Com nossos servi\\u00e7os editoriais, os autores podem melhorar a clareza e a precis\\u00e3o de seus trabalhos, aumentando suas chances de aceita\\u00e7\\u00e3o para publica\\u00e7\\u00e3o em revistas cient\\u00edficas e acad\\u00eamicas de alto impacto. Para saber mais sobre nossos servi\\u00e7os editoriais, entre em contato conosco atrav\\u00e9s de nosso site oficial ou envie um e-mail para [inserir endere\\u00e7o de e-mail]. Estamos prontos para ajudar voc\\u00ea a alcan\\u00e7ar o sucesso na publica\\u00e7\\u00e3o de seu trabalho.<\\/p>\",\"state\":\"1\",\"catid\":18,\"created\":\"2023-04-20 15:57:56\",\"created_by\":\"591\",\"created_by_alias\":\"Editora\",\"modified\":\"2023-04-23 01:13:51\",\"modified_by\":591,\"checked_out\":591,\"checked_out_time\":\"2023-04-23 01:12:09\",\"publish_up\":\"2023-04-20 15:57:56\",\"publish_down\":null,\"images\":\"{\\\"image_intro\\\":\\\"images\\\\\\/servicos\\\\\\/servicos-editoriais.jpg#joomlaImage:\\\\\\/\\\\\\/local-images\\\\\\/servicos\\\\\\/servicos-editoriais.jpg?width=1000&height=667\\\",\\\"image_intro_alt\\\":\\\"\\\",\\\"image_intro_alt_empty\\\":\\\"1\\\",\\\"float_intro\\\":\\\"\\\",\\\"image_intro_caption\\\":\\\"Cr\\\\u00e9dito da Imagem Freepik\\\",\\\"image_fulltext\\\":\\\"images\\\\\\/servicos\\\\\\/servicos-editoriais.jpg#joomlaImage:\\\\\\/\\\\\\/local-images\\\\\\/servicos\\\\\\/servicos-editoriais.jpg?width=1000&height=667\\\",\\\"image_fulltext_alt\\\":\\\"\\\",\\\"float_fulltext\\\":\\\"\\\",\\\"image_fulltext_caption\\\":\\\"Cr\\\\u00e9dito da Imagem Freepik\\\"}\",\"urls\":\"{\\\"urla\\\":\\\"\\\",\\\"urlatext\\\":\\\"\\\",\\\"targeta\\\":\\\"\\\",\\\"urlb\\\":\\\"\\\",\\\"urlbtext\\\":\\\"\\\",\\\"targetb\\\":\\\"\\\",\\\"urlc\\\":\\\"\\\",\\\"urlctext\\\":\\\"\\\",\\\"targetc\\\":\\\"\\\"}\",\"attribs\":\"{\\\"article_layout\\\":\\\"\\\",\\\"show_title\\\":\\\"\\\",\\\"link_titles\\\":\\\"\\\",\\\"show_tags\\\":\\\"\\\",\\\"show_intro\\\":\\\"\\\",\\\"info_block_position\\\":\\\"\\\",\\\"info_block_show_title\\\":\\\"\\\",\\\"show_category\\\":\\\"\\\",\\\"link_category\\\":\\\"\\\",\\\"show_parent_category\\\":\\\"\\\",\\\"link_parent_category\\\":\\\"\\\",\\\"show_author\\\":\\\"\\\",\\\"link_author\\\":\\\"\\\",\\\"show_create_date\\\":\\\"\\\",\\\"show_modify_date\\\":\\\"\\\",\\\"show_publish_date\\\":\\\"\\\",\\\"show_item_navigation\\\":\\\"\\\",\\\"show_hits\\\":\\\"\\\",\\\"show_noauth\\\":\\\"\\\",\\\"urls_position\\\":\\\"\\\",\\\"alternative_readmore\\\":\\\"\\\",\\\"article_page_title\\\":\\\"\\\",\\\"show_publishing_options\\\":\\\"\\\",\\\"show_article_options\\\":\\\"\\\",\\\"show_urls_images_backend\\\":\\\"\\\",\\\"show_urls_images_frontend\\\":\\\"\\\"}\",\"version\":12,\"ordering\":1,\"metakey\":\"\",\"metadesc\":\"\",\"access\":1,\"hits\":38,\"metadata\":\"{\\\"robots\\\":\\\"\\\",\\\"author\\\":\\\"\\\",\\\"rights\\\":\\\"\\\"}\",\"featured\":\"1\",\"language\":\"*\",\"note\":\"\"}',0),(76,'com_content.article.8','','2023-04-23 01:14:45',591,3326,'eddc4b7ff56f3b4b3c54a47cf13cf34c4453fc48','{\"id\":\"8\",\"asset_id\":127,\"title\":\"Servi\\u00e7os Editoriais\",\"alias\":\"servicos-editoriais\",\"introtext\":\"<p style=\\\"text-align: center;\\\">\\u00a0<\\/p>\\r\\n<p style=\\\"text-align: center;\\\"><strong>Servi\\u00e7os Editoriais<\\/strong><\\/p>\\r\\n<p style=\\\"text-align: justify;\\\">A Ci\\u00eancia Capital Editora oferece uma ampla gama de servi\\u00e7os editoriais para ajudar os autores a melhorar a qualidade e o impacto de seus trabalhos.\\u00a0<\\/p>\\r\\n<p style=\\\"text-align: justify;\\\">Nossos servi\\u00e7os incluem revis\\u00e3o de texto, edi\\u00e7\\u00e3o de conte\\u00fado, formata\\u00e7\\u00e3o de texto, tradu\\u00e7\\u00e3o e muito mais. Nossos editores altamente qualificados trabalham em estreita colabora\\u00e7\\u00e3o com os autores para garantir que seus trabalhos sejam apresentados da melhor forma poss\\u00edvel, com corre\\u00e7\\u00f5es precisas e adequadas ao idioma e ao estilo editorial. Com nossos servi\\u00e7os editoriais, os autores podem melhorar a clareza e a precis\\u00e3o de seus trabalhos, aumentando suas chances de aceita\\u00e7\\u00e3o para publica\\u00e7\\u00e3o em revistas cient\\u00edficas e acad\\u00eamicas de alto impacto. Para saber mais sobre nossos servi\\u00e7os editoriais, entre em contato conosco atrav\\u00e9s de nosso site oficial ou envie um e-mail para [inserir endere\\u00e7o de e-mail]. Estamos prontos para ajudar voc\\u00ea a alcan\\u00e7ar o sucesso na publica\\u00e7\\u00e3o de seu trabalho.<\\/p>\",\"fulltext\":\"\",\"state\":\"1\",\"catid\":18,\"created\":\"2023-04-20 15:57:56\",\"created_by\":\"591\",\"created_by_alias\":\"Editora\",\"modified\":\"2023-04-23 01:14:45\",\"modified_by\":591,\"checked_out\":591,\"checked_out_time\":\"2023-04-23 01:14:32\",\"publish_up\":\"2023-04-20 15:57:56\",\"publish_down\":null,\"images\":\"{\\\"image_intro\\\":\\\"images\\\\\\/servicos\\\\\\/servicos-editoriais.jpg#joomlaImage:\\\\\\/\\\\\\/local-images\\\\\\/servicos\\\\\\/servicos-editoriais.jpg?width=1000&height=667\\\",\\\"image_intro_alt\\\":\\\"\\\",\\\"image_intro_alt_empty\\\":\\\"1\\\",\\\"float_intro\\\":\\\"\\\",\\\"image_intro_caption\\\":\\\"Cr\\\\u00e9dito da Imagem Freepik\\\",\\\"image_fulltext\\\":\\\"images\\\\\\/servicos\\\\\\/servicos-editoriais-artigo.jpg#joomlaImage:\\\\\\/\\\\\\/local-images\\\\\\/servicos\\\\\\/servicos-editoriais-artigo.jpg?width=1000&height=667\\\",\\\"image_fulltext_alt\\\":\\\"\\\",\\\"float_fulltext\\\":\\\"\\\",\\\"image_fulltext_caption\\\":\\\"Cr\\\\u00e9dito da Imagem Freepik\\\"}\",\"urls\":\"{\\\"urla\\\":\\\"\\\",\\\"urlatext\\\":\\\"\\\",\\\"targeta\\\":\\\"\\\",\\\"urlb\\\":\\\"\\\",\\\"urlbtext\\\":\\\"\\\",\\\"targetb\\\":\\\"\\\",\\\"urlc\\\":\\\"\\\",\\\"urlctext\\\":\\\"\\\",\\\"targetc\\\":\\\"\\\"}\",\"attribs\":\"{\\\"article_layout\\\":\\\"\\\",\\\"show_title\\\":\\\"\\\",\\\"link_titles\\\":\\\"\\\",\\\"show_tags\\\":\\\"\\\",\\\"show_intro\\\":\\\"\\\",\\\"info_block_position\\\":\\\"\\\",\\\"info_block_show_title\\\":\\\"\\\",\\\"show_category\\\":\\\"\\\",\\\"link_category\\\":\\\"\\\",\\\"show_parent_category\\\":\\\"\\\",\\\"link_parent_category\\\":\\\"\\\",\\\"show_author\\\":\\\"\\\",\\\"link_author\\\":\\\"\\\",\\\"show_create_date\\\":\\\"\\\",\\\"show_modify_date\\\":\\\"\\\",\\\"show_publish_date\\\":\\\"\\\",\\\"show_item_navigation\\\":\\\"\\\",\\\"show_hits\\\":\\\"\\\",\\\"show_noauth\\\":\\\"\\\",\\\"urls_position\\\":\\\"\\\",\\\"alternative_readmore\\\":\\\"\\\",\\\"article_page_title\\\":\\\"\\\",\\\"show_publishing_options\\\":\\\"\\\",\\\"show_article_options\\\":\\\"\\\",\\\"show_urls_images_backend\\\":\\\"\\\",\\\"show_urls_images_frontend\\\":\\\"\\\"}\",\"version\":14,\"ordering\":1,\"metakey\":\"\",\"metadesc\":\"\",\"access\":1,\"hits\":40,\"metadata\":\"{\\\"robots\\\":\\\"\\\",\\\"author\\\":\\\"\\\",\\\"rights\\\":\\\"\\\"}\",\"featured\":\"1\",\"language\":\"*\",\"note\":\"\"}',0),(77,'com_content.article.8','','2023-04-23 01:15:34',591,3375,'fc6c803fcc94cd97c4ef45fab835b99ec18cf5eb','{\"id\":\"8\",\"asset_id\":127,\"title\":\"Servi\\u00e7os Editoriais\",\"alias\":\"servicos-editoriais\",\"introtext\":\"<p style=\\\"text-align: center;\\\">\\u00a0<\\/p>\\r\\n<p style=\\\"text-align: center;\\\"><strong>Servi\\u00e7os Editoriais<\\/strong><\\/p>\\r\\n<p style=\\\"text-align: justify;\\\">A Ci\\u00eancia Capital Editora oferece uma ampla gama de servi\\u00e7os editoriais para ajudar os autores a melhorar a qualidade e o impacto de seus trabalhos.\\u00a0<\\/p>\\r\\n<p style=\\\"text-align: justify;\\\">\\u00a0<\\/p>\\r\\n<p style=\\\"text-align: justify;\\\">Nossos servi\\u00e7os incluem revis\\u00e3o de texto, edi\\u00e7\\u00e3o de conte\\u00fado, formata\\u00e7\\u00e3o de texto, tradu\\u00e7\\u00e3o e muito mais. Nossos editores altamente qualificados trabalham em estreita colabora\\u00e7\\u00e3o com os autores para garantir que seus trabalhos sejam apresentados da melhor forma poss\\u00edvel, com corre\\u00e7\\u00f5es precisas e adequadas ao idioma e ao estilo editorial. Com nossos servi\\u00e7os editoriais, os autores podem melhorar a clareza e a precis\\u00e3o de seus trabalhos, aumentando suas chances de aceita\\u00e7\\u00e3o para publica\\u00e7\\u00e3o em revistas cient\\u00edficas e acad\\u00eamicas de alto impacto. Para saber mais sobre nossos servi\\u00e7os editoriais, entre em contato conosco atrav\\u00e9s de nosso site oficial ou envie um e-mail para [inserir endere\\u00e7o de e-mail]. Estamos prontos para ajudar voc\\u00ea a alcan\\u00e7ar o sucesso na publica\\u00e7\\u00e3o de seu trabalho.<\\/p>\",\"fulltext\":\"\",\"state\":\"1\",\"catid\":18,\"created\":\"2023-04-20 15:57:56\",\"created_by\":\"591\",\"created_by_alias\":\"Editora\",\"modified\":\"2023-04-23 01:15:34\",\"modified_by\":591,\"checked_out\":591,\"checked_out_time\":\"2023-04-23 01:14:45\",\"publish_up\":\"2023-04-20 15:57:56\",\"publish_down\":null,\"images\":\"{\\\"image_intro\\\":\\\"images\\\\\\/servicos\\\\\\/servicos-editoriais.jpg#joomlaImage:\\\\\\/\\\\\\/local-images\\\\\\/servicos\\\\\\/servicos-editoriais.jpg?width=1000&height=667\\\",\\\"image_intro_alt\\\":\\\"\\\",\\\"image_intro_alt_empty\\\":\\\"1\\\",\\\"float_intro\\\":\\\"\\\",\\\"image_intro_caption\\\":\\\"Cr\\\\u00e9dito da Imagem Freepik\\\",\\\"image_fulltext\\\":\\\"images\\\\\\/servicos\\\\\\/servicos-editoriais-artigo.jpg#joomlaImage:\\\\\\/\\\\\\/local-images\\\\\\/servicos\\\\\\/servicos-editoriais-artigo.jpg?width=1000&height=667\\\",\\\"image_fulltext_alt\\\":\\\"\\\",\\\"float_fulltext\\\":\\\"\\\",\\\"image_fulltext_caption\\\":\\\"Cr\\\\u00e9dito da Imagem Freepik\\\"}\",\"urls\":\"{\\\"urla\\\":\\\"\\\",\\\"urlatext\\\":\\\"\\\",\\\"targeta\\\":\\\"\\\",\\\"urlb\\\":\\\"\\\",\\\"urlbtext\\\":\\\"\\\",\\\"targetb\\\":\\\"\\\",\\\"urlc\\\":\\\"\\\",\\\"urlctext\\\":\\\"\\\",\\\"targetc\\\":\\\"\\\"}\",\"attribs\":\"{\\\"article_layout\\\":\\\"\\\",\\\"show_title\\\":\\\"\\\",\\\"link_titles\\\":\\\"\\\",\\\"show_tags\\\":\\\"\\\",\\\"show_intro\\\":\\\"\\\",\\\"info_block_position\\\":\\\"\\\",\\\"info_block_show_title\\\":\\\"\\\",\\\"show_category\\\":\\\"\\\",\\\"link_category\\\":\\\"\\\",\\\"show_parent_category\\\":\\\"\\\",\\\"link_parent_category\\\":\\\"\\\",\\\"show_author\\\":\\\"\\\",\\\"link_author\\\":\\\"\\\",\\\"show_create_date\\\":\\\"\\\",\\\"show_modify_date\\\":\\\"\\\",\\\"show_publish_date\\\":\\\"\\\",\\\"show_item_navigation\\\":\\\"\\\",\\\"show_hits\\\":\\\"\\\",\\\"show_noauth\\\":\\\"\\\",\\\"urls_position\\\":\\\"\\\",\\\"alternative_readmore\\\":\\\"\\\",\\\"article_page_title\\\":\\\"\\\",\\\"show_publishing_options\\\":\\\"\\\",\\\"show_article_options\\\":\\\"\\\",\\\"show_urls_images_backend\\\":\\\"\\\",\\\"show_urls_images_frontend\\\":\\\"\\\"}\",\"version\":15,\"ordering\":1,\"metakey\":\"\",\"metadesc\":\"\",\"access\":1,\"hits\":42,\"metadata\":\"{\\\"robots\\\":\\\"\\\",\\\"author\\\":\\\"\\\",\\\"rights\\\":\\\"\\\"}\",\"featured\":\"1\",\"language\":\"*\",\"note\":\"\"}',0),(78,'com_content.article.8','','2023-04-23 01:15:53',591,3327,'b7c669324dee073d68f8dc55d724827014fa4e2d','{\"id\":\"8\",\"asset_id\":127,\"title\":\"Servi\\u00e7os Editoriais\",\"alias\":\"servicos-editoriais\",\"introtext\":\"<p style=\\\"text-align: center;\\\"><strong>Servi\\u00e7os Editoriais<\\/strong><\\/p>\\r\\n<p style=\\\"text-align: justify;\\\">A Ci\\u00eancia Capital Editora oferece uma ampla gama de servi\\u00e7os editoriais para ajudar os autores a melhorar a qualidade e o impacto de seus trabalhos.\\u00a0<\\/p>\\r\\n<p style=\\\"text-align: justify;\\\">\\u00a0<\\/p>\\r\\n<p style=\\\"text-align: justify;\\\">Nossos servi\\u00e7os incluem revis\\u00e3o de texto, edi\\u00e7\\u00e3o de conte\\u00fado, formata\\u00e7\\u00e3o de texto, tradu\\u00e7\\u00e3o e muito mais. Nossos editores altamente qualificados trabalham em estreita colabora\\u00e7\\u00e3o com os autores para garantir que seus trabalhos sejam apresentados da melhor forma poss\\u00edvel, com corre\\u00e7\\u00f5es precisas e adequadas ao idioma e ao estilo editorial. Com nossos servi\\u00e7os editoriais, os autores podem melhorar a clareza e a precis\\u00e3o de seus trabalhos, aumentando suas chances de aceita\\u00e7\\u00e3o para publica\\u00e7\\u00e3o em revistas cient\\u00edficas e acad\\u00eamicas de alto impacto. Para saber mais sobre nossos servi\\u00e7os editoriais, entre em contato conosco atrav\\u00e9s de nosso site oficial ou envie um e-mail para [inserir endere\\u00e7o de e-mail]. Estamos prontos para ajudar voc\\u00ea a alcan\\u00e7ar o sucesso na publica\\u00e7\\u00e3o de seu trabalho.<\\/p>\",\"fulltext\":\"\",\"state\":\"1\",\"catid\":18,\"created\":\"2023-04-20 15:57:56\",\"created_by\":\"591\",\"created_by_alias\":\"Editora\",\"modified\":\"2023-04-23 01:15:53\",\"modified_by\":591,\"checked_out\":591,\"checked_out_time\":\"2023-04-23 01:15:34\",\"publish_up\":\"2023-04-20 15:57:56\",\"publish_down\":null,\"images\":\"{\\\"image_intro\\\":\\\"images\\\\\\/servicos\\\\\\/servicos-editoriais.jpg#joomlaImage:\\\\\\/\\\\\\/local-images\\\\\\/servicos\\\\\\/servicos-editoriais.jpg?width=1000&height=667\\\",\\\"image_intro_alt\\\":\\\"\\\",\\\"image_intro_alt_empty\\\":\\\"1\\\",\\\"float_intro\\\":\\\"\\\",\\\"image_intro_caption\\\":\\\"Cr\\\\u00e9dito da Imagem Freepik\\\",\\\"image_fulltext\\\":\\\"images\\\\\\/servicos\\\\\\/servicos-editoriais-artigo.jpg#joomlaImage:\\\\\\/\\\\\\/local-images\\\\\\/servicos\\\\\\/servicos-editoriais-artigo.jpg?width=1000&height=667\\\",\\\"image_fulltext_alt\\\":\\\"\\\",\\\"float_fulltext\\\":\\\"\\\",\\\"image_fulltext_caption\\\":\\\"Cr\\\\u00e9dito da Imagem Freepik\\\"}\",\"urls\":\"{\\\"urla\\\":\\\"\\\",\\\"urlatext\\\":\\\"\\\",\\\"targeta\\\":\\\"\\\",\\\"urlb\\\":\\\"\\\",\\\"urlbtext\\\":\\\"\\\",\\\"targetb\\\":\\\"\\\",\\\"urlc\\\":\\\"\\\",\\\"urlctext\\\":\\\"\\\",\\\"targetc\\\":\\\"\\\"}\",\"attribs\":\"{\\\"article_layout\\\":\\\"\\\",\\\"show_title\\\":\\\"\\\",\\\"link_titles\\\":\\\"\\\",\\\"show_tags\\\":\\\"\\\",\\\"show_intro\\\":\\\"\\\",\\\"info_block_position\\\":\\\"\\\",\\\"info_block_show_title\\\":\\\"\\\",\\\"show_category\\\":\\\"\\\",\\\"link_category\\\":\\\"\\\",\\\"show_parent_category\\\":\\\"\\\",\\\"link_parent_category\\\":\\\"\\\",\\\"show_author\\\":\\\"\\\",\\\"link_author\\\":\\\"\\\",\\\"show_create_date\\\":\\\"\\\",\\\"show_modify_date\\\":\\\"\\\",\\\"show_publish_date\\\":\\\"\\\",\\\"show_item_navigation\\\":\\\"\\\",\\\"show_hits\\\":\\\"\\\",\\\"show_noauth\\\":\\\"\\\",\\\"urls_position\\\":\\\"\\\",\\\"alternative_readmore\\\":\\\"\\\",\\\"article_page_title\\\":\\\"\\\",\\\"show_publishing_options\\\":\\\"\\\",\\\"show_article_options\\\":\\\"\\\",\\\"show_urls_images_backend\\\":\\\"\\\",\\\"show_urls_images_frontend\\\":\\\"\\\"}\",\"version\":16,\"ordering\":1,\"metakey\":\"\",\"metadesc\":\"\",\"access\":1,\"hits\":44,\"metadata\":\"{\\\"robots\\\":\\\"\\\",\\\"author\\\":\\\"\\\",\\\"rights\\\":\\\"\\\"}\",\"featured\":\"1\",\"language\":\"*\",\"note\":\"\"}',0),(79,'com_content.article.8','','2023-04-23 01:16:41',591,3300,'459044e16db92cdbc95ade54d5d1a9eab03bd279','{\"id\":\"8\",\"asset_id\":127,\"title\":\"Servi\\u00e7os Editoriais\",\"alias\":\"servicos-editoriais\",\"introtext\":\"<p style=\\\"text-align: center;\\\"><strong>Servi\\u00e7os Editoriais<\\/strong><\\/p>\\r\\n<p style=\\\"text-align: justify;\\\">A Ci\\u00eancia Capital Editora oferece uma ampla gama de servi\\u00e7os editoriais para ajudar os autores a melhorar a qualidade e o impacto de seus trabalhos.\\u00a0<\\/p>\\r\\n\",\"fulltext\":\"\\r\\n<p>\\u00a0<\\/p>\\r\\n<p style=\\\"text-align: justify;\\\">Nossos servi\\u00e7os incluem revis\\u00e3o de texto, edi\\u00e7\\u00e3o de conte\\u00fado, formata\\u00e7\\u00e3o de texto, tradu\\u00e7\\u00e3o e muito mais. Nossos editores altamente qualificados trabalham em estreita colabora\\u00e7\\u00e3o com os autores para garantir que seus trabalhos sejam apresentados da melhor forma poss\\u00edvel, com corre\\u00e7\\u00f5es precisas e adequadas ao idioma e ao estilo editorial. Com nossos servi\\u00e7os editoriais, os autores podem melhorar a clareza e a precis\\u00e3o de seus trabalhos, aumentando suas chances de aceita\\u00e7\\u00e3o para publica\\u00e7\\u00e3o em revistas cient\\u00edficas e acad\\u00eamicas de alto impacto. Para saber mais sobre nossos servi\\u00e7os editoriais, entre em contato conosco atrav\\u00e9s de nosso site oficial ou envie um e-mail para [inserir endere\\u00e7o de e-mail]. Estamos prontos para ajudar voc\\u00ea a alcan\\u00e7ar o sucesso na publica\\u00e7\\u00e3o de seu trabalho.<\\/p>\",\"state\":\"1\",\"catid\":18,\"created\":\"2023-04-20 15:57:56\",\"created_by\":\"591\",\"created_by_alias\":\"Editora\",\"modified\":\"2023-04-23 01:16:41\",\"modified_by\":591,\"checked_out\":591,\"checked_out_time\":\"2023-04-23 01:16:25\",\"publish_up\":\"2023-04-20 15:57:56\",\"publish_down\":null,\"images\":\"{\\\"image_intro\\\":\\\"images\\\\\\/servicos\\\\\\/servicos-editoriais.jpg#joomlaImage:\\\\\\/\\\\\\/local-images\\\\\\/servicos\\\\\\/servicos-editoriais.jpg?width=1000&height=667\\\",\\\"image_intro_alt\\\":\\\"\\\",\\\"image_intro_alt_empty\\\":\\\"1\\\",\\\"float_intro\\\":\\\"\\\",\\\"image_intro_caption\\\":\\\"Cr\\\\u00e9dito da Imagem Freepik\\\",\\\"image_fulltext\\\":\\\"images\\\\\\/servicos\\\\\\/servicos-editoriais-artigo.jpg#joomlaImage:\\\\\\/\\\\\\/local-images\\\\\\/servicos\\\\\\/servicos-editoriais-artigo.jpg?width=1000&height=667\\\",\\\"image_fulltext_alt\\\":\\\"\\\",\\\"float_fulltext\\\":\\\"\\\",\\\"image_fulltext_caption\\\":\\\"Cr\\\\u00e9dito da Imagem Freepik\\\"}\",\"urls\":\"{\\\"urla\\\":\\\"\\\",\\\"urlatext\\\":\\\"\\\",\\\"targeta\\\":\\\"\\\",\\\"urlb\\\":\\\"\\\",\\\"urlbtext\\\":\\\"\\\",\\\"targetb\\\":\\\"\\\",\\\"urlc\\\":\\\"\\\",\\\"urlctext\\\":\\\"\\\",\\\"targetc\\\":\\\"\\\"}\",\"attribs\":\"{\\\"article_layout\\\":\\\"\\\",\\\"show_title\\\":\\\"\\\",\\\"link_titles\\\":\\\"\\\",\\\"show_tags\\\":\\\"\\\",\\\"show_intro\\\":\\\"\\\",\\\"info_block_position\\\":\\\"\\\",\\\"info_block_show_title\\\":\\\"\\\",\\\"show_category\\\":\\\"\\\",\\\"link_category\\\":\\\"\\\",\\\"show_parent_category\\\":\\\"\\\",\\\"link_parent_category\\\":\\\"\\\",\\\"show_author\\\":\\\"\\\",\\\"link_author\\\":\\\"\\\",\\\"show_create_date\\\":\\\"\\\",\\\"show_modify_date\\\":\\\"\\\",\\\"show_publish_date\\\":\\\"\\\",\\\"show_item_navigation\\\":\\\"\\\",\\\"show_hits\\\":\\\"\\\",\\\"show_noauth\\\":\\\"\\\",\\\"urls_position\\\":\\\"\\\",\\\"alternative_readmore\\\":\\\"\\\",\\\"article_page_title\\\":\\\"\\\",\\\"show_publishing_options\\\":\\\"\\\",\\\"show_article_options\\\":\\\"\\\",\\\"show_urls_images_backend\\\":\\\"\\\",\\\"show_urls_images_frontend\\\":\\\"\\\"}\",\"version\":17,\"ordering\":1,\"metakey\":\"\",\"metadesc\":\"\",\"access\":1,\"hits\":44,\"metadata\":\"{\\\"robots\\\":\\\"\\\",\\\"author\\\":\\\"\\\",\\\"rights\\\":\\\"\\\"}\",\"featured\":\"1\",\"language\":\"*\",\"note\":\"\"}',0),(80,'com_content.article.8','','2023-04-23 01:21:18',591,3302,'4fe341062a36d465473dca06364e3d9bf0170790','{\"id\":\"8\",\"asset_id\":127,\"title\":\"Servi\\u00e7os Editoriais\",\"alias\":\"servicos-editoriais\",\"introtext\":\"<p style=\\\"text-align: center;\\\"><strong>Servi\\u00e7os Editoriais<\\/strong><\\/p>\\r\\n<p style=\\\"text-align: justify;\\\">A Ci\\u00eancia Capital Editora oferece uma ampla gama de servi\\u00e7os editoriais para ajudar os autores a melhorar a qualidade e o impacto de seus trabalhos.\\u00a0<\\/p>\\r\\n\",\"fulltext\":\"\\r\\n<p>\\u00a0<\\/p>\\r\\n<p style=\\\"text-align: justify;\\\">Nossos servi\\u00e7os incluem revis\\u00e3o de texto, edi\\u00e7\\u00e3o de conte\\u00fado, formata\\u00e7\\u00e3o de texto, tradu\\u00e7\\u00e3o e muito mais. Nossos editores altamente qualificados trabalham em estreita colabora\\u00e7\\u00e3o com os autores para garantir que seus trabalhos sejam apresentados da melhor forma poss\\u00edvel, com corre\\u00e7\\u00f5es precisas e adequadas ao idioma e ao estilo editorial. Com nossos servi\\u00e7os editoriais, os autores podem melhorar a clareza e a precis\\u00e3o de seus trabalhos, aumentando suas chances de aceita\\u00e7\\u00e3o para publica\\u00e7\\u00e3o em revistas cient\\u00edficas e acad\\u00eamicas de alto impacto. Para saber mais sobre nossos servi\\u00e7os editoriais, entre em contato conosco atrav\\u00e9s de nosso site oficial ou envie um e-mail para [inserir endere\\u00e7o de e-mail]. Estamos prontos para ajudar voc\\u00ea a alcan\\u00e7ar o sucesso na publica\\u00e7\\u00e3o de seu trabalho.<\\/p>\",\"state\":\"1\",\"catid\":18,\"created\":\"2023-04-20 15:57:56\",\"created_by\":\"591\",\"created_by_alias\":\"Editora\",\"modified\":\"2023-04-23 01:21:18\",\"modified_by\":591,\"checked_out\":591,\"checked_out_time\":\"2023-04-23 01:19:22\",\"publish_up\":\"2023-04-20 15:57:56\",\"publish_down\":null,\"images\":\"{\\\"image_intro\\\":\\\"images\\\\\\/servicos\\\\\\/servicos-editoriais.jpg#joomlaImage:\\\\\\/\\\\\\/local-images\\\\\\/servicos\\\\\\/servicos-editoriais.jpg?width=1000&height=667\\\",\\\"image_intro_alt\\\":\\\"\\\",\\\"image_intro_alt_empty\\\":\\\"1\\\",\\\"float_intro\\\":\\\"\\\",\\\"image_intro_caption\\\":\\\"Cr\\\\u00e9dito da Imagem Freepik\\\",\\\"image_fulltext\\\":\\\"images\\\\\\/servicos\\\\\\/servicos-editoriais-artigo2.jpg#joomlaImage:\\\\\\/\\\\\\/local-images\\\\\\/servicos\\\\\\/servicos-editoriais-artigo2.jpg?width=1300&height=866\\\",\\\"image_fulltext_alt\\\":\\\"\\\",\\\"float_fulltext\\\":\\\"\\\",\\\"image_fulltext_caption\\\":\\\"Cr\\\\u00e9dito da Imagem Freepik\\\"}\",\"urls\":\"{\\\"urla\\\":\\\"\\\",\\\"urlatext\\\":\\\"\\\",\\\"targeta\\\":\\\"\\\",\\\"urlb\\\":\\\"\\\",\\\"urlbtext\\\":\\\"\\\",\\\"targetb\\\":\\\"\\\",\\\"urlc\\\":\\\"\\\",\\\"urlctext\\\":\\\"\\\",\\\"targetc\\\":\\\"\\\"}\",\"attribs\":\"{\\\"article_layout\\\":\\\"\\\",\\\"show_title\\\":\\\"\\\",\\\"link_titles\\\":\\\"\\\",\\\"show_tags\\\":\\\"\\\",\\\"show_intro\\\":\\\"\\\",\\\"info_block_position\\\":\\\"\\\",\\\"info_block_show_title\\\":\\\"\\\",\\\"show_category\\\":\\\"\\\",\\\"link_category\\\":\\\"\\\",\\\"show_parent_category\\\":\\\"\\\",\\\"link_parent_category\\\":\\\"\\\",\\\"show_author\\\":\\\"\\\",\\\"link_author\\\":\\\"\\\",\\\"show_create_date\\\":\\\"\\\",\\\"show_modify_date\\\":\\\"\\\",\\\"show_publish_date\\\":\\\"\\\",\\\"show_item_navigation\\\":\\\"\\\",\\\"show_hits\\\":\\\"\\\",\\\"show_noauth\\\":\\\"\\\",\\\"urls_position\\\":\\\"\\\",\\\"alternative_readmore\\\":\\\"\\\",\\\"article_page_title\\\":\\\"\\\",\\\"show_publishing_options\\\":\\\"\\\",\\\"show_article_options\\\":\\\"\\\",\\\"show_urls_images_backend\\\":\\\"\\\",\\\"show_urls_images_frontend\\\":\\\"\\\"}\",\"version\":19,\"ordering\":1,\"metakey\":\"\",\"metadesc\":\"\",\"access\":1,\"hits\":48,\"metadata\":\"{\\\"robots\\\":\\\"\\\",\\\"author\\\":\\\"\\\",\\\"rights\\\":\\\"\\\"}\",\"featured\":\"1\",\"language\":\"*\",\"note\":\"\"}',0),(81,'com_content.article.9','','2023-04-23 01:26:16',591,2307,'0e2dd5bafc7b3e2cb382e7f425a62af1c2037154','{\"id\":\"9\",\"asset_id\":128,\"title\":\"Livros Publicados\",\"alias\":\"livros-publicados\",\"introtext\":\"<p><strong>Livros Publicados.<\\/strong><\\/p>\\r\\n<p>Conhe\\u00e7a os livros publicados pela Ci\\u00eancia Capital Editora.<\\/p>\\r\\n\",\"fulltext\":\"\\r\\n<p>A Ci\\u00eancia Capital Editora \\u00e9 uma editora brasileira que tem como objetivo publicar livros que contribuam para o avan\\u00e7o da educa\\u00e7\\u00e3o, ci\\u00eancia e tecnologia no Brasil. Desde a sua funda\\u00e7\\u00e3o em 2019, a editora tem se dedicado a produzir livros de alta qualidade, escritos por especialistas em suas \\u00e1reas de atua\\u00e7\\u00e3o.\\u00a0<\\/p>\",\"state\":\"1\",\"catid\":19,\"created\":\"2023-04-20 15:57:56\",\"created_by\":\"591\",\"created_by_alias\":\"Editora\",\"modified\":\"2023-04-23 01:26:16\",\"modified_by\":591,\"checked_out\":591,\"checked_out_time\":\"2023-04-23 01:22:42\",\"publish_up\":\"2023-04-20 15:57:56\",\"publish_down\":null,\"images\":\"{\\\"image_intro\\\":\\\"images\\\\\\/sampledata\\\\\\/cassiopeia\\\\\\/nasa3-640.jpg#joomlaImage:\\\\\\/\\\\\\/local-images\\\\\\/sampledata\\\\\\/cassiopeia\\\\\\/nasa3-640.jpg?width=640&height=320\\\",\\\"image_intro_alt\\\":\\\"\\\",\\\"image_intro_alt_empty\\\":\\\"1\\\",\\\"float_intro\\\":\\\"\\\",\\\"image_intro_caption\\\":\\\"\\\",\\\"image_fulltext\\\":\\\"\\\",\\\"image_fulltext_alt\\\":\\\"\\\",\\\"float_fulltext\\\":\\\"\\\",\\\"image_fulltext_caption\\\":\\\"\\\"}\",\"urls\":\"{\\\"urla\\\":\\\"\\\",\\\"urlatext\\\":\\\"\\\",\\\"targeta\\\":\\\"\\\",\\\"urlb\\\":\\\"\\\",\\\"urlbtext\\\":\\\"\\\",\\\"targetb\\\":\\\"\\\",\\\"urlc\\\":\\\"\\\",\\\"urlctext\\\":\\\"\\\",\\\"targetc\\\":\\\"\\\"}\",\"attribs\":\"{\\\"article_layout\\\":\\\"\\\",\\\"show_title\\\":\\\"\\\",\\\"link_titles\\\":\\\"\\\",\\\"show_tags\\\":\\\"\\\",\\\"show_intro\\\":\\\"\\\",\\\"info_block_position\\\":\\\"\\\",\\\"info_block_show_title\\\":\\\"\\\",\\\"show_category\\\":\\\"\\\",\\\"link_category\\\":\\\"\\\",\\\"show_parent_category\\\":\\\"\\\",\\\"link_parent_category\\\":\\\"\\\",\\\"show_author\\\":\\\"\\\",\\\"link_author\\\":\\\"\\\",\\\"show_create_date\\\":\\\"\\\",\\\"show_modify_date\\\":\\\"\\\",\\\"show_publish_date\\\":\\\"\\\",\\\"show_item_navigation\\\":\\\"\\\",\\\"show_hits\\\":\\\"\\\",\\\"show_noauth\\\":\\\"\\\",\\\"urls_position\\\":\\\"\\\",\\\"alternative_readmore\\\":\\\"\\\",\\\"article_page_title\\\":\\\"\\\",\\\"show_publishing_options\\\":\\\"\\\",\\\"show_article_options\\\":\\\"\\\",\\\"show_urls_images_backend\\\":\\\"\\\",\\\"show_urls_images_frontend\\\":\\\"\\\"}\",\"version\":4,\"ordering\":0,\"metakey\":\"\",\"metadesc\":\"\",\"access\":1,\"hits\":6,\"metadata\":\"{\\\"robots\\\":\\\"\\\",\\\"author\\\":\\\"\\\",\\\"rights\\\":\\\"\\\"}\",\"featured\":\"0\",\"language\":\"*\",\"note\":\"\"}',0),(82,'com_content.article.9','','2023-04-23 01:31:32',591,2465,'677d62d6991c00b9b8a2c3549ec1e1848a62f74d','{\"id\":\"9\",\"asset_id\":128,\"title\":\"Livros Publicados\",\"alias\":\"livros-publicados\",\"introtext\":\"<p><strong>Livros Publicados.<\\/strong><\\/p>\\r\\n<p>Conhe\\u00e7a os livros publicados pela Ci\\u00eancia Capital Editora.<\\/p>\\r\\n\",\"fulltext\":\"\\r\\n<p>A Ci\\u00eancia Capital Editora \\u00e9 uma editora brasileira que tem como objetivo publicar livros que contribuam para o avan\\u00e7o da educa\\u00e7\\u00e3o, ci\\u00eancia e tecnologia no Brasil. Desde a sua funda\\u00e7\\u00e3o em 2019, a editora tem se dedicado a produzir livros de alta qualidade, escritos por especialistas em suas \\u00e1reas de atua\\u00e7\\u00e3o.\\u00a0<\\/p>\",\"state\":\"1\",\"catid\":19,\"created\":\"2023-04-20 15:57:56\",\"created_by\":\"591\",\"created_by_alias\":\"Editora\",\"modified\":\"2023-04-23 01:31:32\",\"modified_by\":591,\"checked_out\":591,\"checked_out_time\":\"2023-04-23 01:26:16\",\"publish_up\":\"2023-04-20 15:57:56\",\"publish_down\":null,\"images\":\"{\\\"image_intro\\\":\\\"images\\\\\\/livros\\\\\\/livros-publicados.jpg#joomlaImage:\\\\\\/\\\\\\/local-images\\\\\\/livros\\\\\\/livros-publicados.jpg?width=1000&height=667\\\",\\\"image_intro_alt\\\":\\\"\\\",\\\"image_intro_alt_empty\\\":\\\"1\\\",\\\"float_intro\\\":\\\"\\\",\\\"image_intro_caption\\\":\\\"Cr\\\\u00e9dito da Imagem Freepik\\\",\\\"image_fulltext\\\":\\\"images\\\\\\/livros\\\\\\/livros-publicados-artigo.jpg#joomlaImage:\\\\\\/\\\\\\/local-images\\\\\\/livros\\\\\\/livros-publicados-artigo.jpg?width=1500&height=1001\\\",\\\"image_fulltext_alt\\\":\\\"\\\",\\\"float_fulltext\\\":\\\"\\\",\\\"image_fulltext_caption\\\":\\\"\\\"}\",\"urls\":\"{\\\"urla\\\":\\\"\\\",\\\"urlatext\\\":\\\"\\\",\\\"targeta\\\":\\\"\\\",\\\"urlb\\\":\\\"\\\",\\\"urlbtext\\\":\\\"\\\",\\\"targetb\\\":\\\"\\\",\\\"urlc\\\":\\\"\\\",\\\"urlctext\\\":\\\"\\\",\\\"targetc\\\":\\\"\\\"}\",\"attribs\":\"{\\\"article_layout\\\":\\\"\\\",\\\"show_title\\\":\\\"\\\",\\\"link_titles\\\":\\\"\\\",\\\"show_tags\\\":\\\"\\\",\\\"show_intro\\\":\\\"\\\",\\\"info_block_position\\\":\\\"\\\",\\\"info_block_show_title\\\":\\\"\\\",\\\"show_category\\\":\\\"\\\",\\\"link_category\\\":\\\"\\\",\\\"show_parent_category\\\":\\\"\\\",\\\"link_parent_category\\\":\\\"\\\",\\\"show_author\\\":\\\"\\\",\\\"link_author\\\":\\\"\\\",\\\"show_create_date\\\":\\\"\\\",\\\"show_modify_date\\\":\\\"\\\",\\\"show_publish_date\\\":\\\"\\\",\\\"show_item_navigation\\\":\\\"\\\",\\\"show_hits\\\":\\\"\\\",\\\"show_noauth\\\":\\\"\\\",\\\"urls_position\\\":\\\"\\\",\\\"alternative_readmore\\\":\\\"\\\",\\\"article_page_title\\\":\\\"\\\",\\\"show_publishing_options\\\":\\\"\\\",\\\"show_article_options\\\":\\\"\\\",\\\"show_urls_images_backend\\\":\\\"\\\",\\\"show_urls_images_frontend\\\":\\\"\\\"}\",\"version\":5,\"ordering\":0,\"metakey\":\"\",\"metadesc\":\"\",\"access\":1,\"hits\":6,\"metadata\":\"{\\\"robots\\\":\\\"\\\",\\\"author\\\":\\\"\\\",\\\"rights\\\":\\\"\\\"}\",\"featured\":\"0\",\"language\":\"*\",\"note\":\"\"}',0),(83,'com_content.article.9','','2023-04-23 01:33:45',591,2462,'2d200b4c5d30caa079b197e696bb716b9426e99a','{\"id\":\"9\",\"asset_id\":128,\"title\":\"Livros Publicados\",\"alias\":\"livros-publicados\",\"introtext\":\"<p style=\\\"text-align: center;\\\"><strong>Livros Publicados<\\/strong><\\/p>\\r\\n<p style=\\\"text-align: justify;\\\">A Ci\\u00eancia Capital Editora \\u00e9 uma editora brasileira que tem como objetivo publicar livros que contribuam para o avan\\u00e7o da educa\\u00e7\\u00e3o, ci\\u00eancia e tecnologia no Brasil.\\u00a0<\\/p>\\r\\n\",\"fulltext\":\"\\r\\n<p>Desde a sua funda\\u00e7\\u00e3o em 2019, a editora tem se dedicado a produzir livros de alta qualidade, escritos por especialistas em suas \\u00e1reas de atua\\u00e7\\u00e3o.\\u00a0<\\/p>\",\"state\":\"1\",\"catid\":19,\"created\":\"2023-04-20 15:57:56\",\"created_by\":\"591\",\"created_by_alias\":\"Editora\",\"modified\":\"2023-04-23 01:33:45\",\"modified_by\":591,\"checked_out\":591,\"checked_out_time\":\"2023-04-23 01:33:19\",\"publish_up\":\"2023-04-20 15:57:56\",\"publish_down\":null,\"images\":\"{\\\"image_intro\\\":\\\"images\\\\\\/livros\\\\\\/livros-publicados.jpg#joomlaImage:\\\\\\/\\\\\\/local-images\\\\\\/livros\\\\\\/livros-publicados.jpg?width=1000&height=667\\\",\\\"image_intro_alt\\\":\\\"\\\",\\\"image_intro_alt_empty\\\":\\\"1\\\",\\\"float_intro\\\":\\\"\\\",\\\"image_intro_caption\\\":\\\"Cr\\\\u00e9dito da Imagem Freepik\\\",\\\"image_fulltext\\\":\\\"images\\\\\\/livros\\\\\\/livros-publicados-artigo.jpg#joomlaImage:\\\\\\/\\\\\\/local-images\\\\\\/livros\\\\\\/livros-publicados-artigo.jpg?width=1500&height=1001\\\",\\\"image_fulltext_alt\\\":\\\"\\\",\\\"float_fulltext\\\":\\\"\\\",\\\"image_fulltext_caption\\\":\\\"\\\"}\",\"urls\":\"{\\\"urla\\\":\\\"\\\",\\\"urlatext\\\":\\\"\\\",\\\"targeta\\\":\\\"\\\",\\\"urlb\\\":\\\"\\\",\\\"urlbtext\\\":\\\"\\\",\\\"targetb\\\":\\\"\\\",\\\"urlc\\\":\\\"\\\",\\\"urlctext\\\":\\\"\\\",\\\"targetc\\\":\\\"\\\"}\",\"attribs\":\"{\\\"article_layout\\\":\\\"\\\",\\\"show_title\\\":\\\"\\\",\\\"link_titles\\\":\\\"\\\",\\\"show_tags\\\":\\\"\\\",\\\"show_intro\\\":\\\"\\\",\\\"info_block_position\\\":\\\"\\\",\\\"info_block_show_title\\\":\\\"\\\",\\\"show_category\\\":\\\"\\\",\\\"link_category\\\":\\\"\\\",\\\"show_parent_category\\\":\\\"\\\",\\\"link_parent_category\\\":\\\"\\\",\\\"show_author\\\":\\\"\\\",\\\"link_author\\\":\\\"\\\",\\\"show_create_date\\\":\\\"\\\",\\\"show_modify_date\\\":\\\"\\\",\\\"show_publish_date\\\":\\\"\\\",\\\"show_item_navigation\\\":\\\"\\\",\\\"show_hits\\\":\\\"\\\",\\\"show_noauth\\\":\\\"\\\",\\\"urls_position\\\":\\\"\\\",\\\"alternative_readmore\\\":\\\"\\\",\\\"article_page_title\\\":\\\"\\\",\\\"show_publishing_options\\\":\\\"\\\",\\\"show_article_options\\\":\\\"\\\",\\\"show_urls_images_backend\\\":\\\"\\\",\\\"show_urls_images_frontend\\\":\\\"\\\"}\",\"version\":6,\"ordering\":0,\"metakey\":\"\",\"metadesc\":\"\",\"access\":1,\"hits\":8,\"metadata\":\"{\\\"robots\\\":\\\"\\\",\\\"author\\\":\\\"\\\",\\\"rights\\\":\\\"\\\"}\",\"featured\":\"0\",\"language\":\"*\",\"note\":\"\"}',0),(84,'com_content.article.9','','2023-04-23 01:34:18',591,2446,'d27f2f909de98314fc78766f25ca58375d0a34c6','{\"id\":\"9\",\"asset_id\":128,\"title\":\"Livros Publicados\",\"alias\":\"livros-publicados\",\"introtext\":\"<p style=\\\"text-align: center;\\\"><strong>Livros Publicados<\\/strong><\\/p>\\r\\n<p style=\\\"text-align: justify;\\\">A Ci\\u00eancia Capital Editora \\u00e9 uma editora brasileira que tem como objetivo publicar livros que contribuam para o avan\\u00e7o da educa\\u00e7\\u00e3o, ci\\u00eancia e tecnologia.<\\/p>\\r\\n\",\"fulltext\":\"\\r\\n<p>Desde a sua funda\\u00e7\\u00e3o em 2019, a editora tem se dedicado a produzir livros de alta qualidade, escritos por especialistas em suas \\u00e1reas de atua\\u00e7\\u00e3o.\\u00a0<\\/p>\",\"state\":\"1\",\"catid\":19,\"created\":\"2023-04-20 15:57:56\",\"created_by\":\"591\",\"created_by_alias\":\"Editora\",\"modified\":\"2023-04-23 01:34:18\",\"modified_by\":591,\"checked_out\":591,\"checked_out_time\":\"2023-04-23 01:33:45\",\"publish_up\":\"2023-04-20 15:57:56\",\"publish_down\":null,\"images\":\"{\\\"image_intro\\\":\\\"images\\\\\\/livros\\\\\\/livros-publicados.jpg#joomlaImage:\\\\\\/\\\\\\/local-images\\\\\\/livros\\\\\\/livros-publicados.jpg?width=1000&height=667\\\",\\\"image_intro_alt\\\":\\\"\\\",\\\"image_intro_alt_empty\\\":\\\"1\\\",\\\"float_intro\\\":\\\"\\\",\\\"image_intro_caption\\\":\\\"Cr\\\\u00e9dito da Imagem Freepik\\\",\\\"image_fulltext\\\":\\\"images\\\\\\/livros\\\\\\/livros-publicados-artigo.jpg#joomlaImage:\\\\\\/\\\\\\/local-images\\\\\\/livros\\\\\\/livros-publicados-artigo.jpg?width=1500&height=1001\\\",\\\"image_fulltext_alt\\\":\\\"\\\",\\\"float_fulltext\\\":\\\"\\\",\\\"image_fulltext_caption\\\":\\\"\\\"}\",\"urls\":\"{\\\"urla\\\":\\\"\\\",\\\"urlatext\\\":\\\"\\\",\\\"targeta\\\":\\\"\\\",\\\"urlb\\\":\\\"\\\",\\\"urlbtext\\\":\\\"\\\",\\\"targetb\\\":\\\"\\\",\\\"urlc\\\":\\\"\\\",\\\"urlctext\\\":\\\"\\\",\\\"targetc\\\":\\\"\\\"}\",\"attribs\":\"{\\\"article_layout\\\":\\\"\\\",\\\"show_title\\\":\\\"\\\",\\\"link_titles\\\":\\\"\\\",\\\"show_tags\\\":\\\"\\\",\\\"show_intro\\\":\\\"\\\",\\\"info_block_position\\\":\\\"\\\",\\\"info_block_show_title\\\":\\\"\\\",\\\"show_category\\\":\\\"\\\",\\\"link_category\\\":\\\"\\\",\\\"show_parent_category\\\":\\\"\\\",\\\"link_parent_category\\\":\\\"\\\",\\\"show_author\\\":\\\"\\\",\\\"link_author\\\":\\\"\\\",\\\"show_create_date\\\":\\\"\\\",\\\"show_modify_date\\\":\\\"\\\",\\\"show_publish_date\\\":\\\"\\\",\\\"show_item_navigation\\\":\\\"\\\",\\\"show_hits\\\":\\\"\\\",\\\"show_noauth\\\":\\\"\\\",\\\"urls_position\\\":\\\"\\\",\\\"alternative_readmore\\\":\\\"\\\",\\\"article_page_title\\\":\\\"\\\",\\\"show_publishing_options\\\":\\\"\\\",\\\"show_article_options\\\":\\\"\\\",\\\"show_urls_images_backend\\\":\\\"\\\",\\\"show_urls_images_frontend\\\":\\\"\\\"}\",\"version\":7,\"ordering\":0,\"metakey\":\"\",\"metadesc\":\"\",\"access\":1,\"hits\":8,\"metadata\":\"{\\\"robots\\\":\\\"\\\",\\\"author\\\":\\\"\\\",\\\"rights\\\":\\\"\\\"}\",\"featured\":\"0\",\"language\":\"*\",\"note\":\"\"}',0),(85,'com_content.article.8','','2023-04-23 19:18:46',591,3303,'42dbfa9c0681b697216146cda7394f853b677eb0','{\"id\":\"8\",\"asset_id\":127,\"title\":\"Servi\\u00e7os Editoriais\",\"alias\":\"servicos-editoriais\",\"introtext\":\"<p style=\\\"text-align: center;\\\"><strong>Servi\\u00e7os Editoriais<\\/strong><\\/p>\\r\\n<p style=\\\"text-align: justify;\\\">A Ci\\u00eancia Capital Editora oferece uma ampla gama de servi\\u00e7os editoriais para ajudar os autores a melhorar a qualidade e o impacto de seus trabalhos.\\u00a0<\\/p>\\r\\n\",\"fulltext\":\"\\r\\n<p>\\u00a0<\\/p>\\r\\n<p style=\\\"text-align: justify;\\\">Nossos servi\\u00e7os incluem revis\\u00e3o de texto, edi\\u00e7\\u00e3o de conte\\u00fado, formata\\u00e7\\u00e3o de texto, tradu\\u00e7\\u00e3o e muito mais. Nossos editores altamente qualificados trabalham em estreita colabora\\u00e7\\u00e3o com os autores para garantir que seus trabalhos sejam apresentados da melhor forma poss\\u00edvel, com corre\\u00e7\\u00f5es precisas e adequadas ao idioma e ao estilo editorial. Com nossos servi\\u00e7os editoriais, os autores podem melhorar a clareza e a precis\\u00e3o de seus trabalhos, aumentando suas chances de aceita\\u00e7\\u00e3o para publica\\u00e7\\u00e3o em revistas cient\\u00edficas e acad\\u00eamicas de alto impacto. Para saber mais sobre nossos servi\\u00e7os editoriais, entre em contato conosco atrav\\u00e9s de nosso site oficial ou envie um e-mail para [inserir endere\\u00e7o de e-mail]. Estamos prontos para ajudar voc\\u00ea a alcan\\u00e7ar o sucesso na publica\\u00e7\\u00e3o de seu trabalho.<\\/p>\",\"state\":\"1\",\"catid\":18,\"created\":\"2023-04-20 15:57:56\",\"created_by\":\"591\",\"created_by_alias\":\"Editora\",\"modified\":\"2023-04-23 19:18:46\",\"modified_by\":591,\"checked_out\":591,\"checked_out_time\":\"2023-04-23 19:14:55\",\"publish_up\":\"2023-04-20 15:57:56\",\"publish_down\":null,\"images\":\"{\\\"image_intro\\\":\\\"images\\\\\\/servicos\\\\\\/servicos-editoriais.jpg#joomlaImage:\\\\\\/\\\\\\/local-images\\\\\\/servicos\\\\\\/servicos-editoriais.jpg?width=1000&height=667\\\",\\\"image_intro_alt\\\":\\\"\\\",\\\"image_intro_alt_empty\\\":\\\"1\\\",\\\"float_intro\\\":\\\"\\\",\\\"image_intro_caption\\\":\\\"Cr\\\\u00e9dito da Imagem Freepik\\\",\\\"image_fulltext\\\":\\\"images\\\\\\/servicos\\\\\\/servicos-editoriais-artigo3.jpg#joomlaImage:\\\\\\/\\\\\\/local-images\\\\\\/servicos\\\\\\/servicos-editoriais-artigo3.jpg?width=5560&height=3707\\\",\\\"image_fulltext_alt\\\":\\\"\\\",\\\"float_fulltext\\\":\\\"\\\",\\\"image_fulltext_caption\\\":\\\"Cr\\\\u00e9dito da Imagem Freepik\\\"}\",\"urls\":\"{\\\"urla\\\":\\\"\\\",\\\"urlatext\\\":\\\"\\\",\\\"targeta\\\":\\\"\\\",\\\"urlb\\\":\\\"\\\",\\\"urlbtext\\\":\\\"\\\",\\\"targetb\\\":\\\"\\\",\\\"urlc\\\":\\\"\\\",\\\"urlctext\\\":\\\"\\\",\\\"targetc\\\":\\\"\\\"}\",\"attribs\":\"{\\\"article_layout\\\":\\\"\\\",\\\"show_title\\\":\\\"\\\",\\\"link_titles\\\":\\\"\\\",\\\"show_tags\\\":\\\"\\\",\\\"show_intro\\\":\\\"\\\",\\\"info_block_position\\\":\\\"\\\",\\\"info_block_show_title\\\":\\\"\\\",\\\"show_category\\\":\\\"\\\",\\\"link_category\\\":\\\"\\\",\\\"show_parent_category\\\":\\\"\\\",\\\"link_parent_category\\\":\\\"\\\",\\\"show_author\\\":\\\"\\\",\\\"link_author\\\":\\\"\\\",\\\"show_create_date\\\":\\\"\\\",\\\"show_modify_date\\\":\\\"\\\",\\\"show_publish_date\\\":\\\"\\\",\\\"show_item_navigation\\\":\\\"\\\",\\\"show_hits\\\":\\\"\\\",\\\"show_noauth\\\":\\\"\\\",\\\"urls_position\\\":\\\"\\\",\\\"alternative_readmore\\\":\\\"\\\",\\\"article_page_title\\\":\\\"\\\",\\\"show_publishing_options\\\":\\\"\\\",\\\"show_article_options\\\":\\\"\\\",\\\"show_urls_images_backend\\\":\\\"\\\",\\\"show_urls_images_frontend\\\":\\\"\\\"}\",\"version\":20,\"ordering\":1,\"metakey\":\"\",\"metadesc\":\"\",\"access\":1,\"hits\":60,\"metadata\":\"{\\\"robots\\\":\\\"\\\",\\\"author\\\":\\\"\\\",\\\"rights\\\":\\\"\\\"}\",\"featured\":\"1\",\"language\":\"*\",\"note\":\"\"}',0),(86,'com_tags.tag.18','','2023-04-25 14:22:30',591,506,'220995306b6651e02e7d033a9837462d4efc3ddc','{\"id\":18,\"parent_id\":1,\"lft\":33,\"rgt\":34,\"level\":1,\"path\":\"geografia\",\"title\":\"Geografia\",\"alias\":\"geografia\",\"note\":\"\",\"description\":\"\",\"published\":1,\"checked_out\":null,\"checked_out_time\":null,\"access\":1,\"params\":\"{}\",\"metadesc\":\"\",\"metakey\":\"\",\"metadata\":\"{}\",\"created_user_id\":591,\"created_time\":\"2023-04-25 14:22:30\",\"created_by_alias\":\"\",\"modified_user_id\":591,\"modified_time\":\"2023-04-25 14:22:30\",\"images\":\"{}\",\"urls\":\"{}\",\"hits\":0,\"language\":\"*\",\"version\":\"1\",\"publish_up\":null,\"publish_down\":null}',0),(87,'com_content.category.21','','2023-04-25 14:22:30',591,606,'65586e7733f3491ff4d7d9a7c786b13e2914f997','{\"id\":21,\"asset_id\":155,\"parent_id\":12,\"lft\":29,\"rgt\":30,\"level\":3,\"path\":null,\"extension\":\"com_content\",\"title\":\"Geografia\",\"alias\":\"geografia\",\"note\":\"\",\"description\":\"<p>Publica\\u00e7\\u00f5es na \\u00e1rea de Geografia.<\\/p>\",\"published\":\"1\",\"checked_out\":null,\"checked_out_time\":null,\"access\":1,\"params\":\"{\\\"category_layout\\\":\\\"\\\",\\\"image\\\":\\\"\\\",\\\"image_alt\\\":\\\"\\\"}\",\"metadesc\":\"\",\"metakey\":\"\",\"metadata\":\"{\\\"author\\\":\\\"\\\",\\\"robots\\\":\\\"\\\"}\",\"created_user_id\":591,\"created_time\":\"2023-04-25 14:22:30\",\"modified_user_id\":591,\"modified_time\":\"2023-04-25 14:22:30\",\"hits\":null,\"language\":\"*\",\"version\":null}',0),(88,'com_tags.tag.19','','2023-04-26 17:12:34',591,506,'a2ee8ba81afbc7c06ba63aa6e5d8a13b17335c14','{\"id\":19,\"parent_id\":1,\"lft\":35,\"rgt\":36,\"level\":1,\"path\":\"ambiental\",\"title\":\"Ambiental\",\"alias\":\"ambiental\",\"note\":\"\",\"description\":\"\",\"published\":1,\"checked_out\":null,\"checked_out_time\":null,\"access\":1,\"params\":\"{}\",\"metadesc\":\"\",\"metakey\":\"\",\"metadata\":\"{}\",\"created_user_id\":591,\"created_time\":\"2023-04-26 17:12:34\",\"created_by_alias\":\"\",\"modified_user_id\":591,\"modified_time\":\"2023-04-26 17:12:34\",\"images\":\"{}\",\"urls\":\"{}\",\"hits\":0,\"language\":\"*\",\"version\":\"1\",\"publish_up\":null,\"publish_down\":null}',0),(89,'com_content.article.12','','2023-04-26 17:12:34',591,2073,'0becdcbd7eb17dc7a9f49accdbddc3a6efa562d2','{\"id\":12,\"asset_id\":156,\"title\":\"Licenciamento Ambiental\",\"alias\":\"licenciamento-ambiental\",\"introtext\":\"<h3>Resumo do livro<\\/h3>\\r\\n<p>\\u00a0<\\/p>\\r\\n<h3>Biografia do Autor<\\/h3>\\r\\n<p>\\u00a0<\\/p>\",\"fulltext\":\"\",\"state\":\"1\",\"catid\":21,\"created\":\"2023-04-26 17:12:34\",\"created_by\":591,\"created_by_alias\":\"\",\"modified\":\"2023-04-26 17:12:34\",\"modified_by\":591,\"checked_out\":null,\"checked_out_time\":null,\"publish_up\":\"2023-04-26 17:12:34\",\"publish_down\":null,\"images\":\"{\\\"image_intro\\\":\\\"images\\\\\\/livros\\\\\\/capa-licenciamento-ambiental.png#joomlaImage:\\\\\\/\\\\\\/local-images\\\\\\/livros\\\\\\/capa-licenciamento-ambiental.png?width=307&height=438\\\",\\\"image_intro_alt\\\":\\\"\\\",\\\"image_intro_alt_empty\\\":\\\"1\\\",\\\"float_intro\\\":\\\"\\\",\\\"image_intro_caption\\\":\\\"\\\",\\\"image_fulltext\\\":\\\"images\\\\\\/livros\\\\\\/autor-licenciamento-ambiental.png#joomlaImage:\\\\\\/\\\\\\/local-images\\\\\\/livros\\\\\\/autor-licenciamento-ambiental.png?width=640&height=640\\\",\\\"image_fulltext_alt\\\":\\\"\\\",\\\"image_fulltext_alt_empty\\\":\\\"1\\\",\\\"float_fulltext\\\":\\\"\\\",\\\"image_fulltext_caption\\\":\\\"\\\"}\",\"urls\":\"{\\\"urla\\\":\\\"\\\",\\\"urlatext\\\":\\\"\\\",\\\"targeta\\\":\\\"\\\",\\\"urlb\\\":\\\"\\\",\\\"urlbtext\\\":\\\"\\\",\\\"targetb\\\":\\\"\\\",\\\"urlc\\\":\\\"\\\",\\\"urlctext\\\":\\\"\\\",\\\"targetc\\\":\\\"\\\"}\",\"attribs\":\"{\\\"article_layout\\\":\\\"\\\",\\\"show_title\\\":\\\"\\\",\\\"link_titles\\\":\\\"\\\",\\\"show_tags\\\":\\\"\\\",\\\"show_intro\\\":\\\"\\\",\\\"info_block_position\\\":\\\"\\\",\\\"info_block_show_title\\\":\\\"\\\",\\\"show_category\\\":\\\"\\\",\\\"link_category\\\":\\\"\\\",\\\"show_parent_category\\\":\\\"\\\",\\\"link_parent_category\\\":\\\"\\\",\\\"show_author\\\":\\\"\\\",\\\"link_author\\\":\\\"\\\",\\\"show_create_date\\\":\\\"\\\",\\\"show_modify_date\\\":\\\"\\\",\\\"show_publish_date\\\":\\\"\\\",\\\"show_item_navigation\\\":\\\"\\\",\\\"show_hits\\\":\\\"\\\",\\\"show_noauth\\\":\\\"\\\",\\\"urls_position\\\":\\\"\\\",\\\"alternative_readmore\\\":\\\"\\\",\\\"article_page_title\\\":\\\"\\\",\\\"show_publishing_options\\\":\\\"\\\",\\\"show_article_options\\\":\\\"\\\",\\\"show_urls_images_backend\\\":\\\"\\\",\\\"show_urls_images_frontend\\\":\\\"\\\"}\",\"version\":\"1\",\"ordering\":null,\"metakey\":\"\",\"metadesc\":\"\",\"access\":1,\"hits\":0,\"metadata\":\"{\\\"robots\\\":\\\"\\\",\\\"author\\\":\\\"\\\",\\\"rights\\\":\\\"\\\"}\",\"featured\":\"0\",\"language\":\"*\",\"note\":\"\"}',0),(90,'com_content.article.12','','2023-04-26 17:33:49',591,5435,'5e65362929895c0eeeea28107ee1c3ba0e957394','{\"id\":\"12\",\"asset_id\":156,\"title\":\"Licenciamento Ambiental\",\"alias\":\"licenciamento-ambiental\",\"introtext\":\"<h3>Resumo do livro<\\/h3>\\r\\n<p style=\\\"text-align: justify;\\\">O livro Licenciamento ambiental do Professor Williams Guimar\\u00e3es busca dar um suporte aos estudantes e profissionais da Engenharia Civil a respeito dos tr\\u00e2mites legais necess\\u00e1rios ao se executar uma edifica\\u00e7\\u00e3o. Trata dos temas: a necessidade de licenciar um empreendimento, \\u00f3rg\\u00e3os que competem conceder o licenciamento ambiental, tipos de licen\\u00e7a ambiental, procedimentos para a obten\\u00e7\\u00e3o da licen\\u00e7a ambiental, quais as penalidades para quem n\\u00e3o tirar as licen\\u00e7as devidas e os custos do licenciamento ambiental.<\\/p>\\r\\n<h3>Biografia do Autor<\\/h3>\\r\\n<p style=\\\"text-align: justify;\\\">Possui Gradua\\u00e7\\u00e3o de Bacharel em Geografia pela Universidade Federal da Para\\u00edba-UFPB (1998), Mestre em Geodin\\u00e2mica e Geof\\u00edsica pela Universidade Federal do Rio Grande do Norte-UFRN (2002). Doutorado em Geologia Sedimentar e Ambiental (incompleto) pela Universidade Federal de Pernambuco-UFPE (2007). Trabalhou como professor e Coordenador de P\\u00f3s-Gradua\\u00e7\\u00e3o na Rede Laureate International Universities\\/Faculdade Internacional da Para\\u00edba. Ministrou disciplinas: Biogeoqu\\u00edmica, Geologia, Geomorfologia, Din\\u00e2mica Oceanogr\\u00e1fica e Costeira, Geologia Aplicada, Gest\\u00e3o de \\u00c1reas Protegidas (U.C), Ci\\u00eancias Sociais Aplicadas as Engenharias, Ecossistemas Aqu\\u00e1ticos e Terrestres, Desenvolvimento Sustent\\u00e1vel, Geoci\\u00eancias, Ci\\u00eancias Humanas e Sociais, Polui\\u00e7\\u00e3o e Degrada\\u00e7\\u00e3o Ambiental, Risco Ambiental, Sociedade Tecnologia e Meio Ambiente, Ferramentas da Qualidade e Melhoria Continua, Est\\u00e1gio Supervisionado, Gest\\u00e3o por Processos e Estudos Geot\\u00e9cnicos. Ocupou o cargo de Coordenador do Curso de P\\u00f3s-Gradua\\u00e7\\u00e3o a n\\u00edvel de Especializa\\u00e7\\u00e3o em Engenharia e Seguran\\u00e7a do Trabalho. Atua na \\u00e1rea das Geoci\\u00eancias, com \\u00eanfase em Geologia Marinha, Geografia F\\u00edsica, Geomorfologia, Geologia Ambiental, Geoqu\\u00edmica e Gest\\u00e3o Territorial e Ambiental. Ocupou cargo de Analista Ambiental na Secretaria do Meio Ambiente - SEMAM da Prefeitura Municipal de Jo\\u00e3o Pessoa-PB - PMJP, bi\\u00eanio 2010 - 2012. Participou da Revis\\u00e3o EIA e Elabora\\u00e7\\u00e3o do RIMA (MEIO F\\u00cdSICO) sobre os Estudos da Din\\u00e2mica Costeira para Redu\\u00e7\\u00e3o\\/Conten\\u00e7\\u00e3o do Processo de Eros\\u00e3o da Pra\\u00e7a de Iemanj\\u00e1, Fal\\u00e9sia do Cabo Branco e Praia do Seixas. No Litoral de Jo\\u00e3o Pessoa ? PB (2011). Atualmente \\u00e9 membro do corpo docente do UNIESP Centro Universit\\u00e1rio, lotado na Coordena\\u00e7\\u00e3o dos Cursos de Gradua\\u00e7\\u00e3o Bacharelados de Engenharia Civil e Produ\\u00e7\\u00e3o, professor titular das Disciplinas Fundamentos de Geologia e Hidrologia e Drenagem, al\\u00e9m de fazer parte da equipe do projeto de implanta\\u00e7\\u00e3o dos Laborat\\u00f3rios das Engenharias, destacando; Laborat\\u00f3rio de Geologia\\/Qu\\u00edmica. \\u00c9 membro da ONG - Grupo Amigos da Barreira - G.A.B, ocupando a pasta de Presidente Gest\\u00e3o 2017 2018.<\\/p>\\r\\n<h4>Lattes:<\\/h4>\\r\\n<p><a href=\\\"http:\\/\\/lattes.cnpq.br\\/4516455595202966\\\" target=\\\"_blank\\\" rel=\\\"noopener\\\">http:\\/\\/lattes.cnpq.br\\/4516455595202966<\\/a><\\/p>\\r\\n<p>\\u00a0<\\/p>\\r\\n<p>SITE PROFESSOR WILLIAMS GUIMAR\\u00c3ES: https:\\/\\/williams.professorbrasil.com\\/<\\/p>\",\"fulltext\":\"\",\"state\":\"1\",\"catid\":21,\"created\":\"2023-04-26 17:12:34\",\"created_by\":\"591\",\"created_by_alias\":\"\",\"modified\":\"2023-04-26 17:33:49\",\"modified_by\":591,\"checked_out\":591,\"checked_out_time\":\"2023-04-26 17:30:12\",\"publish_up\":\"2023-04-26 17:12:34\",\"publish_down\":null,\"images\":\"{\\\"image_intro\\\":\\\"images\\\\\\/livros\\\\\\/capa-licenciamento-ambiental.png#joomlaImage:\\\\\\/\\\\\\/local-images\\\\\\/livros\\\\\\/capa-licenciamento-ambiental.png?width=307&height=438\\\",\\\"image_intro_alt\\\":\\\"\\\",\\\"image_intro_alt_empty\\\":\\\"1\\\",\\\"float_intro\\\":\\\"\\\",\\\"image_intro_caption\\\":\\\"\\\",\\\"image_fulltext\\\":\\\"images\\\\\\/livros\\\\\\/autor-licenciamento-ambiental.png#joomlaImage:\\\\\\/\\\\\\/local-images\\\\\\/livros\\\\\\/autor-licenciamento-ambiental.png?width=640&height=640\\\",\\\"image_fulltext_alt\\\":\\\"\\\",\\\"image_fulltext_alt_empty\\\":\\\"1\\\",\\\"float_fulltext\\\":\\\"\\\",\\\"image_fulltext_caption\\\":\\\"\\\"}\",\"urls\":\"{\\\"urla\\\":\\\"\\\",\\\"urlatext\\\":\\\"\\\",\\\"targeta\\\":\\\"\\\",\\\"urlb\\\":\\\"\\\",\\\"urlbtext\\\":\\\"\\\",\\\"targetb\\\":\\\"\\\",\\\"urlc\\\":\\\"\\\",\\\"urlctext\\\":\\\"\\\",\\\"targetc\\\":\\\"\\\"}\",\"attribs\":\"{\\\"article_layout\\\":\\\"\\\",\\\"show_title\\\":\\\"\\\",\\\"link_titles\\\":\\\"\\\",\\\"show_tags\\\":\\\"\\\",\\\"show_intro\\\":\\\"\\\",\\\"info_block_position\\\":\\\"\\\",\\\"info_block_show_title\\\":\\\"\\\",\\\"show_category\\\":\\\"\\\",\\\"link_category\\\":\\\"\\\",\\\"show_parent_category\\\":\\\"\\\",\\\"link_parent_category\\\":\\\"\\\",\\\"show_author\\\":\\\"\\\",\\\"link_author\\\":\\\"\\\",\\\"show_create_date\\\":\\\"\\\",\\\"show_modify_date\\\":\\\"\\\",\\\"show_publish_date\\\":\\\"\\\",\\\"show_item_navigation\\\":\\\"\\\",\\\"show_hits\\\":\\\"\\\",\\\"show_noauth\\\":\\\"\\\",\\\"urls_position\\\":\\\"\\\",\\\"alternative_readmore\\\":\\\"\\\",\\\"article_page_title\\\":\\\"\\\",\\\"show_publishing_options\\\":\\\"\\\",\\\"show_article_options\\\":\\\"\\\",\\\"show_urls_images_backend\\\":\\\"\\\",\\\"show_urls_images_frontend\\\":\\\"\\\"}\",\"version\":2,\"ordering\":0,\"metakey\":\"\",\"metadesc\":\"\",\"access\":1,\"hits\":4,\"metadata\":\"{\\\"robots\\\":\\\"\\\",\\\"author\\\":\\\"\\\",\\\"rights\\\":\\\"\\\"}\",\"featured\":\"0\",\"language\":\"*\",\"note\":\"\"}',0),(91,'com_content.article.12','','2023-04-26 17:35:07',591,3019,'88e66f324a9efc2843d3f9e1839b44f6c1ae76eb','{\"id\":\"12\",\"asset_id\":156,\"title\":\"Licenciamento Ambiental\",\"alias\":\"licenciamento-ambiental\",\"introtext\":\"<h3>Resumo do livro<\\/h3>\\r\\n<p style=\\\"text-align: justify;\\\">O livro Licenciamento ambiental do Professor Williams Guimar\\u00e3es busca dar um suporte aos estudantes e profissionais da Engenharia Civil a respeito dos tr\\u00e2mites legais necess\\u00e1rios ao se executar uma edifica\\u00e7\\u00e3o. Trata dos temas: a necessidade de licenciar um empreendimento, \\u00f3rg\\u00e3os que competem conceder o licenciamento ambiental, tipos de licen\\u00e7a ambiental, procedimentos para a obten\\u00e7\\u00e3o da licen\\u00e7a ambiental, quais as penalidades para quem n\\u00e3o tirar as licen\\u00e7as devidas e os custos do licenciamento ambiental.<\\/p>\\r\\n<h3>Biografia do Autor<\\/h3>\\r\\n<p style=\\\"text-align: justify;\\\">\\u00a0<\\/p>\\r\\n<h4>Lattes:<\\/h4>\\r\\n<p><a href=\\\"http:\\/\\/lattes.cnpq.br\\/4516455595202966\\\" target=\\\"_blank\\\" rel=\\\"noopener\\\">http:\\/\\/lattes.cnpq.br\\/4516455595202966<\\/a><\\/p>\\r\\n<p>\\u00a0<\\/p>\\r\\n<p>SITE PROFESSOR WILLIAMS GUIMAR\\u00c3ES: https:\\/\\/williams.professorbrasil.com\\/<\\/p>\",\"fulltext\":\"\",\"state\":\"1\",\"catid\":21,\"created\":\"2023-04-26 17:12:34\",\"created_by\":\"591\",\"created_by_alias\":\"Williams Guimar\\u00e3es\",\"modified\":\"2023-04-26 17:35:07\",\"modified_by\":591,\"checked_out\":591,\"checked_out_time\":\"2023-04-26 17:33:49\",\"publish_up\":\"2023-04-26 17:12:34\",\"publish_down\":null,\"images\":\"{\\\"image_intro\\\":\\\"images\\\\\\/livros\\\\\\/capa-licenciamento-ambiental.png#joomlaImage:\\\\\\/\\\\\\/local-images\\\\\\/livros\\\\\\/capa-licenciamento-ambiental.png?width=307&height=438\\\",\\\"image_intro_alt\\\":\\\"\\\",\\\"image_intro_alt_empty\\\":\\\"1\\\",\\\"float_intro\\\":\\\"\\\",\\\"image_intro_caption\\\":\\\"\\\",\\\"image_fulltext\\\":\\\"images\\\\\\/livros\\\\\\/autor-licenciamento-ambiental.png#joomlaImage:\\\\\\/\\\\\\/local-images\\\\\\/livros\\\\\\/autor-licenciamento-ambiental.png?width=640&height=640\\\",\\\"image_fulltext_alt\\\":\\\"\\\",\\\"image_fulltext_alt_empty\\\":\\\"1\\\",\\\"float_fulltext\\\":\\\"\\\",\\\"image_fulltext_caption\\\":\\\"\\\"}\",\"urls\":\"{\\\"urla\\\":\\\"\\\",\\\"urlatext\\\":\\\"\\\",\\\"targeta\\\":\\\"\\\",\\\"urlb\\\":\\\"\\\",\\\"urlbtext\\\":\\\"\\\",\\\"targetb\\\":\\\"\\\",\\\"urlc\\\":\\\"\\\",\\\"urlctext\\\":\\\"\\\",\\\"targetc\\\":\\\"\\\"}\",\"attribs\":\"{\\\"article_layout\\\":\\\"\\\",\\\"show_title\\\":\\\"\\\",\\\"link_titles\\\":\\\"\\\",\\\"show_tags\\\":\\\"\\\",\\\"show_intro\\\":\\\"\\\",\\\"info_block_position\\\":\\\"\\\",\\\"info_block_show_title\\\":\\\"\\\",\\\"show_category\\\":\\\"\\\",\\\"link_category\\\":\\\"\\\",\\\"show_parent_category\\\":\\\"\\\",\\\"link_parent_category\\\":\\\"\\\",\\\"show_author\\\":\\\"\\\",\\\"link_author\\\":\\\"\\\",\\\"show_create_date\\\":\\\"\\\",\\\"show_modify_date\\\":\\\"\\\",\\\"show_publish_date\\\":\\\"\\\",\\\"show_item_navigation\\\":\\\"\\\",\\\"show_hits\\\":\\\"\\\",\\\"show_noauth\\\":\\\"\\\",\\\"urls_position\\\":\\\"\\\",\\\"alternative_readmore\\\":\\\"\\\",\\\"article_page_title\\\":\\\"\\\",\\\"show_publishing_options\\\":\\\"\\\",\\\"show_article_options\\\":\\\"\\\",\\\"show_urls_images_backend\\\":\\\"\\\",\\\"show_urls_images_frontend\\\":\\\"\\\"}\",\"version\":3,\"ordering\":0,\"metakey\":\"\",\"metadesc\":\"\",\"access\":1,\"hits\":5,\"metadata\":\"{\\\"robots\\\":\\\"\\\",\\\"author\\\":\\\"\\\",\\\"rights\\\":\\\"\\\"}\",\"featured\":\"0\",\"language\":\"*\",\"note\":\"\"}',0),(92,'com_content.article.12','','2023-04-26 17:36:25',591,5512,'d0cfaadcba86adcfa097075caf943aadf7c7f22f','{\"id\":\"12\",\"asset_id\":156,\"title\":\"Licenciamento Ambiental\",\"alias\":\"licenciamento-ambiental\",\"introtext\":\"<h3>Resumo do livro<\\/h3>\\r\\n<p style=\\\"text-align: justify;\\\">O livro Licenciamento ambiental do Professor Williams Guimar\\u00e3es busca dar um suporte aos estudantes e profissionais da Engenharia Civil a respeito dos tr\\u00e2mites legais necess\\u00e1rios ao se executar uma edifica\\u00e7\\u00e3o. Trata dos temas: a necessidade de licenciar um empreendimento, \\u00f3rg\\u00e3os que competem conceder o licenciamento ambiental, tipos de licen\\u00e7a ambiental, procedimentos para a obten\\u00e7\\u00e3o da licen\\u00e7a ambiental, quais as penalidades para quem n\\u00e3o tirar as licen\\u00e7as devidas e os custos do licenciamento ambiental.<\\/p>\\r\\n<h3>Biografia do Autor<\\/h3>\\r\\n<p style=\\\"text-align: justify;\\\">Possui Gradua\\u00e7\\u00e3o de Bacharel em Geografia pela Universidade Federal da Para\\u00edba-UFPB (1998), Mestre em Geodin\\u00e2mica e Geof\\u00edsica pela Universidade Federal do Rio Grande do Norte-UFRN (2002). Doutorado em Geologia Sedimentar e Ambiental (incompleto) pela Universidade Federal de Pernambuco-UFPE (2007). Trabalhou como professor e Coordenador de P\\u00f3s-Gradua\\u00e7\\u00e3o na Rede Laureate International Universities\\/Faculdade Internacional da Para\\u00edba. Ministrou disciplinas: Biogeoqu\\u00edmica, Geologia, Geomorfologia, Din\\u00e2mica Oceanogr\\u00e1fica e Costeira, Geologia Aplicada, Gest\\u00e3o de \\u00c1reas Protegidas (U.C), Ci\\u00eancias Sociais Aplicadas as Engenharias, Ecossistemas Aqu\\u00e1ticos e Terrestres, Desenvolvimento Sustent\\u00e1vel, Geoci\\u00eancias, Ci\\u00eancias Humanas e Sociais, Polui\\u00e7\\u00e3o e Degrada\\u00e7\\u00e3o Ambiental, Risco Ambiental, Sociedade Tecnologia e Meio Ambiente, Ferramentas da Qualidade e Melhoria Continua, Est\\u00e1gio Supervisionado, Gest\\u00e3o por Processos e Estudos Geot\\u00e9cnicos. Ocupou o cargo de Coordenador do Curso de P\\u00f3s-Gradua\\u00e7\\u00e3o a n\\u00edvel de Especializa\\u00e7\\u00e3o em Engenharia e Seguran\\u00e7a do Trabalho. Atua na \\u00e1rea das Geoci\\u00eancias, com \\u00eanfase em Geologia Marinha, Geografia F\\u00edsica, Geomorfologia, Geologia Ambiental, Geoqu\\u00edmica e Gest\\u00e3o Territorial e Ambiental. Ocupou cargo de Analista Ambiental na Secretaria do Meio Ambiente - SEMAM da Prefeitura Municipal de Jo\\u00e3o Pessoa-PB - PMJP, bi\\u00eanio 2010 - 2012. Participou da Revis\\u00e3o EIA e Elabora\\u00e7\\u00e3o do RIMA (MEIO F\\u00cdSICO) sobre os Estudos da Din\\u00e2mica Costeira para Redu\\u00e7\\u00e3o\\/Conten\\u00e7\\u00e3o do Processo de Eros\\u00e3o da Pra\\u00e7a de Iemanj\\u00e1, Fal\\u00e9sia do Cabo Branco e Praia do Seixas. No Litoral de Jo\\u00e3o Pessoa ? PB (2011). Atualmente \\u00e9 membro do corpo docente do UNIESP Centro Universit\\u00e1rio, lotado na Coordena\\u00e7\\u00e3o dos Cursos de Gradua\\u00e7\\u00e3o Bacharelados de Engenharia Civil e Produ\\u00e7\\u00e3o, professor titular das Disciplinas Fundamentos de Geologia e Hidrologia e Drenagem, al\\u00e9m de fazer parte da equipe do projeto de implanta\\u00e7\\u00e3o dos Laborat\\u00f3rios das Engenharias, destacando; Laborat\\u00f3rio de Geologia\\/Qu\\u00edmica. \\u00c9 membro da ONG - Grupo Amigos da Barreira - G.A.B, ocupando a pasta de Presidente Gest\\u00e3o 2017 2018.<\\/p>\\r\\n<h4>Lattes:<\\/h4>\\r\\n<p><a href=\\\"http:\\/\\/lattes.cnpq.br\\/4516455595202966\\\" target=\\\"_blank\\\" rel=\\\"noopener\\\">http:\\/\\/lattes.cnpq.br\\/4516455595202966<\\/a><\\/p>\\r\\n<h4>Site:<\\/h4>\\r\\n<p><a href=\\\"https:\\/\\/williams.professorbrasil.com\\/\\\" target=\\\"_blank\\\" rel=\\\"noopener\\\">https:\\/\\/williams.professorbrasil.com\\/<\\/a><\\/p>\",\"fulltext\":\"\",\"state\":\"1\",\"catid\":21,\"created\":\"2023-04-26 17:12:34\",\"created_by\":\"591\",\"created_by_alias\":\"Williams Guimar\\u00e3es\",\"modified\":\"2023-04-26 17:36:25\",\"modified_by\":591,\"checked_out\":591,\"checked_out_time\":\"2023-04-26 17:35:25\",\"publish_up\":\"2023-04-26 17:12:34\",\"publish_down\":null,\"images\":\"{\\\"image_intro\\\":\\\"images\\\\\\/livros\\\\\\/capa-licenciamento-ambiental.png#joomlaImage:\\\\\\/\\\\\\/local-images\\\\\\/livros\\\\\\/capa-licenciamento-ambiental.png?width=307&height=438\\\",\\\"image_intro_alt\\\":\\\"\\\",\\\"image_intro_alt_empty\\\":\\\"1\\\",\\\"float_intro\\\":\\\"\\\",\\\"image_intro_caption\\\":\\\"\\\",\\\"image_fulltext\\\":\\\"images\\\\\\/livros\\\\\\/autor-licenciamento-ambiental.png#joomlaImage:\\\\\\/\\\\\\/local-images\\\\\\/livros\\\\\\/autor-licenciamento-ambiental.png?width=640&height=640\\\",\\\"image_fulltext_alt\\\":\\\"\\\",\\\"image_fulltext_alt_empty\\\":\\\"1\\\",\\\"float_fulltext\\\":\\\"\\\",\\\"image_fulltext_caption\\\":\\\"\\\"}\",\"urls\":\"{\\\"urla\\\":\\\"\\\",\\\"urlatext\\\":\\\"\\\",\\\"targeta\\\":\\\"\\\",\\\"urlb\\\":\\\"\\\",\\\"urlbtext\\\":\\\"\\\",\\\"targetb\\\":\\\"\\\",\\\"urlc\\\":\\\"\\\",\\\"urlctext\\\":\\\"\\\",\\\"targetc\\\":\\\"\\\"}\",\"attribs\":\"{\\\"article_layout\\\":\\\"\\\",\\\"show_title\\\":\\\"\\\",\\\"link_titles\\\":\\\"\\\",\\\"show_tags\\\":\\\"\\\",\\\"show_intro\\\":\\\"\\\",\\\"info_block_position\\\":\\\"\\\",\\\"info_block_show_title\\\":\\\"\\\",\\\"show_category\\\":\\\"\\\",\\\"link_category\\\":\\\"\\\",\\\"show_parent_category\\\":\\\"\\\",\\\"link_parent_category\\\":\\\"\\\",\\\"show_author\\\":\\\"\\\",\\\"link_author\\\":\\\"\\\",\\\"show_create_date\\\":\\\"\\\",\\\"show_modify_date\\\":\\\"\\\",\\\"show_publish_date\\\":\\\"\\\",\\\"show_item_navigation\\\":\\\"\\\",\\\"show_hits\\\":\\\"\\\",\\\"show_noauth\\\":\\\"\\\",\\\"urls_position\\\":\\\"\\\",\\\"alternative_readmore\\\":\\\"\\\",\\\"article_page_title\\\":\\\"\\\",\\\"show_publishing_options\\\":\\\"\\\",\\\"show_article_options\\\":\\\"\\\",\\\"show_urls_images_backend\\\":\\\"\\\",\\\"show_urls_images_frontend\\\":\\\"\\\"}\",\"version\":5,\"ordering\":0,\"metakey\":\"\",\"metadesc\":\"\",\"access\":1,\"hits\":7,\"metadata\":\"{\\\"robots\\\":\\\"\\\",\\\"author\\\":\\\"\\\",\\\"rights\\\":\\\"\\\"}\",\"featured\":\"0\",\"language\":\"*\",\"note\":\"\"}',0),(93,'com_content.article.12','','2023-04-26 17:44:18',591,5523,'0db94cae605bc0a41cd0df2ad6ae401f2696ad21','{\"id\":\"12\",\"asset_id\":156,\"title\":\"Licenciamento Ambiental\",\"alias\":\"licenciamento-ambiental\",\"introtext\":\"<h3>Resumo do livro<\\/h3>\\r\\n<p style=\\\"text-align: justify;\\\">O livro Licenciamento ambiental do Professor Williams Guimar\\u00e3es busca dar um suporte aos estudantes e profissionais da Engenharia Civil a respeito dos tr\\u00e2mites legais necess\\u00e1rios ao se executar uma edifica\\u00e7\\u00e3o. Trata dos temas: a necessidade de licenciar um empreendimento, \\u00f3rg\\u00e3os que competem conceder o licenciamento ambiental, tipos de licen\\u00e7a ambiental, procedimentos para a obten\\u00e7\\u00e3o da licen\\u00e7a ambiental, quais as penalidades para quem n\\u00e3o tirar as licen\\u00e7as devidas e os custos do licenciamento ambiental.<\\/p>\\r\\n<h3>Biografia do Autor<\\/h3>\\r\\n<p style=\\\"text-align: justify;\\\">Possui Gradua\\u00e7\\u00e3o de Bacharel em Geografia pela Universidade Federal da Para\\u00edba-UFPB (1998), Mestre em Geodin\\u00e2mica e Geof\\u00edsica pela Universidade Federal do Rio Grande do Norte-UFRN (2002). Doutorado em Geologia Sedimentar e Ambiental (incompleto) pela Universidade Federal de Pernambuco-UFPE (2007). Trabalhou como professor e Coordenador de P\\u00f3s-Gradua\\u00e7\\u00e3o na Rede Laureate International Universities\\/Faculdade Internacional da Para\\u00edba. Ministrou disciplinas: Biogeoqu\\u00edmica, Geologia, Geomorfologia, Din\\u00e2mica Oceanogr\\u00e1fica e Costeira, Geologia Aplicada, Gest\\u00e3o de \\u00c1reas Protegidas (U.C), Ci\\u00eancias Sociais Aplicadas as Engenharias, Ecossistemas Aqu\\u00e1ticos e Terrestres, Desenvolvimento Sustent\\u00e1vel, Geoci\\u00eancias, Ci\\u00eancias Humanas e Sociais, Polui\\u00e7\\u00e3o e Degrada\\u00e7\\u00e3o Ambiental, Risco Ambiental, Sociedade Tecnologia e Meio Ambiente, Ferramentas da Qualidade e Melhoria Continua, Est\\u00e1gio Supervisionado, Gest\\u00e3o por Processos e Estudos Geot\\u00e9cnicos. Ocupou o cargo de Coordenador do Curso de P\\u00f3s-Gradua\\u00e7\\u00e3o a n\\u00edvel de Especializa\\u00e7\\u00e3o em Engenharia e Seguran\\u00e7a do Trabalho. Atua na \\u00e1rea das Geoci\\u00eancias, com \\u00eanfase em Geologia Marinha, Geografia F\\u00edsica, Geomorfologia, Geologia Ambiental, Geoqu\\u00edmica e Gest\\u00e3o Territorial e Ambiental. Ocupou cargo de Analista Ambiental na Secretaria do Meio Ambiente - SEMAM da Prefeitura Municipal de Jo\\u00e3o Pessoa-PB - PMJP, bi\\u00eanio 2010 - 2012. Participou da Revis\\u00e3o EIA e Elabora\\u00e7\\u00e3o do RIMA (MEIO F\\u00cdSICO) sobre os Estudos da Din\\u00e2mica Costeira para Redu\\u00e7\\u00e3o\\/Conten\\u00e7\\u00e3o do Processo de Eros\\u00e3o da Pra\\u00e7a de Iemanj\\u00e1, Fal\\u00e9sia do Cabo Branco e Praia do Seixas. No Litoral de Jo\\u00e3o Pessoa ? PB (2011). Atualmente \\u00e9 membro do corpo docente do UNIESP Centro Universit\\u00e1rio, lotado na Coordena\\u00e7\\u00e3o dos Cursos de Gradua\\u00e7\\u00e3o Bacharelados de Engenharia Civil e Produ\\u00e7\\u00e3o, professor titular das Disciplinas Fundamentos de Geologia e Hidrologia e Drenagem, al\\u00e9m de fazer parte da equipe do projeto de implanta\\u00e7\\u00e3o dos Laborat\\u00f3rios das Engenharias, destacando; Laborat\\u00f3rio de Geologia\\/Qu\\u00edmica. \\u00c9 membro da ONG - Grupo Amigos da Barreira - G.A.B, ocupando a pasta de Presidente Gest\\u00e3o 2017 2018.<\\/p>\\r\\n<h4>Lattes:<\\/h4>\\r\\n<p><a href=\\\"http:\\/\\/lattes.cnpq.br\\/4516455595202966\\\" target=\\\"_blank\\\" rel=\\\"noopener\\\">http:\\/\\/lattes.cnpq.br\\/4516455595202966<\\/a><\\/p>\\r\\n<h4>Site:<\\/h4>\\r\\n<p><a href=\\\"https:\\/\\/williams.professorbrasil.com\\/\\\" target=\\\"_blank\\\" rel=\\\"noopener\\\">https:\\/\\/williams.professorbrasil.com\\/<\\/a><\\/p>\",\"fulltext\":\"\",\"state\":\"1\",\"catid\":21,\"created\":\"2023-04-26 17:12:34\",\"created_by\":\"591\",\"created_by_alias\":\"Williams Guimar\\u00e3es\",\"modified\":\"2023-04-26 17:44:18\",\"modified_by\":591,\"checked_out\":591,\"checked_out_time\":\"2023-04-26 17:38:48\",\"publish_up\":\"2023-04-26 17:12:34\",\"publish_down\":null,\"images\":\"{\\\"image_intro\\\":\\\"images\\\\\\/livros\\\\\\/capa-licenciamento-ambiental.png#joomlaImage:\\\\\\/\\\\\\/local-images\\\\\\/livros\\\\\\/capa-licenciamento-ambiental.png?width=307&height=438\\\",\\\"image_intro_alt\\\":\\\"\\\",\\\"image_intro_alt_empty\\\":\\\"1\\\",\\\"float_intro\\\":\\\"\\\",\\\"image_intro_caption\\\":\\\"\\\",\\\"image_fulltext\\\":\\\"images\\\\\\/livros\\\\\\/capa-autor-licenciamento-ambiental.png#joomlaImage:\\\\\\/\\\\\\/local-images\\\\\\/livros\\\\\\/capa-autor-licenciamento-ambiental.png?width=1500&height=700\\\",\\\"image_fulltext_alt\\\":\\\"\\\",\\\"image_fulltext_alt_empty\\\":\\\"1\\\",\\\"float_fulltext\\\":\\\"\\\",\\\"image_fulltext_caption\\\":\\\"\\\"}\",\"urls\":\"{\\\"urla\\\":\\\"\\\",\\\"urlatext\\\":\\\"\\\",\\\"targeta\\\":\\\"\\\",\\\"urlb\\\":\\\"\\\",\\\"urlbtext\\\":\\\"\\\",\\\"targetb\\\":\\\"\\\",\\\"urlc\\\":\\\"\\\",\\\"urlctext\\\":\\\"\\\",\\\"targetc\\\":\\\"\\\"}\",\"attribs\":\"{\\\"article_layout\\\":\\\"\\\",\\\"show_title\\\":\\\"\\\",\\\"link_titles\\\":\\\"\\\",\\\"show_tags\\\":\\\"\\\",\\\"show_intro\\\":\\\"\\\",\\\"info_block_position\\\":\\\"\\\",\\\"info_block_show_title\\\":\\\"\\\",\\\"show_category\\\":\\\"\\\",\\\"link_category\\\":\\\"\\\",\\\"show_parent_category\\\":\\\"\\\",\\\"link_parent_category\\\":\\\"\\\",\\\"show_author\\\":\\\"\\\",\\\"link_author\\\":\\\"\\\",\\\"show_create_date\\\":\\\"\\\",\\\"show_modify_date\\\":\\\"\\\",\\\"show_publish_date\\\":\\\"\\\",\\\"show_item_navigation\\\":\\\"\\\",\\\"show_hits\\\":\\\"\\\",\\\"show_noauth\\\":\\\"\\\",\\\"urls_position\\\":\\\"\\\",\\\"alternative_readmore\\\":\\\"\\\",\\\"article_page_title\\\":\\\"\\\",\\\"show_publishing_options\\\":\\\"\\\",\\\"show_article_options\\\":\\\"\\\",\\\"show_urls_images_backend\\\":\\\"\\\",\\\"show_urls_images_frontend\\\":\\\"\\\"}\",\"version\":7,\"ordering\":0,\"metakey\":\"\",\"metadesc\":\"\",\"access\":1,\"hits\":9,\"metadata\":\"{\\\"robots\\\":\\\"\\\",\\\"author\\\":\\\"\\\",\\\"rights\\\":\\\"\\\"}\",\"featured\":\"0\",\"language\":\"*\",\"note\":\"\"}',0),(94,'com_content.article.12','','2023-04-27 13:22:32',591,5573,'90810b3f351e72b360de8b306e8989c23699c350','{\"id\":\"12\",\"asset_id\":156,\"title\":\"Licenciamento Ambiental\",\"alias\":\"licenciamento-ambiental\",\"introtext\":\"<h3>Resumo do livro<\\/h3>\\r\\n<p style=\\\"text-align: justify;\\\">O livro Licenciamento ambiental do Professor Williams Guimar\\u00e3es busca dar um suporte aos estudantes e profissionais da Engenharia Civil a respeito dos tr\\u00e2mites legais necess\\u00e1rios ao se executar uma edifica\\u00e7\\u00e3o. Trata dos temas: a necessidade de licenciar um empreendimento, \\u00f3rg\\u00e3os que competem conceder o licenciamento ambiental, tipos de licen\\u00e7a ambiental, procedimentos para a obten\\u00e7\\u00e3o da licen\\u00e7a ambiental, quais as penalidades para quem n\\u00e3o tirar as licen\\u00e7as devidas e os custos do licenciamento ambiental.<\\/p>\\r\\n\",\"fulltext\":\"\\r\\n<p style=\\\"text-align: justify;\\\">\\u00a0<\\/p>\\r\\n<h3>Biografia do Autor<\\/h3>\\r\\n<p style=\\\"text-align: justify;\\\">Possui Gradua\\u00e7\\u00e3o de Bacharel em Geografia pela Universidade Federal da Para\\u00edba-UFPB (1998), Mestre em Geodin\\u00e2mica e Geof\\u00edsica pela Universidade Federal do Rio Grande do Norte-UFRN (2002). Doutorado em Geologia Sedimentar e Ambiental (incompleto) pela Universidade Federal de Pernambuco-UFPE (2007). Trabalhou como professor e Coordenador de P\\u00f3s-Gradua\\u00e7\\u00e3o na Rede Laureate International Universities\\/Faculdade Internacional da Para\\u00edba. Ministrou disciplinas: Biogeoqu\\u00edmica, Geologia, Geomorfologia, Din\\u00e2mica Oceanogr\\u00e1fica e Costeira, Geologia Aplicada, Gest\\u00e3o de \\u00c1reas Protegidas (U.C), Ci\\u00eancias Sociais Aplicadas as Engenharias, Ecossistemas Aqu\\u00e1ticos e Terrestres, Desenvolvimento Sustent\\u00e1vel, Geoci\\u00eancias, Ci\\u00eancias Humanas e Sociais, Polui\\u00e7\\u00e3o e Degrada\\u00e7\\u00e3o Ambiental, Risco Ambiental, Sociedade Tecnologia e Meio Ambiente, Ferramentas da Qualidade e Melhoria Continua, Est\\u00e1gio Supervisionado, Gest\\u00e3o por Processos e Estudos Geot\\u00e9cnicos. Ocupou o cargo de Coordenador do Curso de P\\u00f3s-Gradua\\u00e7\\u00e3o a n\\u00edvel de Especializa\\u00e7\\u00e3o em Engenharia e Seguran\\u00e7a do Trabalho. Atua na \\u00e1rea das Geoci\\u00eancias, com \\u00eanfase em Geologia Marinha, Geografia F\\u00edsica, Geomorfologia, Geologia Ambiental, Geoqu\\u00edmica e Gest\\u00e3o Territorial e Ambiental. Ocupou cargo de Analista Ambiental na Secretaria do Meio Ambiente - SEMAM da Prefeitura Municipal de Jo\\u00e3o Pessoa-PB - PMJP, bi\\u00eanio 2010 - 2012. Participou da Revis\\u00e3o EIA e Elabora\\u00e7\\u00e3o do RIMA (MEIO F\\u00cdSICO) sobre os Estudos da Din\\u00e2mica Costeira para Redu\\u00e7\\u00e3o\\/Conten\\u00e7\\u00e3o do Processo de Eros\\u00e3o da Pra\\u00e7a de Iemanj\\u00e1, Fal\\u00e9sia do Cabo Branco e Praia do Seixas. No Litoral de Jo\\u00e3o Pessoa ? PB (2011). Atualmente \\u00e9 membro do corpo docente do UNIESP Centro Universit\\u00e1rio, lotado na Coordena\\u00e7\\u00e3o dos Cursos de Gradua\\u00e7\\u00e3o Bacharelados de Engenharia Civil e Produ\\u00e7\\u00e3o, professor titular das Disciplinas Fundamentos de Geologia e Hidrologia e Drenagem, al\\u00e9m de fazer parte da equipe do projeto de implanta\\u00e7\\u00e3o dos Laborat\\u00f3rios das Engenharias, destacando; Laborat\\u00f3rio de Geologia\\/Qu\\u00edmica. \\u00c9 membro da ONG - Grupo Amigos da Barreira - G.A.B, ocupando a pasta de Presidente Gest\\u00e3o 2017 2018.<\\/p>\\r\\n<h4>Lattes:<\\/h4>\\r\\n<p><a href=\\\"http:\\/\\/lattes.cnpq.br\\/4516455595202966\\\" target=\\\"_blank\\\" rel=\\\"noopener\\\">http:\\/\\/lattes.cnpq.br\\/4516455595202966<\\/a><\\/p>\\r\\n<h4>Site:<\\/h4>\\r\\n<p><a href=\\\"https:\\/\\/williams.professorbrasil.com\\/\\\" target=\\\"_blank\\\" rel=\\\"noopener\\\">https:\\/\\/williams.professorbrasil.com\\/<\\/a><\\/p>\",\"catid\":21,\"created\":\"2023-04-26 17:12:34\",\"created_by\":\"591\",\"created_by_alias\":\"Williams Guimar\\u00e3es\",\"modified\":\"2023-04-27 13:22:32\",\"modified_by\":591,\"checked_out\":591,\"checked_out_time\":\"2023-04-27 13:21:21\",\"publish_up\":\"2023-04-26 17:12:34\",\"publish_down\":null,\"images\":\"{\\\"image_intro\\\":\\\"images\\\\\\/livros\\\\\\/capa-licenciamento-ambiental.png#joomlaImage:\\\\\\/\\\\\\/local-images\\\\\\/livros\\\\\\/capa-licenciamento-ambiental.png?width=307&height=438\\\",\\\"image_intro_alt\\\":\\\"\\\",\\\"image_intro_alt_empty\\\":\\\"1\\\",\\\"float_intro\\\":\\\"\\\",\\\"image_intro_caption\\\":\\\"\\\",\\\"image_fulltext\\\":\\\"images\\\\\\/livros\\\\\\/capa-autor-licenciamento-ambiental.png#joomlaImage:\\\\\\/\\\\\\/local-images\\\\\\/livros\\\\\\/capa-autor-licenciamento-ambiental.png?width=1500&height=700\\\",\\\"image_fulltext_alt\\\":\\\"\\\",\\\"image_fulltext_alt_empty\\\":\\\"1\\\",\\\"float_fulltext\\\":\\\"\\\",\\\"image_fulltext_caption\\\":\\\"\\\"}\",\"urls\":\"{\\\"urla\\\":\\\"\\\",\\\"urlatext\\\":\\\"\\\",\\\"targeta\\\":\\\"\\\",\\\"urlb\\\":\\\"\\\",\\\"urlbtext\\\":\\\"\\\",\\\"targetb\\\":\\\"\\\",\\\"urlc\\\":\\\"\\\",\\\"urlctext\\\":\\\"\\\",\\\"targetc\\\":\\\"\\\"}\",\"attribs\":\"{\\\"article_layout\\\":\\\"\\\",\\\"show_title\\\":\\\"\\\",\\\"link_titles\\\":\\\"\\\",\\\"show_tags\\\":\\\"\\\",\\\"show_intro\\\":\\\"\\\",\\\"info_block_position\\\":\\\"\\\",\\\"info_block_show_title\\\":\\\"\\\",\\\"show_category\\\":\\\"\\\",\\\"link_category\\\":\\\"\\\",\\\"show_parent_category\\\":\\\"\\\",\\\"link_parent_category\\\":\\\"\\\",\\\"show_author\\\":\\\"\\\",\\\"link_author\\\":\\\"\\\",\\\"show_create_date\\\":\\\"\\\",\\\"show_modify_date\\\":\\\"\\\",\\\"show_publish_date\\\":\\\"\\\",\\\"show_item_navigation\\\":\\\"\\\",\\\"show_hits\\\":\\\"\\\",\\\"show_noauth\\\":\\\"\\\",\\\"urls_position\\\":\\\"\\\",\\\"alternative_readmore\\\":\\\"\\\",\\\"article_page_title\\\":\\\"\\\",\\\"show_publishing_options\\\":\\\"\\\",\\\"show_article_options\\\":\\\"\\\",\\\"show_urls_images_backend\\\":\\\"\\\",\\\"show_urls_images_frontend\\\":\\\"\\\"}\",\"version\":8,\"ordering\":0,\"metakey\":\"\",\"metadesc\":\"\",\"access\":1,\"hits\":15,\"metadata\":\"{\\\"robots\\\":\\\"\\\",\\\"author\\\":\\\"\\\",\\\"rights\\\":\\\"\\\"}\",\"language\":\"*\",\"note\":\"\"}',0),(95,'com_content.category.19','','2023-04-27 13:47:57',591,704,'58d5e37cc6eff717a469125a4ccb5fff703439b9','{\"id\":\"19\",\"asset_id\":153,\"parent_id\":1,\"lft\":23,\"rgt\":36,\"level\":1,\"path\":\"livros-publicados\",\"extension\":\"com_content\",\"title\":\"Livros Publicados\",\"alias\":\"livros-publicados\",\"note\":\"\",\"description\":\"<p>Todos os livros publicados pela Ci\\u00eancia Capital Editora.<\\/p>\",\"published\":\"1\",\"checked_out\":591,\"checked_out_time\":\"2023-04-27 13:47:09\",\"access\":1,\"params\":\"{\\\"category_layout\\\":\\\"_:default\\\",\\\"image\\\":\\\"\\\",\\\"image_alt\\\":\\\"\\\",\\\"workflow_id\\\":\\\"use_default\\\"}\",\"metadesc\":\"\",\"metakey\":\"\",\"metadata\":\"{\\\"author\\\":\\\"\\\",\\\"robots\\\":\\\"\\\"}\",\"created_user_id\":\"591\",\"created_time\":\"2023-04-23 00:56:30\",\"modified_user_id\":591,\"modified_time\":\"2023-04-27 13:47:57\",\"hits\":0,\"language\":\"*\",\"version\":1}',0),(96,'com_banners.category.3','','2023-04-27 13:54:06',591,564,'b3d9f0964f81db60c88bb63a3d32daef233bf7d7','{\"id\":\"3\",\"asset_id\":28,\"parent_id\":1,\"lft\":3,\"rgt\":4,\"level\":1,\"path\":\"uncategorised\",\"extension\":\"com_banners\",\"title\":\"Outros\",\"alias\":\"outros\",\"note\":\"\",\"description\":\"\",\"published\":\"1\",\"checked_out\":591,\"checked_out_time\":\"2023-04-27 13:53:49\",\"access\":1,\"params\":\"{\\\"category_layout\\\":\\\"\\\",\\\"image\\\":\\\"\\\",\\\"image_alt\\\":\\\"\\\"}\",\"metadesc\":\"\",\"metakey\":\"\",\"metadata\":\"{\\\"author\\\":\\\"\\\",\\\"robots\\\":\\\"\\\"}\",\"created_user_id\":\"591\",\"created_time\":\"2023-04-20 15:49:25\",\"modified_user_id\":591,\"modified_time\":\"2023-04-27 13:54:06\",\"hits\":0,\"language\":\"*\",\"version\":1}',0);

--
-- Table structure for table `josfs_languages`
--

CREATE TABLE `josfs_languages` (
  `lang_id` int(10) unsigned NOT NULL AUTO_INCREMENT,
  `asset_id` int(10) unsigned NOT NULL DEFAULT 0,
  `lang_code` char(7) CHARACTER SET utf8mb4 COLLATE utf8mb4_bin NOT NULL,
  `title` varchar(50) NOT NULL,
  `title_native` varchar(50) NOT NULL,
  `sef` varchar(50) NOT NULL,
  `image` varchar(50) NOT NULL,
  `description` varchar(512) NOT NULL,
  `metakey` text DEFAULT NULL,
  `metadesc` text NOT NULL,
  `sitename` varchar(1024) NOT NULL DEFAULT '',
  `published` int(11) NOT NULL DEFAULT 0,
  `access` int(10) unsigned NOT NULL DEFAULT 0,
  `ordering` int(11) NOT NULL DEFAULT 0,
  PRIMARY KEY (`lang_id`),
  UNIQUE KEY `idx_sef` (`sef`),
  UNIQUE KEY `idx_langcode` (`lang_code`),
  KEY `idx_access` (`access`),
  KEY `idx_ordering` (`ordering`)
) ENGINE=InnoDB AUTO_INCREMENT=3 DEFAULT CHARSET=utf8mb4 COLLATE=utf8mb4_unicode_ci;

--
-- Dumping data for table `josfs_languages`
--

INSERT INTO `josfs_languages` VALUES (1,0,'en-GB','English (en-GB)','English (United Kingdom)','en','en_gb','','','','',1,1,1),(2,89,'pt-BR','Português Brasil (pt-BR)','Português do Brasil (pt-BR)','pt','pt-br','',NULL,'','',0,1,1);

--
-- Table structure for table `josfs_mail_templates`
--

CREATE TABLE `josfs_mail_templates` (
  `template_id` varchar(127) NOT NULL DEFAULT '',
  `extension` varchar(127) NOT NULL DEFAULT '',
  `language` char(7) NOT NULL DEFAULT '',
  `subject` varchar(255) NOT NULL DEFAULT '',
  `body` text NOT NULL,
  `htmlbody` mediumtext NOT NULL,
  `attachments` text NOT NULL,
  `params` text NOT NULL,
  PRIMARY KEY (`template_id`,`language`)
) ENGINE=InnoDB DEFAULT CHARSET=utf8mb4 COLLATE=utf8mb4_unicode_ci;

--
-- Dumping data for table `josfs_mail_templates`
--

INSERT INTO `josfs_mail_templates` VALUES ('com_actionlogs.notification','com_actionlogs','','COM_ACTIONLOGS_EMAIL_SUBJECT','COM_ACTIONLOGS_EMAIL_BODY','COM_ACTIONLOGS_EMAIL_HTMLBODY','','{\"tags\":[\"message\",\"date\",\"extension\",\"username\"]}'),('com_config.test_mail','com_config','','COM_CONFIG_SENDMAIL_SUBJECT','COM_CONFIG_SENDMAIL_BODY','','','{\"tags\":[\"sitename\",\"method\"]}'),('com_contact.mail','com_contact','','COM_CONTACT_ENQUIRY_SUBJECT','COM_CONTACT_ENQUIRY_TEXT','','','{\"tags\":[\"sitename\",\"name\",\"email\",\"subject\",\"body\",\"url\",\"customfields\"]}'),('com_contact.mail.copy','com_contact','','COM_CONTACT_COPYSUBJECT_OF','COM_CONTACT_COPYTEXT_OF','','','{\"tags\":[\"sitename\",\"name\",\"email\",\"subject\",\"body\",\"url\",\"customfields\",\"contactname\"]}'),('com_messages.new_message','com_messages','','COM_MESSAGES_NEW_MESSAGE','COM_MESSAGES_NEW_MESSAGE_BODY','','','{\"tags\":[\"subject\",\"message\",\"fromname\",\"sitename\",\"siteurl\",\"fromemail\",\"toname\",\"toemail\"]}'),('com_privacy.notification.admin.export','com_privacy','','COM_PRIVACY_EMAIL_ADMIN_REQUEST_SUBJECT_EXPORT_REQUEST','COM_PRIVACY_EMAIL_ADMIN_REQUEST_BODY_EXPORT_REQUEST','','','{\"tags\":[\"sitename\",\"url\",\"tokenurl\",\"formurl\",\"token\"]}'),('com_privacy.notification.admin.remove','com_privacy','','COM_PRIVACY_EMAIL_ADMIN_REQUEST_SUBJECT_REMOVE_REQUEST','COM_PRIVACY_EMAIL_ADMIN_REQUEST_BODY_REMOVE_REQUEST','','','{\"tags\":[\"sitename\",\"url\",\"tokenurl\",\"formurl\",\"token\"]}'),('com_privacy.notification.export','com_privacy','','COM_PRIVACY_EMAIL_REQUEST_SUBJECT_EXPORT_REQUEST','COM_PRIVACY_EMAIL_REQUEST_BODY_EXPORT_REQUEST','','','{\"tags\":[\"sitename\",\"url\",\"tokenurl\",\"formurl\",\"token\"]}'),('com_privacy.notification.remove','com_privacy','','COM_PRIVACY_EMAIL_REQUEST_SUBJECT_REMOVE_REQUEST','COM_PRIVACY_EMAIL_REQUEST_BODY_REMOVE_REQUEST','','','{\"tags\":[\"sitename\",\"url\",\"tokenurl\",\"formurl\",\"token\"]}'),('com_privacy.userdataexport','com_privacy','','COM_PRIVACY_EMAIL_DATA_EXPORT_COMPLETED_SUBJECT','COM_PRIVACY_EMAIL_DATA_EXPORT_COMPLETED_BODY','','','{\"tags\":[\"sitename\",\"url\"]}'),('com_users.massmail.mail','com_users','','COM_USERS_MASSMAIL_MAIL_SUBJECT','COM_USERS_MASSMAIL_MAIL_BODY','','','{\"tags\":[\"subject\",\"body\",\"subjectprefix\",\"bodysuffix\"]}'),('com_users.password_reset','com_users','','COM_USERS_EMAIL_PASSWORD_RESET_SUBJECT','COM_USERS_EMAIL_PASSWORD_RESET_BODY','','','{\"tags\":[\"name\",\"email\",\"sitename\",\"link_text\",\"link_html\",\"token\"]}'),('com_users.registration.admin.new_notification','com_users','','COM_USERS_EMAIL_ACCOUNT_DETAILS','COM_USERS_EMAIL_REGISTERED_NOTIFICATION_TO_ADMIN_BODY','','','{\"tags\":[\"name\",\"sitename\",\"siteurl\",\"username\"]}'),('com_users.registration.admin.verification_request','com_users','','COM_USERS_EMAIL_ACTIVATE_WITH_ADMIN_ACTIVATION_SUBJECT','COM_USERS_EMAIL_ACTIVATE_WITH_ADMIN_ACTIVATION_BODY','','','{\"tags\":[\"name\",\"sitename\",\"email\",\"username\",\"activate\"]}'),('com_users.registration.user.admin_activated','com_users','','COM_USERS_EMAIL_ACTIVATED_BY_ADMIN_ACTIVATION_SUBJECT','COM_USERS_EMAIL_ACTIVATED_BY_ADMIN_ACTIVATION_BODY','','','{\"tags\":[\"name\",\"sitename\",\"siteurl\",\"username\"]}'),('com_users.registration.user.admin_activation','com_users','','COM_USERS_EMAIL_ACCOUNT_DETAILS','COM_USERS_EMAIL_REGISTERED_WITH_ADMIN_ACTIVATION_BODY_NOPW','','','{\"tags\":[\"name\",\"sitename\",\"activate\",\"siteurl\",\"username\"]}'),('com_users.registration.user.admin_activation_w_pw','com_users','','COM_USERS_EMAIL_ACCOUNT_DETAILS','COM_USERS_EMAIL_REGISTERED_WITH_ADMIN_ACTIVATION_BODY','','','{\"tags\":[\"name\",\"sitename\",\"activate\",\"siteurl\",\"username\",\"password_clear\"]}'),('com_users.registration.user.registration_mail','com_users','','COM_USERS_EMAIL_ACCOUNT_DETAILS','COM_USERS_EMAIL_REGISTERED_BODY_NOPW','','','{\"tags\":[\"name\",\"sitename\",\"siteurl\",\"username\"]}'),('com_users.registration.user.registration_mail_w_pw','com_users','','COM_USERS_EMAIL_ACCOUNT_DETAILS','COM_USERS_EMAIL_REGISTERED_BODY','','','{\"tags\":[\"name\",\"sitename\",\"siteurl\",\"username\",\"password_clear\"]}'),('com_users.registration.user.self_activation','com_users','','COM_USERS_EMAIL_ACCOUNT_DETAILS','COM_USERS_EMAIL_REGISTERED_WITH_ACTIVATION_BODY_NOPW','','','{\"tags\":[\"name\",\"sitename\",\"activate\",\"siteurl\",\"username\"]}'),('com_users.registration.user.self_activation_w_pw','com_users','','COM_USERS_EMAIL_ACCOUNT_DETAILS','COM_USERS_EMAIL_REGISTERED_WITH_ACTIVATION_BODY','','','{\"tags\":[\"name\",\"sitename\",\"activate\",\"siteurl\",\"username\",\"password_clear\"]}'),('com_users.reminder','com_users','','COM_USERS_EMAIL_USERNAME_REMINDER_SUBJECT','COM_USERS_EMAIL_USERNAME_REMINDER_BODY','','','{\"tags\":[\"name\",\"username\",\"sitename\",\"email\",\"link_text\",\"link_html\"]}'),('plg_multifactorauth_email.mail','plg_multifactorauth_email','','PLG_MULTIFACTORAUTH_EMAIL_EMAIL_SUBJECT','PLG_MULTIFACTORAUTH_EMAIL_EMAIL_BODY','','','{\"tags\":[\"code\",\"sitename\",\"siteurl\",\"username\",\"email\",\"fullname\"]}'),('plg_system_privacyconsent.request.reminder','plg_system_privacyconsent','','PLG_SYSTEM_PRIVACYCONSENT_EMAIL_REMIND_SUBJECT','PLG_SYSTEM_PRIVACYCONSENT_EMAIL_REMIND_BODY','','','{\"tags\":[\"sitename\",\"url\",\"tokenurl\",\"formurl\",\"token\"]}'),('plg_system_tasknotification.failure_mail','plg_system_tasknotification','','PLG_SYSTEM_TASK_NOTIFICATION_FAILURE_MAIL_SUBJECT','PLG_SYSTEM_TASK_NOTIFICATION_FAILURE_MAIL_BODY','','','{\"tags\": [\"task_id\", \"task_title\", \"exit_code\", \"exec_data_time\", \"task_output\"]}'),('plg_system_tasknotification.fatal_recovery_mail','plg_system_tasknotification','','PLG_SYSTEM_TASK_NOTIFICATION_FATAL_MAIL_SUBJECT','PLG_SYSTEM_TASK_NOTIFICATION_FATAL_MAIL_BODY','','','{\"tags\": [\"task_id\", \"task_title\"]}'),('plg_system_tasknotification.orphan_mail','plg_system_tasknotification','','PLG_SYSTEM_TASK_NOTIFICATION_ORPHAN_MAIL_SUBJECT','PLG_SYSTEM_TASK_NOTIFICATION_ORPHAN_MAIL_BODY','','','{\"tags\": [\"task_id\", \"task_title\"]}'),('plg_system_tasknotification.success_mail','plg_system_tasknotification','','PLG_SYSTEM_TASK_NOTIFICATION_SUCCESS_MAIL_SUBJECT','PLG_SYSTEM_TASK_NOTIFICATION_SUCCESS_MAIL_BODY','','','{\"tags\":[\"task_id\", \"task_title\", \"exec_data_time\", \"task_output\"]}'),('plg_system_updatenotification.mail','plg_system_updatenotification','','PLG_SYSTEM_UPDATENOTIFICATION_EMAIL_SUBJECT','PLG_SYSTEM_UPDATENOTIFICATION_EMAIL_BODY','','','{\"tags\":[\"newversion\",\"curversion\",\"sitename\",\"url\",\"link\",\"releasenews\"]}'),('plg_user_joomla.mail','plg_user_joomla','','PLG_USER_JOOMLA_NEW_USER_EMAIL_SUBJECT','PLG_USER_JOOMLA_NEW_USER_EMAIL_BODY','','','{\"tags\":[\"name\",\"sitename\",\"url\",\"username\",\"password\",\"email\"]}');

--
-- Table structure for table `josfs_menu`
--

CREATE TABLE `josfs_menu` (
  `id` int(11) NOT NULL AUTO_INCREMENT,
  `menutype` varchar(24) NOT NULL COMMENT 'The type of menu this item belongs to. FK to #__menu_types.menutype',
  `title` varchar(255) NOT NULL COMMENT 'The display title of the menu item.',
  `alias` varchar(400) CHARACTER SET utf8mb4 COLLATE utf8mb4_bin NOT NULL COMMENT 'The SEF alias of the menu item.',
  `note` varchar(255) NOT NULL DEFAULT '',
  `path` varchar(1024) NOT NULL COMMENT 'The computed path of the menu item based on the alias field.',
  `link` varchar(1024) NOT NULL COMMENT 'The actually link the menu item refers to.',
  `type` varchar(16) NOT NULL COMMENT 'The type of link: Component, URL, Alias, Separator',
  `published` tinyint(4) NOT NULL DEFAULT 0 COMMENT 'The published state of the menu link.',
  `parent_id` int(10) unsigned NOT NULL DEFAULT 1 COMMENT 'The parent menu item in the menu tree.',
  `level` int(10) unsigned NOT NULL DEFAULT 0 COMMENT 'The relative level in the tree.',
  `component_id` int(10) unsigned NOT NULL DEFAULT 0 COMMENT 'FK to #__extensions.id',
  `checked_out` int(10) unsigned DEFAULT NULL COMMENT 'FK to #__users.id',
  `checked_out_time` datetime DEFAULT NULL COMMENT 'The time the menu item was checked out.',
  `browserNav` tinyint(4) NOT NULL DEFAULT 0 COMMENT 'The click behaviour of the link.',
  `access` int(10) unsigned NOT NULL DEFAULT 0 COMMENT 'The access level required to view the menu item.',
  `img` varchar(255) NOT NULL COMMENT 'The image of the menu item.',
  `template_style_id` int(10) unsigned NOT NULL DEFAULT 0,
  `params` text NOT NULL COMMENT 'JSON encoded data for the menu item.',
  `lft` int(11) NOT NULL DEFAULT 0 COMMENT 'Nested set lft.',
  `rgt` int(11) NOT NULL DEFAULT 0 COMMENT 'Nested set rgt.',
  `home` tinyint(3) unsigned NOT NULL DEFAULT 0 COMMENT 'Indicates if this menu item is the home or default page.',
  `language` char(7) NOT NULL DEFAULT '',
  `client_id` tinyint(4) NOT NULL DEFAULT 0,
  `publish_up` datetime DEFAULT NULL,
  `publish_down` datetime DEFAULT NULL,
  PRIMARY KEY (`id`),
  UNIQUE KEY `idx_client_id_parent_id_alias_language` (`client_id`,`parent_id`,`alias`(100),`language`),
  KEY `idx_componentid` (`component_id`,`menutype`,`published`,`access`),
  KEY `idx_menutype` (`menutype`),
  KEY `idx_left_right` (`lft`,`rgt`),
  KEY `idx_alias` (`alias`(100)),
  KEY `idx_path` (`path`(100)),
  KEY `idx_language` (`language`)
) ENGINE=InnoDB AUTO_INCREMENT=126 DEFAULT CHARSET=utf8mb4 COLLATE=utf8mb4_unicode_ci;

--
-- Dumping data for table `josfs_menu`
--

INSERT INTO `josfs_menu` VALUES (1,'','Menu_Item_Root','root','','','','',1,0,0,0,NULL,NULL,0,0,'',0,'',0,91,0,'*',0,NULL,NULL),(2,'main','com_banners','Banners','','Banners','index.php?option=com_banners','component',1,1,1,3,NULL,NULL,0,0,'class:bookmark',0,'',1,10,0,'*',1,NULL,NULL),(3,'main','com_banners','Banners','','Banners/Banners','index.php?option=com_banners&view=banners','component',1,2,2,3,NULL,NULL,0,0,'class:banners',0,'',2,3,0,'*',1,NULL,NULL),(4,'main','com_banners_categories','Categories','','Banners/Categories','index.php?option=com_categories&view=categories&extension=com_banners','component',1,2,2,5,NULL,NULL,0,0,'class:banners-cat',0,'',4,5,0,'*',1,NULL,NULL),(5,'main','com_banners_clients','Clients','','Banners/Clients','index.php?option=com_banners&view=clients','component',1,2,2,3,NULL,NULL,0,0,'class:banners-clients',0,'',6,7,0,'*',1,NULL,NULL),(6,'main','com_banners_tracks','Tracks','','Banners/Tracks','index.php?option=com_banners&view=tracks','component',1,2,2,3,NULL,NULL,0,0,'class:banners-tracks',0,'',8,9,0,'*',1,NULL,NULL),(7,'main','com_contact','Contacts','','Contacts','index.php?option=com_contact','component',1,1,1,7,NULL,NULL,0,0,'class:address-book',0,'',39,48,0,'*',1,NULL,NULL),(8,'main','com_contact_contacts','Contacts','','Contacts/Contacts','index.php?option=com_contact&view=contacts','component',1,7,2,7,NULL,NULL,0,0,'class:contact',0,'',40,41,0,'*',1,NULL,NULL),(9,'main','com_contact_categories','Categories','','Contacts/Categories','index.php?option=com_categories&view=categories&extension=com_contact','component',1,7,2,5,NULL,NULL,0,0,'class:contact-cat',0,'',42,43,0,'*',1,NULL,NULL),(10,'main','com_newsfeeds','News Feeds','','News Feeds','index.php?option=com_newsfeeds','component',1,1,1,16,NULL,NULL,0,0,'class:rss',0,'',51,56,0,'*',1,NULL,NULL),(11,'main','com_newsfeeds_feeds','Feeds','','News Feeds/Feeds','index.php?option=com_newsfeeds&view=newsfeeds','component',1,10,2,16,NULL,NULL,0,0,'class:newsfeeds',0,'',52,53,0,'*',1,NULL,NULL),(12,'main','com_newsfeeds_categories','Categories','','News Feeds/Categories','index.php?option=com_categories&view=categories&extension=com_newsfeeds','component',1,10,2,5,NULL,NULL,0,0,'class:newsfeeds-cat',0,'',54,55,0,'*',1,NULL,NULL),(13,'main','com_finder','Smart Search','','Smart Search','index.php?option=com_finder','component',1,1,1,23,NULL,NULL,0,0,'class:search-plus',0,'',57,66,0,'*',1,NULL,NULL),(14,'main','com_tags','Tags','','Tags','index.php?option=com_tags&view=tags','component',1,1,1,25,NULL,NULL,0,1,'class:tags',0,'',67,68,0,'',1,NULL,NULL),(15,'main','com_associations','Multilingual Associations','','Multilingual Associations','index.php?option=com_associations&view=associations','component',1,1,1,30,NULL,NULL,0,0,'class:language',0,'',49,50,0,'*',1,NULL,NULL),(16,'main','mod_menu_fields','Contact Custom Fields','','Contacts/Contact Custom Fields','index.php?option=com_fields&context=com_contact.contact','component',1,7,2,29,NULL,NULL,0,0,'class:messages-add',0,'',44,45,0,'*',1,NULL,NULL),(17,'main','mod_menu_fields_group','Contact Custom Fields Group','','Contacts/Contact Custom Fields Group','index.php?option=com_fields&view=groups&context=com_contact.contact','component',1,7,2,29,NULL,NULL,0,0,'class:messages-add',0,'',46,47,0,'*',1,NULL,NULL),(18,'main','com_finder_index','Smart-Search-Index','','Smart Search/Smart-Search-Index','index.php?option=com_finder&view=index','component',1,13,2,23,NULL,NULL,0,0,'class:finder',0,'',58,59,0,'*',1,NULL,NULL),(19,'main','com_finder_maps','Smart-Search-Maps','','Smart Search/Smart-Search-Maps','index.php?option=com_finder&view=maps','component',1,13,2,23,NULL,NULL,0,0,'class:finder-maps',0,'',60,61,0,'*',1,NULL,NULL),(20,'main','com_finder_filters','Smart-Search-Filters','','Smart Search/Smart-Search-Filters','index.php?option=com_finder&view=filters','component',1,13,2,23,NULL,NULL,0,0,'class:finder-filters',0,'',62,63,0,'*',1,NULL,NULL),(21,'main','com_finder_searches','Smart-Search-Searches','','Smart Search/Smart-Search-Searches','index.php?option=com_finder&view=searches','component',1,13,2,23,NULL,NULL,0,0,'class:finder-searches',0,'',64,65,0,'*',1,NULL,NULL),(101,'mainmenu','Publicações por área','home','','home','index.php?option=com_content&view=category&layout=blog&id=19','component',1,1,1,19,NULL,NULL,0,1,' ',0,'{\"layout_type\":\"blog\",\"show_category_title\":\"\",\"show_description\":\"1\",\"show_description_image\":\"\",\"maxLevel\":\"\",\"show_empty_categories\":\"\",\"show_no_articles\":\"0\",\"show_category_heading_title_text\":\"\",\"show_subcat_desc\":\"0\",\"show_cat_num_articles\":\"\",\"show_cat_tags\":\"\",\"num_leading_articles\":0,\"blog_class_leading\":\"\",\"num_intro_articles\":0,\"blog_class\":\"\",\"num_columns\":\"\",\"multi_column_order\":\"\",\"num_links\":0,\"show_featured\":\"\",\"link_intro_image\":\"\",\"show_subcategory_content\":\"\",\"orderby_pri\":\"\",\"orderby_sec\":\"alpha\",\"order_date\":\"\",\"show_pagination\":\"2\",\"show_pagination_results\":\"0\",\"article_layout\":\"_:default\",\"show_title\":\"\",\"link_titles\":\"\",\"show_intro\":\"\",\"info_block_position\":\"\",\"info_block_show_title\":\"\",\"show_category\":\"\",\"link_category\":\"\",\"show_parent_category\":\"\",\"link_parent_category\":\"\",\"show_author\":\"\",\"link_author\":\"\",\"show_create_date\":\"\",\"show_modify_date\":\"\",\"show_publish_date\":\"\",\"show_item_navigation\":\"\",\"show_readmore\":\"\",\"show_readmore_title\":\"\",\"show_hits\":\"\",\"show_tags\":\"\",\"show_noauth\":\"\",\"show_feed_link\":\"1\",\"feed_summary\":\"\",\"menu-anchor_title\":\"\",\"menu-anchor_css\":\"\",\"menu_icon_css\":\"fa-duotone fa-house-blank fa-bounce\",\"menu_image\":\"\",\"menu_image_css\":\"\",\"menu_text\":1,\"menu_show\":1,\"page_title\":\"Home\",\"show_page_heading\":\"1\",\"page_heading\":\"Livros publicados\",\"pageclass_sfx\":\"\",\"menu-meta_description\":\"\",\"robots\":\"\"}',69,70,1,'*',0,NULL,NULL),(102,'0menu-principal-do-blog','Blog','blog','','blog','index.php?option=com_content&view=category&layout=blog&id=8','component',1,1,1,19,NULL,NULL,0,1,' ',0,'{\"layout_type\":\"blog\",\"show_category_title\":0,\"num_leading_articles\":4,\"num_intro_articles\":4,\"num_links\":0,\"orderby_sec\":\"rdate\",\"order_date\":\"published\",\"blog_class_leading\":\"boxed columns-2\",\"show_pagination\":2,\"secure\":0,\"show_page_heading\":1}',11,12,0,'*',0,NULL,NULL),(103,'0menu-principal-do-blog','Help','help','','help','index.php?option=com_content&view=category&layout=blog&id=9','component',0,1,1,19,NULL,NULL,0,1,' ',0,'{\"blog_class_leading\":\"\",\"blog_class\":\"boxed\",\"num_leading_articles\":0,\"num_intro_articles\":4,\"num_links\":0,\"orderby_sec\":\"rdate\",\"order_date\":\"published\",\"show_pagination\":4,\"show_pagination_results\":1,\"article_layout\":\"_:default\",\"link_titles\":0,\"info_block_show_title\":\"\",\"show_category\":0,\"link_category\":\"\",\"show_parent_category\":\"\",\"link_parent_category\":\"\",\"show_author\":0,\"link_author\":\"\",\"show_create_date\":0,\"show_modify_date\":\"\",\"show_publish_date\":0,\"show_hits\":0,\"menu_text\":1,\"menu_show\":1,\"show_page_heading\":1,\"secure\":0}',13,18,0,'*',0,NULL,NULL),(104,'0menu-principal-do-blog','Acessar','acessar','','acessar','index.php?option=com_users&view=login','component',1,1,1,22,NULL,NULL,0,5,' ',0,'{\"loginredirectchoice\":\"1\",\"login_redirect_url\":\"\",\"login_redirect_menuitem\":101,\"logoutredirectchoice\":\"1\",\"logout_redirect_url\":\"\",\"logout_redirect_menuitem\":101,\"secure\":0}',19,20,0,'*',0,NULL,NULL),(105,'0menu-principal-do-blog','Sair','sair','','sair','index.php?option=com_users&view=login&layout=logout&task=user.menulogout','component',1,1,1,22,NULL,NULL,0,2,' ',0,'{\"logout\":101,\"secure\":0}',21,22,0,'*',0,NULL,NULL),(106,'0menu-principal-do-blog','Livros Publicados','livros-publicados','','livros-publicados','index.php?option=com_content&view=category&id=19','component',1,1,1,19,NULL,NULL,0,1,' ',0,'{\"show_category_title\":\"\",\"show_description\":\"\",\"show_description_image\":\"\",\"maxLevel\":\"\",\"show_empty_categories\":\"\",\"show_no_articles\":\"\",\"show_category_heading_title_text\":\"\",\"show_subcat_desc\":\"\",\"show_cat_num_articles\":\"\",\"show_cat_tags\":\"\",\"show_pagination_limit\":\"\",\"filter_field\":\"\",\"show_headings\":\"\",\"list_show_date\":\"\",\"date_format\":\"\",\"list_show_hits\":\"\",\"list_show_author\":\"\",\"orderby_pri\":\"\",\"orderby_sec\":\"\",\"order_date\":\"\",\"show_pagination\":\"\",\"show_pagination_results\":\"\",\"display_num\":\"\",\"show_featured\":\"\",\"article_layout\":\"_:default\",\"show_title\":\"\",\"link_titles\":\"\",\"show_intro\":\"\",\"show_category\":\"\",\"link_category\":\"\",\"show_parent_category\":\"\",\"link_parent_category\":\"\",\"show_author\":\"\",\"link_author\":\"\",\"show_create_date\":\"\",\"show_modify_date\":\"\",\"show_publish_date\":\"\",\"show_item_navigation\":\"\",\"show_readmore\":\"\",\"show_readmore_title\":\"\",\"show_hits\":\"\",\"show_noauth\":\"\",\"show_feed_link\":\"\",\"feed_summary\":\"\",\"menu-anchor_title\":\"\",\"menu-anchor_css\":\"\",\"menu_icon_css\":\"\",\"menu_image\":\"\",\"menu_image_css\":\"\",\"menu_text\":1,\"menu_show\":1,\"page_title\":\"\",\"show_page_heading\":\"0\",\"page_heading\":\"\",\"pageclass_sfx\":\"\",\"menu-meta_description\":\"\",\"robots\":\"\"}',29,38,0,'*',0,NULL,NULL),(107,'0menu-principal-do-blog','Tipografia','tipografia','','tipografia','index.php?option=com_content&view=article&id=11&catid=11','component',0,1,1,19,NULL,NULL,0,1,' ',0,'{\"show_title\":0,\"link_titles\":0,\"show_intro\":1,\"info_block_position\":\"\",\"info_block_show_title\":0,\"show_category\":0,\"show_author\":0,\"show_create_date\":0,\"show_modify_date\":0,\"show_publish_date\":0,\"show_item_navigation\":0,\"show_hits\":0,\"show_tags\":0,\"menu_text\":1,\"menu_show\":1,\"page_title\":\"\",\"secure\":0}',23,24,0,'*',0,NULL,NULL),(108,'1menu-especial','Criar um Artigo','criar-um-artigo','','criar-um-artigo','index.php?option=com_content&view=form&layout=edit','component',1,1,1,19,NULL,NULL,0,3,' ',0,'{\"enable_category\":1,\"catid\":8,\"menu_text\":1,\"show_page_heading\":0,\"secure\":0}',71,76,0,'*',0,NULL,NULL),(109,'1menu-especial','Trabalhando em seu Site','trabalhando-em-seu-site','','trabalhando-em-seu-site','index.php?option=com_content&view=article&id=2','component',1,1,1,19,NULL,NULL,0,1,' ',0,'{\"menu_text\":1,\"show_page_heading\":0,\"secure\":0}',77,78,0,'*',0,NULL,NULL),(110,'1menu-especial','Administrador do Site','administrador-do-site','','administrador-do-site','administrator','url',1,1,1,0,NULL,NULL,1,3,' ',0,'{\"menu_text\":1,\"secure\":0}',79,80,0,'*',0,NULL,NULL),(111,'1menu-especial','Alterar Senha','alterar-senha','','alterar-senha','index.php?option=com_users&view=profile&layout=edit','component',1,1,1,22,NULL,NULL,0,2,' ',0,'{\"menu_text\":1,\"show_page_heading\":0,\"secure\":0}',81,82,0,'*',0,NULL,NULL),(112,'1menu-especial','Sair','sair-1','','sair-1','index.php?option=com_users&view=login','component',1,1,1,22,NULL,NULL,0,1,' ',0,'{\"logindescription_show\":1,\"logoutdescription_show\":1,\"menu_text\":1,\"show_page_heading\":0,\"secure\":0}',83,84,0,'*',0,NULL,NULL),(113,'2menu-inferior','Acessar','acessar-1','','acessar-1','index.php?Itemid=','alias',1,1,1,0,NULL,NULL,0,5,' ',0,'{\"aliasoptions\":104,\"alias_redirect\":0,\"menu-anchor_title\":\"\",\"menu-anchor_css\":\"\",\"menu_image\":\"\",\"menu_image_css\":\"\",\"menu_text\":1,\"menu_show\":1,\"secure\":0}',85,86,0,'*',0,NULL,NULL),(114,'2menu-inferior','Sair','sair-2','','sair-2','index.php?Itemid=','alias',1,1,1,0,NULL,NULL,0,2,' ',0,'{\"aliasoptions\":105,\"alias_redirect\":0,\"menu-anchor_title\":\"\",\"menu-anchor_css\":\"\",\"menu_image\":\"\",\"menu_image_css\":\"\",\"menu_text\":1,\"menu_show\":1,\"secure\":0}',87,88,0,'*',0,NULL,NULL),(115,'2menu-inferior','Busca','busca','','busca','index.php?option=com_finder&view=search','component',1,1,1,23,NULL,NULL,0,1,' ',0,'{\"show_date_filters\":\"1\",\"show_advanced\":\"\",\"expand_advanced\":\"1\",\"show_taxonomy\":\"1\",\"show_date\":\"1\",\"show_url\":\"1\",\"menu_text\":0,\"menu_show\":0,\"secure\":0}',89,90,0,'*',0,NULL,NULL),(116,'1menu-especial','Configurações do Site','configuracoes-do-site','','criar-um-artigo/configuracoes-do-site','index.php?option=com_config&view=config','component',1,108,2,20,NULL,NULL,0,6,' ',0,'{\"menu_text\":1,\"show_page_heading\":0,\"secure\":0}',72,73,0,'*',0,NULL,NULL),(117,'1menu-especial','Configurações de Temas','configuracoes-de-temas','','criar-um-artigo/configuracoes-de-temas','index.php?option=com_config&view=templates','component',1,108,2,20,NULL,NULL,0,6,' ',0,'{\"menu_text\":1,\"show_page_heading\":0,\"secure\":0}',74,75,0,'*',0,NULL,NULL),(118,'0menu-principal-do-blog','Ciências Exatas e da Natureza','ciencias-exatas-e-da-natureza','','livros-publicados/ciencias-exatas-e-da-natureza','index.php?option=com_content&view=category&id=12','component',1,106,2,19,NULL,NULL,0,1,' ',0,'{\"show_category_title\":\"0\",\"show_description\":\"\",\"show_description_image\":\"\",\"maxLevel\":\"\",\"show_empty_categories\":\"\",\"show_no_articles\":\"\",\"show_category_heading_title_text\":\"\",\"show_subcat_desc\":\"\",\"show_cat_num_articles\":\"\",\"show_cat_tags\":\"\",\"show_pagination_limit\":\"\",\"filter_field\":\"\",\"show_headings\":\"\",\"list_show_date\":\"\",\"date_format\":\"\",\"list_show_hits\":\"\",\"list_show_author\":\"\",\"orderby_pri\":\"\",\"orderby_sec\":\"front\",\"order_date\":\"published\",\"show_pagination\":\"2\",\"show_pagination_results\":\"1\",\"display_num\":\"\",\"show_featured\":\"\",\"article_layout\":\"_:default\",\"show_title\":\"\",\"link_titles\":\"\",\"show_intro\":\"\",\"show_category\":\"0\",\"link_category\":\"\",\"show_parent_category\":\"\",\"link_parent_category\":\"\",\"show_author\":\"\",\"link_author\":\"\",\"show_create_date\":\"\",\"show_modify_date\":\"\",\"show_publish_date\":\"0\",\"show_item_navigation\":\"\",\"show_readmore\":\"\",\"show_readmore_title\":\"\",\"show_hits\":\"0\",\"show_noauth\":\"\",\"show_feed_link\":\"0\",\"feed_summary\":\"\",\"menu-anchor_title\":\"\",\"menu-anchor_css\":\"\",\"menu_icon_css\":\"\",\"menu_image\":\"\",\"menu_image_css\":\"\",\"menu_text\":1,\"menu_show\":1,\"page_title\":\"\",\"show_page_heading\":\"0\",\"page_heading\":\"\",\"pageclass_sfx\":\"\",\"menu-meta_description\":\"\",\"robots\":\"\"}',30,31,0,'*',0,NULL,NULL),(119,'0menu-principal-do-blog','Tecnologia','tecnologia','','livros-publicados/tecnologia','index.php?option=com_content&view=category&id=15','component',1,106,2,19,NULL,NULL,0,1,' ',0,'{\"show_category_title\":\"\",\"show_description\":\"\",\"show_description_image\":\"\",\"maxLevel\":\"\",\"show_empty_categories\":\"\",\"show_no_articles\":\"\",\"show_category_heading_title_text\":\"\",\"show_subcat_desc\":\"\",\"show_cat_num_articles\":\"\",\"show_cat_tags\":\"\",\"show_pagination_limit\":\"\",\"filter_field\":\"\",\"show_headings\":\"\",\"list_show_date\":\"\",\"date_format\":\"\",\"list_show_hits\":\"\",\"list_show_author\":\"\",\"orderby_pri\":\"\",\"orderby_sec\":\"\",\"order_date\":\"\",\"show_pagination\":\"\",\"show_pagination_results\":\"\",\"display_num\":\"\",\"show_featured\":\"\",\"article_layout\":\"_:default\",\"show_title\":\"\",\"link_titles\":\"\",\"show_intro\":\"\",\"show_category\":\"\",\"link_category\":\"\",\"show_parent_category\":\"\",\"link_parent_category\":\"\",\"show_author\":\"\",\"link_author\":\"\",\"show_create_date\":\"\",\"show_modify_date\":\"\",\"show_publish_date\":\"\",\"show_item_navigation\":\"\",\"show_readmore\":\"\",\"show_readmore_title\":\"\",\"show_hits\":\"\",\"show_noauth\":\"\",\"show_feed_link\":\"\",\"feed_summary\":\"\",\"menu-anchor_title\":\"\",\"menu-anchor_css\":\"\",\"menu_icon_css\":\"\",\"menu_image\":\"\",\"menu_image_css\":\"\",\"menu_text\":1,\"menu_show\":1,\"page_title\":\"\",\"show_page_heading\":\"1\",\"page_heading\":\"\",\"pageclass_sfx\":\"\",\"menu-meta_description\":\"\",\"robots\":\"\"}',32,33,0,'*',0,NULL,NULL),(120,'0menu-principal-do-blog','Artigos','artigos','','livros-publicados/artigos','index.php?option=com_content&view=category&layout=blog&id=10','component',0,106,2,19,NULL,NULL,0,1,' ',0,'{\"layout_type\":\"blog\",\"show_category_title\":0,\"num_leading_articles\":3,\"num_intro_articles\":0,\"num_links\":2,\"orderby_sec\":\"front\",\"order_date\":\"published\",\"blog_class_leading\":\"boxed columns-3\",\"blog_class\":\"\",\"show_pagination\":2,\"show_pagination_results\":1,\"show_category\":0,\"info_bloc_position\":0,\"show_publish_date\":0,\"show_hits\":0,\"show_feed_link\":0,\"menu_text\":1,\"show_page_heading\":0,\"secure\":0}',34,37,0,'*',0,NULL,NULL),(121,'0menu-principal-do-blog','Sobre sua página principal','sobre-sua-pagina-principal','','help/sobre-sua-pagina-principal','index.php?option=com_content&view=article&id=4','component',0,103,2,19,NULL,NULL,0,1,' ',0,'{\"menu_show\":1,\"show_page_heading\":0,\"secure\":0}',14,15,0,'*',0,NULL,NULL),(122,'0menu-principal-do-blog','Novo recurso: Workflows','novo-recurso-workflows','','help/novo-recurso-workflows','index.php?option=com_content&view=article&id=10','component',0,103,2,19,NULL,NULL,0,1,' ',0,'{\"menu_show\":1,\"show_page_heading\":0,\"secure\":0}',16,17,0,'*',0,NULL,NULL),(123,'0menu-principal-do-blog','Equipe Editorial','equipe-editorial','','equipe-editorial','index.php?option=com_content&view=article&id=7','component',1,1,1,19,NULL,NULL,0,1,' ',0,'{\"show_title\":\"\",\"link_titles\":\"\",\"show_intro\":\"\",\"info_block_position\":\"\",\"info_block_show_title\":\"\",\"show_category\":\"\",\"link_category\":\"\",\"show_parent_category\":\"\",\"link_parent_category\":\"\",\"show_author\":\"\",\"link_author\":\"\",\"show_create_date\":\"\",\"show_modify_date\":\"\",\"show_publish_date\":\"\",\"show_item_navigation\":\"\",\"show_hits\":\"\",\"show_tags\":\"\",\"show_noauth\":\"\",\"urls_position\":\"\",\"menu-anchor_title\":\"\",\"menu-anchor_css\":\"\",\"menu_icon_css\":\"\",\"menu_image\":\"\",\"menu_image_css\":\"\",\"menu_text\":1,\"menu_show\":1,\"page_title\":\"\",\"show_page_heading\":\"\",\"page_heading\":\"\",\"pageclass_sfx\":\"\",\"menu-meta_description\":\"\",\"robots\":\"\"}',25,26,0,'*',0,NULL,NULL),(124,'0menu-principal-do-blog','Serviços Editoriais','servicos-editoriais','','servicos-editoriais','index.php?option=com_content&view=article&id=8','component',1,1,1,19,NULL,NULL,0,1,' ',0,'{\"show_title\":\"\",\"link_titles\":\"\",\"show_intro\":\"\",\"info_block_position\":\"\",\"info_block_show_title\":\"\",\"show_category\":\"\",\"link_category\":\"\",\"show_parent_category\":\"\",\"link_parent_category\":\"\",\"show_author\":\"\",\"link_author\":\"\",\"show_create_date\":\"\",\"show_modify_date\":\"\",\"show_publish_date\":\"\",\"show_item_navigation\":\"\",\"show_hits\":\"\",\"show_tags\":\"\",\"show_noauth\":\"\",\"urls_position\":\"\",\"menu-anchor_title\":\"\",\"menu-anchor_css\":\"\",\"menu_icon_css\":\"\",\"menu_image\":\"\",\"menu_image_css\":\"\",\"menu_text\":1,\"menu_show\":1,\"page_title\":\"\",\"show_page_heading\":\"\",\"page_heading\":\"\",\"pageclass_sfx\":\"\",\"menu-meta_description\":\"\",\"robots\":\"\"}',27,28,0,'*',0,NULL,NULL),(125,'0menu-principal-do-blog','Joomla','joomla','','livros-publicados/artigos/joomla','index.php?option=com_content&view=article&id=9','component',0,120,3,19,NULL,NULL,0,1,' ',0,'{\"menu_show\":1,\"secure\":0}',35,36,0,'*',0,NULL,NULL);

--
-- Table structure for table `josfs_menu_types`
--

CREATE TABLE `josfs_menu_types` (
  `id` int(10) unsigned NOT NULL AUTO_INCREMENT,
  `asset_id` int(10) unsigned NOT NULL DEFAULT 0,
  `menutype` varchar(24) NOT NULL,
  `title` varchar(48) NOT NULL,
  `description` varchar(255) NOT NULL DEFAULT '',
  `client_id` int(11) NOT NULL DEFAULT 0,
  PRIMARY KEY (`id`),
  UNIQUE KEY `idx_menutype` (`menutype`)
) ENGINE=InnoDB AUTO_INCREMENT=5 DEFAULT CHARSET=utf8mb4 COLLATE=utf8mb4_unicode_ci;

--
-- Dumping data for table `josfs_menu_types`
--

INSERT INTO `josfs_menu_types` VALUES (1,0,'mainmenu','Main Menu','The main menu for the site',0),(2,131,'0menu-principal-do-blog','Menu Principal do Blog','Menu suspenso horizontal',0),(3,132,'1menu-especial','Menu Especial','',0),(4,133,'2menu-inferior','Menu Inferior','',0);

--
-- Table structure for table `josfs_messages`
--

CREATE TABLE `josfs_messages` (
  `message_id` int(10) unsigned NOT NULL AUTO_INCREMENT,
  `user_id_from` int(10) unsigned NOT NULL DEFAULT 0,
  `user_id_to` int(10) unsigned NOT NULL DEFAULT 0,
  `folder_id` tinyint(3) unsigned NOT NULL DEFAULT 0,
  `date_time` datetime NOT NULL,
  `state` tinyint(4) NOT NULL DEFAULT 0,
  `priority` tinyint(3) unsigned NOT NULL DEFAULT 0,
  `subject` varchar(255) NOT NULL DEFAULT '',
  `message` text NOT NULL,
  PRIMARY KEY (`message_id`),
  KEY `useridto_state` (`user_id_to`,`state`)
) ENGINE=InnoDB DEFAULT CHARSET=utf8mb4 COLLATE=utf8mb4_unicode_ci;

--
-- Dumping data for table `josfs_messages`
--


--
-- Table structure for table `josfs_messages_cfg`
--

CREATE TABLE `josfs_messages_cfg` (
  `user_id` int(10) unsigned NOT NULL DEFAULT 0,
  `cfg_name` varchar(100) NOT NULL DEFAULT '',
  `cfg_value` varchar(255) NOT NULL DEFAULT '',
  UNIQUE KEY `idx_user_var_name` (`user_id`,`cfg_name`)
) ENGINE=InnoDB DEFAULT CHARSET=utf8mb4 COLLATE=utf8mb4_unicode_ci;

--
-- Dumping data for table `josfs_messages_cfg`
--


--
-- Table structure for table `josfs_modules`
--

CREATE TABLE `josfs_modules` (
  `id` int(11) NOT NULL AUTO_INCREMENT,
  `asset_id` int(10) unsigned NOT NULL DEFAULT 0 COMMENT 'FK to the #__assets table.',
  `title` varchar(100) NOT NULL DEFAULT '',
  `note` varchar(255) NOT NULL DEFAULT '',
  `content` text DEFAULT NULL,
  `ordering` int(11) NOT NULL DEFAULT 0,
  `position` varchar(50) NOT NULL DEFAULT '',
  `checked_out` int(10) unsigned DEFAULT NULL,
  `checked_out_time` datetime DEFAULT NULL,
  `publish_up` datetime DEFAULT NULL,
  `publish_down` datetime DEFAULT NULL,
  `published` tinyint(4) NOT NULL DEFAULT 0,
  `module` varchar(50) DEFAULT NULL,
  `access` int(10) unsigned NOT NULL DEFAULT 0,
  `showtitle` tinyint(3) unsigned NOT NULL DEFAULT 1,
  `params` text NOT NULL,
  `client_id` tinyint(4) NOT NULL DEFAULT 0,
  `language` char(7) NOT NULL,
  PRIMARY KEY (`id`),
  KEY `published` (`published`,`access`),
  KEY `newsfeeds` (`module`,`published`),
  KEY `idx_language` (`language`)
) ENGINE=InnoDB AUTO_INCREMENT=123 DEFAULT CHARSET=utf8mb4 COLLATE=utf8mb4_unicode_ci;

--
-- Dumping data for table `josfs_modules`
--

INSERT INTO `josfs_modules` VALUES (1,39,'Main Menu','','',1,'sidebar-right',NULL,NULL,NULL,NULL,0,'mod_menu',1,1,'{\"menutype\":\"mainmenu\",\"startLevel\":\"0\",\"endLevel\":\"0\",\"showAllChildren\":\"1\",\"tag_id\":\"\",\"class_sfx\":\"\",\"window_open\":\"\",\"layout\":\"_:default\",\"moduleclass_sfx\":\"\",\"cache\":\"1\",\"cache_time\":\"900\",\"cachemode\":\"itemid\"}',0,'*'),(2,40,'Login','','',1,'login',NULL,NULL,NULL,NULL,1,'mod_login',1,1,'',1,'*'),(3,41,'Popular Articles','','',6,'cpanel',NULL,NULL,NULL,NULL,1,'mod_popular',3,1,'{\"count\":\"5\",\"catid\":\"\",\"user_id\":\"0\",\"layout\":\"_:default\",\"moduleclass_sfx\":\"\",\"cache\":\"0\", \"bootstrap_size\": \"12\",\"header_tag\":\"h2\"}',1,'*'),(4,42,'Recently Added Articles','','',4,'cpanel',NULL,NULL,NULL,NULL,1,'mod_latest',3,1,'{\"count\":\"5\",\"ordering\":\"c_dsc\",\"catid\":\"\",\"user_id\":\"0\",\"layout\":\"_:default\",\"moduleclass_sfx\":\"\",\"cache\":\"0\", \"bootstrap_size\": \"12\",\"header_tag\":\"h2\"}',1,'*'),(8,43,'Toolbar','','',1,'toolbar',NULL,NULL,NULL,NULL,1,'mod_toolbar',3,1,'',1,'*'),(9,44,'Notifications','','',3,'icon',NULL,NULL,NULL,NULL,1,'mod_quickicon',3,1,'{\"context\":\"update_quickicon\",\"header_icon\":\"icon-sync\",\"show_jupdate\":\"1\",\"show_eupdate\":\"1\",\"show_oupdate\":\"1\",\"show_privacy\":\"1\",\"layout\":\"_:default\",\"moduleclass_sfx\":\"\",\"cache\":1,\"cache_time\":900,\"style\":\"0\",\"module_tag\":\"div\",\"bootstrap_size\":\"12\",\"header_tag\":\"h2\",\"header_class\":\"\"}',1,'*'),(10,45,'Logged-in Users','','',2,'cpanel',NULL,NULL,NULL,NULL,0,'mod_logged',3,1,'{\"count\":\"5\",\"name\":\"1\",\"layout\":\"_:default\",\"moduleclass_sfx\":\"\",\"cache\":\"0\", \"bootstrap_size\": \"12\",\"header_tag\":\"h2\"}',1,'*'),(12,46,'Admin Menu','','',1,'menu',NULL,NULL,NULL,NULL,1,'mod_menu',3,1,'{\"layout\":\"\",\"moduleclass_sfx\":\"\",\"shownew\":\"1\",\"showhelp\":\"1\",\"cache\":\"0\"}',1,'*'),(15,49,'Title','','',1,'title',NULL,NULL,NULL,NULL,1,'mod_title',3,1,'',1,'*'),(16,50,'Acessar','','',1,'sidebar-right',NULL,NULL,'2023-04-23 14:59:14',NULL,0,'mod_login',1,1,'{\"pretext\":\"\",\"posttext\":\"\",\"login\":\"\",\"logout\":\"\",\"customRegLinkMenu\":\"\",\"greeting\":1,\"name\":0,\"profilelink\":0,\"usetext\":0,\"layout\":\"_:default\",\"moduleclass_sfx\":\"\",\"module_tag\":\"div\",\"bootstrap_size\":\"0\",\"header_tag\":\"h3\",\"header_class\":\"\",\"style\":\"0\"}',0,'*'),(17,51,'Breadcrumbs','','',1,'breadcrumbs',NULL,NULL,NULL,NULL,1,'mod_breadcrumbs',1,1,'{\"showHere\":1,\"showHome\":1,\"homeText\":\"\",\"showLast\":1,\"layout\":\"_:default\",\"moduleclass_sfx\":\"\",\"cache\":0,\"cache_time\":0,\"cachemode\":\"itemid\",\"module_tag\":\"div\",\"bootstrap_size\":\"0\",\"header_tag\":\"h3\",\"header_class\":\"\",\"style\":\"0\"}',0,'*'),(79,52,'Multilanguage status','','',2,'status',NULL,NULL,NULL,NULL,1,'mod_multilangstatus',3,1,'{\"layout\":\"_:default\",\"moduleclass_sfx\":\"\",\"cache\":\"0\"}',1,'*'),(86,53,'Joomla Version','','',1,'status',NULL,NULL,NULL,NULL,1,'mod_version',3,1,'{\"layout\":\"_:default\",\"moduleclass_sfx\":\"\",\"cache\":\"0\"}',1,'*'),(87,55,'Sample Data','','',1,'cpanel',NULL,NULL,NULL,NULL,0,'mod_sampledata',6,1,'{\"bootstrap_size\": \"12\",\"header_tag\":\"h2\"}',1,'*'),(88,67,'Latest Actions','','',3,'cpanel',NULL,NULL,NULL,NULL,1,'mod_latestactions',6,1,'{\"bootstrap_size\": \"12\",\"header_tag\":\"h2\"}',1,'*'),(89,68,'Privacy Dashboard','','',5,'cpanel',NULL,NULL,NULL,NULL,1,'mod_privacy_dashboard',6,1,'{\"bootstrap_size\": \"12\",\"header_tag\":\"h2\"}',1,'*'),(90,89,'Login Support','','',1,'sidebar',NULL,NULL,NULL,NULL,1,'mod_loginsupport',1,1,'{\"forum_url\":\"https://forum.joomla.org/\",\"documentation_url\":\"https://docs.joomla.org/\",\"news_url\":\"https://www.joomla.org/announcements.html\",\"automatic_title\":1,\"prepare_content\":1,\"layout\":\"_:default\",\"moduleclass_sfx\":\"\",\"cache\":1,\"cache_time\":900,\"module_tag\":\"div\",\"bootstrap_size\":\"0\",\"header_tag\":\"h3\",\"header_class\":\"\",\"style\":\"0\"}',1,'*'),(91,72,'System Dashboard','','',1,'cpanel-system',NULL,NULL,NULL,NULL,1,'mod_submenu',1,0,'{\"menutype\":\"*\",\"preset\":\"system\",\"layout\":\"_:default\",\"moduleclass_sfx\":\"\",\"module_tag\":\"div\",\"bootstrap_size\":\"12\",\"header_tag\":\"h2\",\"header_class\":\"\",\"style\":\"System-none\"}',1,'*'),(92,73,'Content Dashboard','','',1,'cpanel-content',NULL,NULL,NULL,NULL,1,'mod_submenu',1,0,'{\"menutype\":\"*\",\"preset\":\"content\",\"layout\":\"_:default\",\"moduleclass_sfx\":\"\",\"module_tag\":\"div\",\"bootstrap_size\":\"12\",\"header_tag\":\"h2\",\"header_class\":\"\",\"style\":\"System-none\"}',1,'*'),(93,74,'Menus Dashboard','','',1,'cpanel-menus',NULL,NULL,NULL,NULL,1,'mod_submenu',1,0,'{\"menutype\":\"*\",\"preset\":\"menus\",\"layout\":\"_:default\",\"moduleclass_sfx\":\"\",\"module_tag\":\"div\",\"bootstrap_size\":\"12\",\"header_tag\":\"h2\",\"header_class\":\"\",\"style\":\"System-none\"}',1,'*'),(94,75,'Components Dashboard','','',1,'cpanel-components',NULL,NULL,NULL,NULL,1,'mod_submenu',1,0,'{\"menutype\":\"*\",\"preset\":\"components\",\"layout\":\"_:default\",\"moduleclass_sfx\":\"\",\"module_tag\":\"div\",\"bootstrap_size\":\"12\",\"header_tag\":\"h2\",\"header_class\":\"\",\"style\":\"System-none\"}',1,'*'),(95,76,'Users Dashboard','','',1,'cpanel-users',NULL,NULL,NULL,NULL,1,'mod_submenu',1,0,'{\"menutype\":\"*\",\"preset\":\"users\",\"layout\":\"_:default\",\"moduleclass_sfx\":\"\",\"module_tag\":\"div\",\"bootstrap_size\":\"12\",\"header_tag\":\"h2\",\"header_class\":\"\",\"style\":\"System-none\"}',1,'*'),(96,86,'Popular Articles','','',3,'cpanel-content',NULL,NULL,NULL,NULL,1,'mod_popular',3,1,'{\"count\":\"5\",\"catid\":\"\",\"user_id\":\"0\",\"layout\":\"_:default\",\"moduleclass_sfx\":\"\",\"cache\":\"0\", \"bootstrap_size\": \"12\",\"header_tag\":\"h2\"}',1,'*'),(97,87,'Recently Added Articles','','',4,'cpanel-content',NULL,NULL,NULL,NULL,1,'mod_latest',3,1,'{\"count\":\"5\",\"ordering\":\"c_dsc\",\"catid\":\"\",\"user_id\":\"0\",\"layout\":\"_:default\",\"moduleclass_sfx\":\"\",\"cache\":\"0\", \"bootstrap_size\": \"12\",\"header_tag\":\"h2\"}',1,'*'),(98,88,'Logged-in Users','','',2,'cpanel-users',NULL,NULL,NULL,NULL,1,'mod_logged',3,1,'{\"count\":\"5\",\"name\":\"1\",\"layout\":\"_:default\",\"moduleclass_sfx\":\"\",\"cache\":\"0\", \"bootstrap_size\": \"12\",\"header_tag\":\"h2\"}',1,'*'),(99,77,'Frontend Link','','',5,'status',NULL,NULL,NULL,NULL,1,'mod_frontend',1,1,'',1,'*'),(100,78,'Messages','','',4,'status',NULL,NULL,NULL,NULL,1,'mod_messages',3,1,'',1,'*'),(101,79,'Post Install Messages','','',3,'status',NULL,NULL,NULL,NULL,1,'mod_post_installation_messages',3,1,'',1,'*'),(102,80,'User Status','','',6,'status',NULL,NULL,NULL,NULL,1,'mod_user',3,1,'',1,'*'),(103,70,'Site','','',1,'icon',NULL,NULL,NULL,NULL,1,'mod_quickicon',1,1,'{\"context\":\"site_quickicon\",\"header_icon\":\"icon-desktop\",\"show_users\":\"1\",\"show_articles\":\"1\",\"show_categories\":\"1\",\"show_media\":\"1\",\"show_menuItems\":\"1\",\"show_modules\":\"1\",\"show_plugins\":\"1\",\"show_templates\":\"1\",\"layout\":\"_:default\",\"moduleclass_sfx\":\"\",\"cache\":1,\"cache_time\":900,\"style\":\"0\",\"module_tag\":\"div\",\"bootstrap_size\":\"12\",\"header_tag\":\"h2\",\"header_class\":\"\"}',1,'*'),(104,71,'System','','',2,'icon',NULL,NULL,NULL,NULL,1,'mod_quickicon',1,1,'{\"context\":\"system_quickicon\",\"header_icon\":\"icon-wrench\",\"show_global\":\"1\",\"show_checkin\":\"1\",\"show_cache\":\"1\",\"layout\":\"_:default\",\"moduleclass_sfx\":\"\",\"cache\":1,\"cache_time\":900,\"style\":\"0\",\"module_tag\":\"div\",\"bootstrap_size\":\"12\",\"header_tag\":\"h2\",\"header_class\":\"\"}',1,'*'),(105,82,'3rd Party','','',4,'icon',NULL,NULL,NULL,NULL,1,'mod_quickicon',1,1,'{\"context\":\"mod_quickicon\",\"header_icon\":\"icon-boxes\",\"load_plugins\":\"1\",\"layout\":\"_:default\",\"moduleclass_sfx\":\"\",\"cache\":1,\"cache_time\":900,\"style\":\"0\",\"module_tag\":\"div\",\"bootstrap_size\":\"12\",\"header_tag\":\"h2\",\"header_class\":\"\"}',1,'*'),(106,83,'Help Dashboard','','',1,'cpanel-help',NULL,NULL,NULL,NULL,1,'mod_submenu',1,0,'{\"menutype\":\"*\",\"preset\":\"help\",\"layout\":\"_:default\",\"moduleclass_sfx\":\"\",\"style\":\"System-none\",\"module_tag\":\"div\",\"bootstrap_size\":\"12\",\"header_tag\":\"h2\",\"header_class\":\"\"}',1,'*'),(107,84,'Privacy Requests','','',1,'cpanel-privacy',NULL,NULL,NULL,NULL,1,'mod_privacy_dashboard',1,1,'{\"layout\":\"_:default\",\"moduleclass_sfx\":\"\",\"cache\":1,\"cache_time\":900,\"cachemode\":\"static\",\"style\":\"0\",\"module_tag\":\"div\",\"bootstrap_size\":\"12\",\"header_tag\":\"h2\",\"header_class\":\"\"}',1,'*'),(108,85,'Privacy Status','','',1,'cpanel-privacy',NULL,NULL,NULL,NULL,1,'mod_privacy_status',1,1,'{\"layout\":\"_:default\",\"moduleclass_sfx\":\"\",\"cache\":1,\"cache_time\":900,\"cachemode\":\"static\",\"style\":\"0\",\"module_tag\":\"div\",\"bootstrap_size\":\"12\",\"header_tag\":\"h2\",\"header_class\":\"\"}',1,'*'),(109,0,'Guided Tours','','',1,'status',NULL,NULL,NULL,NULL,1,'mod_guidedtours',1,1,'',1,'*'),(110,134,'Menu Principal do Blog','','',1,'menu',NULL,NULL,NULL,NULL,1,'mod_menu',1,0,'{\"menutype\":\"0menu-principal-do-blog\",\"base\":\"\",\"startLevel\":1,\"endLevel\":0,\"showAllChildren\":0,\"tag_id\":\"\",\"class_sfx\":\"\",\"window_open\":\"\",\"layout\":\"cassiopeia:collapse-metismenu\",\"moduleclass_sfx\":\"\",\"cache\":1,\"cache_time\":900,\"cachemode\":\"itemid\",\"module_tag\":\"nav\",\"bootstrap_size\":\"0\",\"header_tag\":\"h4\",\"header_class\":\"\",\"style\":\"0\"}',0,'*'),(111,135,'Menu Especial','','',1,'sidebar-right',NULL,NULL,'2023-04-23 14:58:44',NULL,1,'mod_menu',3,0,'{\"menutype\":\"1menu-especial\",\"startLevel\":1,\"endLevel\":0,\"showAllChildren\":1,\"class_sfx\":\"\",\"layout\":\"_:default\",\"cache\":1,\"cache_time\":900,\"cachemode\":\"itemid\",\"module_tag\":\"aside\",\"bootstrap_size\":0,\"header_tag\":\"h3\",\"style\":0}',0,'*'),(112,136,'Distribuição','','',6,'sidebar-right',NULL,NULL,NULL,NULL,0,'mod_syndicate',1,0,'{\"display_text\":1,\"text\":\"My Blog\",\"format\":\"rss\",\"layout\":\"_:default\",\"cache\":0,\"module_tag\":\"section\"}',0,'*'),(113,137,'Artigos Arquivados','','',4,'sidebar-right',NULL,NULL,NULL,NULL,0,'mod_articles_archive',1,1,'{\"count\":10,\"layout\":\"_:default\",\"cache\":1,\"cache_time\":900,\"module_tag\":\"div\",\"cachemode\":\"static\"}',0,'*'),(114,138,'Últimas postagens','','',1,'top-a',NULL,NULL,NULL,NULL,1,'mod_articles_news',1,0,'{\"catid\":[10,18,19],\"image\":1,\"img_intro_full\":\"intro\",\"item_title\":0,\"link_titles\":\"\",\"item_heading\":\"h4\",\"triggerevents\":1,\"showLastSeparator\":1,\"show_introtext\":1,\"readmore\":1,\"count\":3,\"show_featured\":\"\",\"exclude_current\":0,\"ordering\":\"a.publish_up\",\"direction\":1,\"layout\":\"_:horizontal\",\"moduleclass_sfx\":\"\",\"cache\":1,\"cache_time\":900,\"cachemode\":\"itemid\",\"module_tag\":\"div\",\"bootstrap_size\":\"0\",\"header_tag\":\"h3\",\"header_class\":\"\",\"style\":\"Cassiopeia-card\"}',0,'*'),(115,139,'Artigos mais antigos','','',2,'bottom-b',NULL,NULL,NULL,NULL,0,'mod_articles_category',1,1,'{\"mode\":\"normal\",\"show_on_article_page\":0,\"show_front\":\"show\",\"count\":6,\"category_filtering_type\":1,\"catid\":8,\"show_child_category_articles\":0,\"levels\":1,\"author_filtering_type\":1,\"author_alias_filtering_type\":1,\"date_filtering\":\"off\",\"date_field\":\"a.created\",\"relative_date\":30,\"article_ordering\":\"a.created\",\"article_ordering_direction\":\"DESC\",\"article_grouping\":\"none\",\"article_grouping_direction\":\"krsort\",\"month_year_format\":\"F Y\",\"item_heading\":5,\"link_titles\":1,\"show_date\":0,\"show_date_field\":\"created\",\"show_date_format\":\"d-m-Y H:i\",\"show_category\":0,\"show_hits\":0,\"show_author\":0,\"show_introtext\":0,\"introtext_limit\":100,\"show_readmore\":0,\"show_readmore_title\":1,\"readmore_limit\":15,\"layout\":\"_:default\",\"owncache\":1,\"cache_time\":900,\"module_tag\":\"div\",\"bootstrap_size\":4,\"header_tag\":\"h3\",\"style\":0}',0,'*'),(116,140,'Menu Inferior','','',1,'footer',NULL,NULL,NULL,NULL,1,'mod_menu',1,0,'{\"menutype\":\"2menu-inferior\",\"class_sfx\":\"menu-horizontal\",\"startLevel\":1,\"endLevel\":0,\"showAllChildren\":0,\"layout\":\"cassiopeia:dropdown-metismenu\",\"cache\":1,\"cache_time\":900,\"cachemode\":\"itemid\",\"module_tag\":\"div\",\"bootstrap_size\":0,\"header_tag\":\"h3\",\"style\":0}',0,'*'),(117,141,'Busca','','',1,'search',NULL,NULL,NULL,NULL,1,'mod_finder',1,1,'{\"searchfilter\":\"\",\"show_autosuggest\":1,\"show_advanced\":0,\"show_label\":0,\"alt_label\":\"Busca\",\"show_button\":1,\"opensearch\":1,\"opensearch_name\":\"\",\"set_itemid\":0,\"layout\":\"_:default\",\"module_tag\":\"search\"}',0,'*'),(118,142,'Banner da Página Principal','','<h1 class=\"display-4 text-thin\">Ciência Capital Editora</h1>\r\n<p class=\"lead\"><span style=\"font-size: 1rem;\"><b>Conhecimento que impulsiona o futuro</b></span></p>\r\n<p class=\"lead\"><span style=\"font-size: 1rem;\">Publicando trabalhos de alta qualidade que contribuem para o avanço da ciência e da sociedade</span></p>\r\n<p><a class=\"btn btn-primary btn-lg\" href=\"index.php/equipe-editorial\">Conheça-nos »</a></p>',1,'banner',591,'2023-05-24 18:26:41',NULL,NULL,1,'mod_custom',1,0,'{\"prepare_content\":1,\"backgroundimage\":\"images\\/banners\\/banner-principal-grande.jpg#joomlaImage:\\/\\/local-images\\/banners\\/banner-principal-grande.jpg?width=2000&height=1333\",\"layout\":\"cassiopeia:banner\",\"moduleclass_sfx\":\"\",\"cache\":1,\"cache_time\":900,\"cachemode\":\"static\",\"module_tag\":\"div\",\"bootstrap_size\":\"0\",\"header_tag\":\"h3\",\"header_class\":\"\",\"style\":\"0\"}',0,'*'),(119,143,'Marcadores Populares','','',1,'bottom-b',NULL,NULL,NULL,NULL,0,'mod_tags_popular',1,1,'{\"maximum\":8,\"timeframe\":\"alltime\",\"order_value\":\"count\",\"order_direction\":1,\"display_count\":1,\"no_results_text\":0,\"minsize\":1,\"maxsize\":2,\"layout\":\"_:cloud\",\"owncache\":1,\"module_tag\":\"aside\",\"bootstrap_size\":4,\"header_tag\":\"h3\",\"style\":0}',0,'*'),(120,144,'Itens Semelhantes','','',3,'bottom-b',NULL,NULL,NULL,NULL,0,'mod_tags_similar',1,1,'{\"maximum\":5,\"matchtype\":\"any\",\"layout\":\"_:default\",\"owncache\":1,\"module_tag\":\"div\",\"bootstrap_size\":4,\"header_tag\":\"h3\",\"style\":0}',0,'*'),(121,145,'Informações do Site','','',4,'cpanel',NULL,NULL,NULL,NULL,1,'mod_stats_admin',6,1,'{\"serverinfo\":1,\"siteinfo\":1,\"counter\":0,\"increase\":0,\"layout\":\"_:default\",\"cache\":1,\"cache_time\":900,\"cachemode\":\"static\",\"module_tag\":\"div\",\"bootstrap_size\":0,\"header_tag\":\"h3\",\"style\":0}',1,'*'),(122,157,'Livros de Ciências Exatas e da Natureza','',NULL,1,'main-bottom',NULL,NULL,NULL,NULL,1,'mod_articles_categories',1,1,'{\"parent\":12,\"show_description\":0,\"numitems\":0,\"show_children\":1,\"count\":0,\"maxlevel\":0,\"layout\":\"_:default\",\"item_heading\":4,\"moduleclass_sfx\":\"\",\"owncache\":1,\"cache_time\":900,\"module_tag\":\"div\",\"bootstrap_size\":\"0\",\"header_tag\":\"h3\",\"header_class\":\"\",\"style\":\"0\"}',0,'*');

--
-- Table structure for table `josfs_modules_menu`
--

CREATE TABLE `josfs_modules_menu` (
  `moduleid` int(11) NOT NULL DEFAULT 0,
  `menuid` int(11) NOT NULL DEFAULT 0,
  PRIMARY KEY (`moduleid`,`menuid`)
) ENGINE=InnoDB DEFAULT CHARSET=utf8mb4 COLLATE=utf8mb4_unicode_ci;

--
-- Dumping data for table `josfs_modules_menu`
--

INSERT INTO `josfs_modules_menu` VALUES (1,0),(2,0),(3,0),(4,0),(6,0),(7,0),(8,0),(9,0),(10,0),(12,0),(14,0),(15,0),(16,-104),(17,0),(79,0),(86,0),(87,0),(88,0),(89,0),(90,0),(91,0),(92,0),(93,0),(94,0),(95,0),(96,0),(97,0),(98,0),(99,0),(100,0),(101,0),(102,0),(103,0),(104,0),(105,0),(106,0),(107,0),(108,0),(109,0),(110,0),(111,0),(112,0),(113,0),(114,101),(115,0),(116,0),(117,0),(118,101),(119,0),(120,0),(121,0),(122,101);

--
-- Table structure for table `josfs_newsfeeds`
--

CREATE TABLE `josfs_newsfeeds` (
  `catid` int(11) NOT NULL DEFAULT 0,
  `id` int(10) unsigned NOT NULL AUTO_INCREMENT,
  `name` varchar(100) NOT NULL DEFAULT '',
  `alias` varchar(400) CHARACTER SET utf8mb4 COLLATE utf8mb4_bin NOT NULL DEFAULT '',
  `link` varchar(2048) NOT NULL DEFAULT '',
  `published` tinyint(4) NOT NULL DEFAULT 0,
  `numarticles` int(10) unsigned NOT NULL DEFAULT 1,
  `cache_time` int(10) unsigned NOT NULL DEFAULT 3600,
  `checked_out` int(10) unsigned DEFAULT NULL,
  `checked_out_time` datetime DEFAULT NULL,
  `ordering` int(11) NOT NULL DEFAULT 0,
  `rtl` tinyint(4) NOT NULL DEFAULT 0,
  `access` int(10) unsigned NOT NULL DEFAULT 0,
  `language` char(7) NOT NULL DEFAULT '',
  `params` text NOT NULL,
  `created` datetime NOT NULL,
  `created_by` int(10) unsigned NOT NULL DEFAULT 0,
  `created_by_alias` varchar(255) NOT NULL DEFAULT '',
  `modified` datetime NOT NULL,
  `modified_by` int(10) unsigned NOT NULL DEFAULT 0,
  `metakey` text DEFAULT NULL,
  `metadesc` text NOT NULL,
  `metadata` text NOT NULL,
  `publish_up` datetime DEFAULT NULL,
  `publish_down` datetime DEFAULT NULL,
  `description` text NOT NULL,
  `version` int(10) unsigned NOT NULL DEFAULT 1,
  `hits` int(10) unsigned NOT NULL DEFAULT 0,
  `images` text NOT NULL,
  PRIMARY KEY (`id`),
  KEY `idx_access` (`access`),
  KEY `idx_checkout` (`checked_out`),
  KEY `idx_state` (`published`),
  KEY `idx_catid` (`catid`),
  KEY `idx_createdby` (`created_by`),
  KEY `idx_language` (`language`)
) ENGINE=InnoDB DEFAULT CHARSET=utf8mb4 COLLATE=utf8mb4_unicode_ci;

--
-- Dumping data for table `josfs_newsfeeds`
--


--
-- Table structure for table `josfs_overrider`
--

CREATE TABLE `josfs_overrider` (
  `id` int(11) NOT NULL AUTO_INCREMENT COMMENT 'Primary Key',
  `constant` varchar(255) NOT NULL,
  `string` text NOT NULL,
  `file` varchar(255) NOT NULL,
  PRIMARY KEY (`id`)
) ENGINE=InnoDB DEFAULT CHARSET=utf8mb4 COLLATE=utf8mb4_unicode_ci;

--
-- Dumping data for table `josfs_overrider`
--


--
-- Table structure for table `josfs_postinstall_messages`
--

CREATE TABLE `josfs_postinstall_messages` (
  `postinstall_message_id` bigint(20) unsigned NOT NULL AUTO_INCREMENT,
  `extension_id` bigint(20) NOT NULL DEFAULT 700 COMMENT 'FK to #__extensions',
  `title_key` varchar(255) NOT NULL DEFAULT '' COMMENT 'Lang key for the title',
  `description_key` varchar(255) NOT NULL DEFAULT '' COMMENT 'Lang key for description',
  `action_key` varchar(255) NOT NULL DEFAULT '',
  `language_extension` varchar(255) NOT NULL DEFAULT 'com_postinstall' COMMENT 'Extension holding lang keys',
  `language_client_id` tinyint(4) NOT NULL DEFAULT 1,
  `type` varchar(10) NOT NULL DEFAULT 'link' COMMENT 'Message type - message, link, action',
  `action_file` varchar(255) DEFAULT '' COMMENT 'RAD URI to the PHP file containing action method',
  `action` varchar(255) DEFAULT '' COMMENT 'Action method name or URL',
  `condition_file` varchar(255) DEFAULT NULL COMMENT 'RAD URI to file holding display condition method',
  `condition_method` varchar(255) DEFAULT NULL COMMENT 'Display condition method, must return boolean',
  `version_introduced` varchar(50) NOT NULL DEFAULT '3.2.0' COMMENT 'Version when this message was introduced',
  `enabled` tinyint(4) NOT NULL DEFAULT 1,
  PRIMARY KEY (`postinstall_message_id`)
) ENGINE=InnoDB AUTO_INCREMENT=6 DEFAULT CHARSET=utf8mb4 COLLATE=utf8mb4_unicode_ci;

--
-- Dumping data for table `josfs_postinstall_messages`
--

INSERT INTO `josfs_postinstall_messages` VALUES (1,224,'COM_CPANEL_WELCOME_BEGINNERS_TITLE','COM_CPANEL_WELCOME_BEGINNERS_MESSAGE','','com_cpanel',1,'message','','','','','3.2.0',1),(2,224,'COM_CPANEL_MSG_STATS_COLLECTION_TITLE','COM_CPANEL_MSG_STATS_COLLECTION_BODY','','com_cpanel',1,'message','','','admin://components/com_admin/postinstall/statscollection.php','admin_postinstall_statscollection_condition','3.5.0',0),(3,224,'PLG_SYSTEM_UPDATENOTIFICATION_POSTINSTALL_UPDATECACHETIME','PLG_SYSTEM_UPDATENOTIFICATION_POSTINSTALL_UPDATECACHETIME_BODY','PLG_SYSTEM_UPDATENOTIFICATION_POSTINSTALL_UPDATECACHETIME_ACTION','plg_system_updatenotification',1,'action','site://plugins/system/updatenotification/postinstall/updatecachetime.php','updatecachetime_postinstall_action','site://plugins/system/updatenotification/postinstall/updatecachetime.php','updatecachetime_postinstall_condition','3.6.3',1),(4,224,'PLG_SYSTEM_HTTPHEADERS_POSTINSTALL_INTRODUCTION_TITLE','PLG_SYSTEM_HTTPHEADERS_POSTINSTALL_INTRODUCTION_BODY','PLG_SYSTEM_HTTPHEADERS_POSTINSTALL_INTRODUCTION_ACTION','plg_system_httpheaders',1,'action','site://plugins/system/httpheaders/postinstall/introduction.php','httpheaders_postinstall_action','site://plugins/system/httpheaders/postinstall/introduction.php','httpheaders_postinstall_condition','4.0.0',1),(5,224,'COM_USERS_POSTINSTALL_MULTIFACTORAUTH_TITLE','COM_USERS_POSTINSTALL_MULTIFACTORAUTH_BODY','COM_USERS_POSTINSTALL_MULTIFACTORAUTH_ACTION','com_users',1,'action','admin://components/com_users/postinstall/multifactorauth.php','com_users_postinstall_mfa_action','admin://components/com_users/postinstall/multifactorauth.php','com_users_postinstall_mfa_condition','4.2.0',1);

--
-- Table structure for table `josfs_privacy_consents`
--

CREATE TABLE `josfs_privacy_consents` (
  `id` int(10) unsigned NOT NULL AUTO_INCREMENT,
  `user_id` int(10) unsigned NOT NULL DEFAULT 0,
  `state` int(11) NOT NULL DEFAULT 1,
  `created` datetime NOT NULL,
  `subject` varchar(255) NOT NULL DEFAULT '',
  `body` text NOT NULL,
  `remind` tinyint(4) NOT NULL DEFAULT 0,
  `token` varchar(100) NOT NULL DEFAULT '',
  PRIMARY KEY (`id`),
  KEY `idx_user_id` (`user_id`)
) ENGINE=InnoDB DEFAULT CHARSET=utf8mb4 COLLATE=utf8mb4_unicode_ci;

--
-- Dumping data for table `josfs_privacy_consents`
--


--
-- Table structure for table `josfs_privacy_requests`
--

CREATE TABLE `josfs_privacy_requests` (
  `id` int(10) unsigned NOT NULL AUTO_INCREMENT,
  `email` varchar(100) NOT NULL DEFAULT '',
  `requested_at` datetime NOT NULL,
  `status` tinyint(4) NOT NULL DEFAULT 0,
  `request_type` varchar(25) NOT NULL DEFAULT '',
  `confirm_token` varchar(100) NOT NULL DEFAULT '',
  `confirm_token_created_at` datetime DEFAULT NULL,
  PRIMARY KEY (`id`)
) ENGINE=InnoDB DEFAULT CHARSET=utf8mb4 COLLATE=utf8mb4_unicode_ci;

--
-- Dumping data for table `josfs_privacy_requests`
--


--
-- Table structure for table `josfs_redirect_links`
--

CREATE TABLE `josfs_redirect_links` (
  `id` int(10) unsigned NOT NULL AUTO_INCREMENT,
  `old_url` varchar(2048) NOT NULL,
  `new_url` varchar(2048) DEFAULT NULL,
  `referer` varchar(2048) NOT NULL,
  `comment` varchar(255) NOT NULL DEFAULT '',
  `hits` int(10) unsigned NOT NULL DEFAULT 0,
  `published` tinyint(4) NOT NULL,
  `created_date` datetime NOT NULL,
  `modified_date` datetime NOT NULL,
  `header` smallint(6) NOT NULL DEFAULT 301,
  PRIMARY KEY (`id`),
  KEY `idx_old_url` (`old_url`(100)),
  KEY `idx_link_modified` (`modified_date`)
) ENGINE=InnoDB DEFAULT CHARSET=utf8mb4 COLLATE=utf8mb4_unicode_ci;

--
-- Dumping data for table `josfs_redirect_links`
--


--
-- Table structure for table `josfs_scheduler_tasks`
--

CREATE TABLE `josfs_scheduler_tasks` (
  `id` int(10) unsigned NOT NULL AUTO_INCREMENT,
  `asset_id` int(10) unsigned NOT NULL DEFAULT 0 COMMENT 'FK to the #__assets table.',
  `title` varchar(255) NOT NULL DEFAULT '',
  `type` varchar(128) NOT NULL COMMENT 'unique identifier for job defined by plugin',
  `execution_rules` text DEFAULT NULL COMMENT 'Execution Rules, Unprocessed',
  `cron_rules` text DEFAULT NULL COMMENT 'Processed execution rules, crontab-like JSON form',
  `state` tinyint(4) NOT NULL DEFAULT 0,
  `last_exit_code` int(11) NOT NULL DEFAULT 0 COMMENT 'Exit code when job was last run',
  `last_execution` datetime DEFAULT NULL COMMENT 'Timestamp of last run',
  `next_execution` datetime DEFAULT NULL COMMENT 'Timestamp of next (planned) run, referred for execution on trigger',
  `times_executed` int(11) DEFAULT 0 COMMENT 'Count of successful triggers',
  `times_failed` int(11) DEFAULT 0 COMMENT 'Count of failures',
  `locked` datetime DEFAULT NULL,
  `priority` smallint(6) NOT NULL DEFAULT 0,
  `ordering` int(11) NOT NULL DEFAULT 0 COMMENT 'Configurable list ordering',
  `cli_exclusive` smallint(6) NOT NULL DEFAULT 0 COMMENT 'If 1, the task is only accessible via CLI',
  `params` text NOT NULL,
  `note` text DEFAULT NULL,
  `created` datetime NOT NULL,
  `created_by` int(10) unsigned NOT NULL DEFAULT 0,
  `checked_out` int(10) unsigned DEFAULT NULL,
  `checked_out_time` datetime DEFAULT NULL,
  PRIMARY KEY (`id`),
  KEY `idx_type` (`type`),
  KEY `idx_state` (`state`),
  KEY `idx_last_exit` (`last_exit_code`),
  KEY `idx_next_exec` (`next_execution`),
  KEY `idx_locked` (`locked`),
  KEY `idx_priority` (`priority`),
  KEY `idx_cli_exclusive` (`cli_exclusive`),
  KEY `idx_checked_out` (`checked_out`)
) ENGINE=InnoDB DEFAULT CHARSET=utf8mb4 COLLATE=utf8mb4_unicode_ci;

--
-- Dumping data for table `josfs_scheduler_tasks`
--


--
-- Table structure for table `josfs_schemas`
--

CREATE TABLE `josfs_schemas` (
  `extension_id` int(11) NOT NULL,
  `version_id` varchar(20) NOT NULL,
  PRIMARY KEY (`extension_id`,`version_id`)
) ENGINE=InnoDB DEFAULT CHARSET=utf8mb4 COLLATE=utf8mb4_unicode_ci;

--
-- Dumping data for table `josfs_schemas`
--

INSERT INTO `josfs_schemas` VALUES (224,'4.3.0-2023-03-29');

--
-- Table structure for table `josfs_session`
--

CREATE TABLE `josfs_session` (
  `session_id` varbinary(192) NOT NULL,
  `client_id` tinyint(3) unsigned DEFAULT NULL,
  `guest` tinyint(3) unsigned DEFAULT 1,
  `time` int(11) NOT NULL DEFAULT 0,
  `data` mediumtext DEFAULT NULL,
  `userid` int(11) DEFAULT 0,
  `username` varchar(150) DEFAULT '',
  PRIMARY KEY (`session_id`),
  KEY `userid` (`userid`),
  KEY `time` (`time`),
  KEY `client_id_guest` (`client_id`,`guest`)
) ENGINE=InnoDB DEFAULT CHARSET=utf8mb4 COLLATE=utf8mb4_unicode_ci;

--
-- Dumping data for table `josfs_session`
--

INSERT INTO `josfs_session` VALUES ('08v1prkodtekfjhjnaq0evfas1',1,1,1685022267,'joomla|s:872:\"TzoyNDoiSm9vbWxhXFJlZ2lzdHJ5XFJlZ2lzdHJ5IjozOntzOjc6IgAqAGRhdGEiO086ODoic3RkQ2xhc3MiOjQ6e3M6Nzoic2Vzc2lvbiI7Tzo4OiJzdGRDbGFzcyI6Mzp7czo3OiJjb3VudGVyIjtpOjE7czo1OiJ0aW1lciI7Tzo4OiJzdGRDbGFzcyI6Mzp7czo1OiJzdGFydCI7aToxNjg1MDIyMjY2O3M6NDoibGFzdCI7aToxNjg1MDIyMjY2O3M6Mzoibm93IjtpOjE2ODUwMjIyNjY7fXM6NToidG9rZW4iO3M6MzI6ImRhYjVjMmY4YmRjNmU4OWRlYmVkZWJhZWJjMThmMmQyIjt9czo4OiJyZWdpc3RyeSI7TzoyNDoiSm9vbWxhXFJlZ2lzdHJ5XFJlZ2lzdHJ5IjozOntzOjc6IgAqAGRhdGEiO086ODoic3RkQ2xhc3MiOjA6e31zOjE0OiIAKgBpbml0aWFsaXplZCI7YjowO3M6MTI6IgAqAHNlcGFyYXRvciI7czoxOiIuIjt9czo0OiJ1c2VyIjtPOjIwOiJKb29tbGFcQ01TXFVzZXJcVXNlciI6MTp7czoyOiJpZCI7aTowO31zOjE5OiJwbGdfc3lzdGVtX3dlYmF1dGhuIjtPOjg6InN0ZENsYXNzIjoxOntzOjk6InJldHVyblVybCI7czo2MToiaHR0cHM6Ly9lZGl0b3JhLmNpZW5jaWFjYXBpdGFsLmNvbS5ici9hZG1pbmlzdHJhdG9yL2luZGV4LnBocCI7fX1zOjE0OiIAKgBpbml0aWFsaXplZCI7YjowO3M6MTI6IgAqAHNlcGFyYXRvciI7czoxOiIuIjt9\";',0,''),('13umqibq24o5b7g9tif9kvvbh6',0,1,1684952466,'joomla|s:628:\"TzoyNDoiSm9vbWxhXFJlZ2lzdHJ5XFJlZ2lzdHJ5IjozOntzOjc6IgAqAGRhdGEiO086ODoic3RkQ2xhc3MiOjM6e3M6Nzoic2Vzc2lvbiI7Tzo4OiJzdGRDbGFzcyI6Mjp7czo3OiJjb3VudGVyIjtpOjE7czo1OiJ0aW1lciI7Tzo4OiJzdGRDbGFzcyI6Mzp7czo1OiJzdGFydCI7aToxNjg0OTUyNDY1O3M6NDoibGFzdCI7aToxNjg0OTUyNDY1O3M6Mzoibm93IjtpOjE2ODQ5NTI0NjU7fX1zOjg6InJlZ2lzdHJ5IjtPOjI0OiJKb29tbGFcUmVnaXN0cnlcUmVnaXN0cnkiOjM6e3M6NzoiACoAZGF0YSI7Tzo4OiJzdGRDbGFzcyI6MDp7fXM6MTQ6IgAqAGluaXRpYWxpemVkIjtiOjA7czoxMjoiACoAc2VwYXJhdG9yIjtzOjE6Ii4iO31zOjQ6InVzZXIiO086MjA6Ikpvb21sYVxDTVNcVXNlclxVc2VyIjoxOntzOjI6ImlkIjtpOjA7fX1zOjE0OiIAKgBpbml0aWFsaXplZCI7YjowO3M6MTI6IgAqAHNlcGFyYXRvciI7czoxOiIuIjt9\";',0,''),('2e47c7068e0a3f21e426a93e0de1cc4f5ec0a3f199c788e7c204be58ce49e656',3,1,1684997322,NULL,0,''),('2vlvmmnlvrv0ov42l69bs4e27s',0,1,1684952804,'joomla|s:700:\"TzoyNDoiSm9vbWxhXFJlZ2lzdHJ5XFJlZ2lzdHJ5IjozOntzOjc6IgAqAGRhdGEiO086ODoic3RkQ2xhc3MiOjM6e3M6Nzoic2Vzc2lvbiI7Tzo4OiJzdGRDbGFzcyI6Mzp7czo3OiJjb3VudGVyIjtpOjM7czo1OiJ0aW1lciI7Tzo4OiJzdGRDbGFzcyI6Mzp7czo1OiJzdGFydCI7aToxNjg0OTUyNDYyO3M6NDoibGFzdCI7aToxNjg0OTUyNzgzO3M6Mzoibm93IjtpOjE2ODQ5NTI4MDQ7fXM6NToidG9rZW4iO3M6MzI6IjQwZmY4ZTEzMDE3YTcxY2U3YjI5NjE2YWQ3OGVmYzJjIjt9czo4OiJyZWdpc3RyeSI7TzoyNDoiSm9vbWxhXFJlZ2lzdHJ5XFJlZ2lzdHJ5IjozOntzOjc6IgAqAGRhdGEiO086ODoic3RkQ2xhc3MiOjA6e31zOjE0OiIAKgBpbml0aWFsaXplZCI7YjowO3M6MTI6IgAqAHNlcGFyYXRvciI7czoxOiIuIjt9czo0OiJ1c2VyIjtPOjIwOiJKb29tbGFcQ01TXFVzZXJcVXNlciI6MTp7czoyOiJpZCI7aTowO319czoxNDoiACoAaW5pdGlhbGl6ZWQiO2I6MDtzOjEyOiIAKgBzZXBhcmF0b3IiO3M6MToiLiI7fQ==\";',0,''),('3ml47getho42c5je9ogl1qncc1',0,1,1685016193,'joomla|s:700:\"TzoyNDoiSm9vbWxhXFJlZ2lzdHJ5XFJlZ2lzdHJ5IjozOntzOjc6IgAqAGRhdGEiO086ODoic3RkQ2xhc3MiOjM6e3M6Nzoic2Vzc2lvbiI7Tzo4OiJzdGRDbGFzcyI6Mzp7czo3OiJjb3VudGVyIjtpOjE7czo1OiJ0aW1lciI7Tzo4OiJzdGRDbGFzcyI6Mzp7czo1OiJzdGFydCI7aToxNjg1MDE2MTg2O3M6NDoibGFzdCI7aToxNjg1MDE2MTg2O3M6Mzoibm93IjtpOjE2ODUwMTYxODY7fXM6NToidG9rZW4iO3M6MzI6ImU4ZGFhN2YyZjA5YTUxYTIxZDIzMzFlZWM2OGNhNTYwIjt9czo4OiJyZWdpc3RyeSI7TzoyNDoiSm9vbWxhXFJlZ2lzdHJ5XFJlZ2lzdHJ5IjozOntzOjc6IgAqAGRhdGEiO086ODoic3RkQ2xhc3MiOjA6e31zOjE0OiIAKgBpbml0aWFsaXplZCI7YjowO3M6MTI6IgAqAHNlcGFyYXRvciI7czoxOiIuIjt9czo0OiJ1c2VyIjtPOjIwOiJKb29tbGFcQ01TXFVzZXJcVXNlciI6MTp7czoyOiJpZCI7aTowO319czoxNDoiACoAaW5pdGlhbGl6ZWQiO2I6MDtzOjEyOiIAKgBzZXBhcmF0b3IiO3M6MToiLiI7fQ==\";',0,''),('4dl8v0o42q9nrd282cufo5e0p8',0,1,1685036859,'joomla|s:628:\"TzoyNDoiSm9vbWxhXFJlZ2lzdHJ5XFJlZ2lzdHJ5IjozOntzOjc6IgAqAGRhdGEiO086ODoic3RkQ2xhc3MiOjM6e3M6Nzoic2Vzc2lvbiI7Tzo4OiJzdGRDbGFzcyI6Mjp7czo3OiJjb3VudGVyIjtpOjE7czo1OiJ0aW1lciI7Tzo4OiJzdGRDbGFzcyI6Mzp7czo1OiJzdGFydCI7aToxNjg1MDM2ODU5O3M6NDoibGFzdCI7aToxNjg1MDM2ODU5O3M6Mzoibm93IjtpOjE2ODUwMzY4NTk7fX1zOjg6InJlZ2lzdHJ5IjtPOjI0OiJKb29tbGFcUmVnaXN0cnlcUmVnaXN0cnkiOjM6e3M6NzoiACoAZGF0YSI7Tzo4OiJzdGRDbGFzcyI6MDp7fXM6MTQ6IgAqAGluaXRpYWxpemVkIjtiOjA7czoxMjoiACoAc2VwYXJhdG9yIjtzOjE6Ii4iO31zOjQ6InVzZXIiO086MjA6Ikpvb21sYVxDTVNcVXNlclxVc2VyIjoxOntzOjI6ImlkIjtpOjA7fX1zOjE0OiIAKgBpbml0aWFsaXplZCI7YjowO3M6MTI6IgAqAHNlcGFyYXRvciI7czoxOiIuIjt9\";',0,''),('69fqj7imbgqi4s6g8mpol614rr',0,1,1685036859,'joomla|s:628:\"TzoyNDoiSm9vbWxhXFJlZ2lzdHJ5XFJlZ2lzdHJ5IjozOntzOjc6IgAqAGRhdGEiO086ODoic3RkQ2xhc3MiOjM6e3M6Nzoic2Vzc2lvbiI7Tzo4OiJzdGRDbGFzcyI6Mjp7czo3OiJjb3VudGVyIjtpOjE7czo1OiJ0aW1lciI7Tzo4OiJzdGRDbGFzcyI6Mzp7czo1OiJzdGFydCI7aToxNjg1MDM2ODU5O3M6NDoibGFzdCI7aToxNjg1MDM2ODU5O3M6Mzoibm93IjtpOjE2ODUwMzY4NTk7fX1zOjg6InJlZ2lzdHJ5IjtPOjI0OiJKb29tbGFcUmVnaXN0cnlcUmVnaXN0cnkiOjM6e3M6NzoiACoAZGF0YSI7Tzo4OiJzdGRDbGFzcyI6MDp7fXM6MTQ6IgAqAGluaXRpYWxpemVkIjtiOjA7czoxMjoiACoAc2VwYXJhdG9yIjtzOjE6Ii4iO31zOjQ6InVzZXIiO086MjA6Ikpvb21sYVxDTVNcVXNlclxVc2VyIjoxOntzOjI6ImlkIjtpOjA7fX1zOjE0OiIAKgBpbml0aWFsaXplZCI7YjowO3M6MTI6IgAqAHNlcGFyYXRvciI7czoxOiIuIjt9\";',0,''),('6egolqdf28di2t465ab11vujb8',0,1,1684952805,'joomla|s:628:\"TzoyNDoiSm9vbWxhXFJlZ2lzdHJ5XFJlZ2lzdHJ5IjozOntzOjc6IgAqAGRhdGEiO086ODoic3RkQ2xhc3MiOjM6e3M6Nzoic2Vzc2lvbiI7Tzo4OiJzdGRDbGFzcyI6Mjp7czo3OiJjb3VudGVyIjtpOjE7czo1OiJ0aW1lciI7Tzo4OiJzdGRDbGFzcyI6Mzp7czo1OiJzdGFydCI7aToxNjg0OTUyODA1O3M6NDoibGFzdCI7aToxNjg0OTUyODA1O3M6Mzoibm93IjtpOjE2ODQ5NTI4MDU7fX1zOjg6InJlZ2lzdHJ5IjtPOjI0OiJKb29tbGFcUmVnaXN0cnlcUmVnaXN0cnkiOjM6e3M6NzoiACoAZGF0YSI7Tzo4OiJzdGRDbGFzcyI6MDp7fXM6MTQ6IgAqAGluaXRpYWxpemVkIjtiOjA7czoxMjoiACoAc2VwYXJhdG9yIjtzOjE6Ii4iO31zOjQ6InVzZXIiO086MjA6Ikpvb21sYVxDTVNcVXNlclxVc2VyIjoxOntzOjI6ImlkIjtpOjA7fX1zOjE0OiIAKgBpbml0aWFsaXplZCI7YjowO3M6MTI6IgAqAHNlcGFyYXRvciI7czoxOiIuIjt9\";',0,''),('6u0pbks4jq2is4e2thjj33duu7',1,0,1685582791,'joomla|s:940:\"TzoyNDoiSm9vbWxhXFJlZ2lzdHJ5XFJlZ2lzdHJ5IjozOntzOjc6IgAqAGRhdGEiO086ODoic3RkQ2xhc3MiOjU6e3M6Nzoic2Vzc2lvbiI7Tzo4OiJzdGRDbGFzcyI6Mzp7czo3OiJjb3VudGVyIjtpOjc7czo1OiJ0aW1lciI7Tzo4OiJzdGRDbGFzcyI6Mzp7czo1OiJzdGFydCI7aToxNjg1NTgyNzcyO3M6NDoibGFzdCI7aToxNjg1NTgyNzg2O3M6Mzoibm93IjtpOjE2ODU1ODI3ODk7fXM6NToidG9rZW4iO3M6MzI6IjA0NTdlZWIwNTQ5NWMxMjdjYWUxMzM3YzRjNjVkOTRjIjt9czo4OiJyZWdpc3RyeSI7TzoyNDoiSm9vbWxhXFJlZ2lzdHJ5XFJlZ2lzdHJ5IjozOntzOjc6IgAqAGRhdGEiO086ODoic3RkQ2xhc3MiOjA6e31zOjE0OiIAKgBpbml0aWFsaXplZCI7YjowO3M6MTI6IgAqAHNlcGFyYXRvciI7czoxOiIuIjt9czo0OiJ1c2VyIjtPOjIwOiJKb29tbGFcQ01TXFVzZXJcVXNlciI6MTp7czoyOiJpZCI7aTo1OTE7fXM6MTk6InBsZ19zeXN0ZW1fd2ViYXV0aG4iO086ODoic3RkQ2xhc3MiOjE6e3M6OToicmV0dXJuVXJsIjtzOjUyOiJodHRwczovL2VkaXRvcmEuY2llbmNpYWNhcGl0YWwuY29tLmJyL2FkbWluaXN0cmF0b3IvIjt9czo5OiJjb21fdXNlcnMiO086ODoic3RkQ2xhc3MiOjE6e3M6MTE6Im1mYV9jaGVja2VkIjtpOjE7fX1zOjE0OiIAKgBpbml0aWFsaXplZCI7YjowO3M6MTI6IgAqAHNlcGFyYXRvciI7czoxOiIuIjt9\";',591,'yuri'),('7594oa4pe5h1etm3ap174i5172',0,1,1685582657,'joomla|s:700:\"TzoyNDoiSm9vbWxhXFJlZ2lzdHJ5XFJlZ2lzdHJ5IjozOntzOjc6IgAqAGRhdGEiO086ODoic3RkQ2xhc3MiOjM6e3M6Nzoic2Vzc2lvbiI7Tzo4OiJzdGRDbGFzcyI6Mzp7czo3OiJjb3VudGVyIjtpOjE7czo1OiJ0aW1lciI7Tzo4OiJzdGRDbGFzcyI6Mzp7czo1OiJzdGFydCI7aToxNjg1NTgyNjU2O3M6NDoibGFzdCI7aToxNjg1NTgyNjU2O3M6Mzoibm93IjtpOjE2ODU1ODI2NTY7fXM6NToidG9rZW4iO3M6MzI6IjVhZDVmYmU3YzBhZTdkOGQzMzViYWE3ZDIzNjIzYzJiIjt9czo4OiJyZWdpc3RyeSI7TzoyNDoiSm9vbWxhXFJlZ2lzdHJ5XFJlZ2lzdHJ5IjozOntzOjc6IgAqAGRhdGEiO086ODoic3RkQ2xhc3MiOjA6e31zOjE0OiIAKgBpbml0aWFsaXplZCI7YjowO3M6MTI6IgAqAHNlcGFyYXRvciI7czoxOiIuIjt9czo0OiJ1c2VyIjtPOjIwOiJKb29tbGFcQ01TXFVzZXJcVXNlciI6MTp7czoyOiJpZCI7aTowO319czoxNDoiACoAaW5pdGlhbGl6ZWQiO2I6MDtzOjEyOiIAKgBzZXBhcmF0b3IiO3M6MToiLiI7fQ==\";',0,''),('93smf8d0vhrd31eb9opobcq01c',0,1,1684952467,'joomla|s:628:\"TzoyNDoiSm9vbWxhXFJlZ2lzdHJ5XFJlZ2lzdHJ5IjozOntzOjc6IgAqAGRhdGEiO086ODoic3RkQ2xhc3MiOjM6e3M6Nzoic2Vzc2lvbiI7Tzo4OiJzdGRDbGFzcyI6Mjp7czo3OiJjb3VudGVyIjtpOjE7czo1OiJ0aW1lciI7Tzo4OiJzdGRDbGFzcyI6Mzp7czo1OiJzdGFydCI7aToxNjg0OTUyNDY2O3M6NDoibGFzdCI7aToxNjg0OTUyNDY2O3M6Mzoibm93IjtpOjE2ODQ5NTI0NjY7fX1zOjg6InJlZ2lzdHJ5IjtPOjI0OiJKb29tbGFcUmVnaXN0cnlcUmVnaXN0cnkiOjM6e3M6NzoiACoAZGF0YSI7Tzo4OiJzdGRDbGFzcyI6MDp7fXM6MTQ6IgAqAGluaXRpYWxpemVkIjtiOjA7czoxMjoiACoAc2VwYXJhdG9yIjtzOjE6Ii4iO31zOjQ6InVzZXIiO086MjA6Ikpvb21sYVxDTVNcVXNlclxVc2VyIjoxOntzOjI6ImlkIjtpOjA7fX1zOjE0OiIAKgBpbml0aWFsaXplZCI7YjowO3M6MTI6IgAqAHNlcGFyYXRvciI7czoxOiIuIjt9\";',0,''),('a484ad3299b13b2683108478d351c47e06f608f6b84ee89d4e4a36dbd013984f',3,1,1684997322,NULL,0,''),('a81qnh8eva6u0b1363o7upoms8',0,1,1685367953,'joomla|s:700:\"TzoyNDoiSm9vbWxhXFJlZ2lzdHJ5XFJlZ2lzdHJ5IjozOntzOjc6IgAqAGRhdGEiO086ODoic3RkQ2xhc3MiOjM6e3M6Nzoic2Vzc2lvbiI7Tzo4OiJzdGRDbGFzcyI6Mzp7czo3OiJjb3VudGVyIjtpOjE7czo1OiJ0aW1lciI7Tzo4OiJzdGRDbGFzcyI6Mzp7czo1OiJzdGFydCI7aToxNjg1MzY3OTIzO3M6NDoibGFzdCI7aToxNjg1MzY3OTIzO3M6Mzoibm93IjtpOjE2ODUzNjc5MjM7fXM6NToidG9rZW4iO3M6MzI6ImI1MjVlYmY4MDAzZDkwNjY2NThiNDliOGI2OGY4YzVjIjt9czo4OiJyZWdpc3RyeSI7TzoyNDoiSm9vbWxhXFJlZ2lzdHJ5XFJlZ2lzdHJ5IjozOntzOjc6IgAqAGRhdGEiO086ODoic3RkQ2xhc3MiOjA6e31zOjE0OiIAKgBpbml0aWFsaXplZCI7YjowO3M6MTI6IgAqAHNlcGFyYXRvciI7czoxOiIuIjt9czo0OiJ1c2VyIjtPOjIwOiJKb29tbGFcQ01TXFVzZXJcVXNlciI6MTp7czoyOiJpZCI7aTowO319czoxNDoiACoAaW5pdGlhbGl6ZWQiO2I6MDtzOjEyOiIAKgBzZXBhcmF0b3IiO3M6MToiLiI7fQ==\";',0,''),('ama6e7lv3cu40oupa0j9nf5kd2',0,1,1684952785,'joomla|s:628:\"TzoyNDoiSm9vbWxhXFJlZ2lzdHJ5XFJlZ2lzdHJ5IjozOntzOjc6IgAqAGRhdGEiO086ODoic3RkQ2xhc3MiOjM6e3M6Nzoic2Vzc2lvbiI7Tzo4OiJzdGRDbGFzcyI6Mjp7czo3OiJjb3VudGVyIjtpOjE7czo1OiJ0aW1lciI7Tzo4OiJzdGRDbGFzcyI6Mzp7czo1OiJzdGFydCI7aToxNjg0OTUyNzg1O3M6NDoibGFzdCI7aToxNjg0OTUyNzg1O3M6Mzoibm93IjtpOjE2ODQ5NTI3ODU7fX1zOjg6InJlZ2lzdHJ5IjtPOjI0OiJKb29tbGFcUmVnaXN0cnlcUmVnaXN0cnkiOjM6e3M6NzoiACoAZGF0YSI7Tzo4OiJzdGRDbGFzcyI6MDp7fXM6MTQ6IgAqAGluaXRpYWxpemVkIjtiOjA7czoxMjoiACoAc2VwYXJhdG9yIjtzOjE6Ii4iO31zOjQ6InVzZXIiO086MjA6Ikpvb21sYVxDTVNcVXNlclxVc2VyIjoxOntzOjI6ImlkIjtpOjA7fX1zOjE0OiIAKgBpbml0aWFsaXplZCI7YjowO3M6MTI6IgAqAHNlcGFyYXRvciI7czoxOiIuIjt9\";',0,''),('bcs7dqvj1vv5akfsttkfh6sqn6',0,1,1685582662,'joomla|s:628:\"TzoyNDoiSm9vbWxhXFJlZ2lzdHJ5XFJlZ2lzdHJ5IjozOntzOjc6IgAqAGRhdGEiO086ODoic3RkQ2xhc3MiOjM6e3M6Nzoic2Vzc2lvbiI7Tzo4OiJzdGRDbGFzcyI6Mjp7czo3OiJjb3VudGVyIjtpOjE7czo1OiJ0aW1lciI7Tzo4OiJzdGRDbGFzcyI6Mzp7czo1OiJzdGFydCI7aToxNjg1NTgyNjYxO3M6NDoibGFzdCI7aToxNjg1NTgyNjYxO3M6Mzoibm93IjtpOjE2ODU1ODI2NjE7fX1zOjg6InJlZ2lzdHJ5IjtPOjI0OiJKb29tbGFcUmVnaXN0cnlcUmVnaXN0cnkiOjM6e3M6NzoiACoAZGF0YSI7Tzo4OiJzdGRDbGFzcyI6MDp7fXM6MTQ6IgAqAGluaXRpYWxpemVkIjtiOjA7czoxMjoiACoAc2VwYXJhdG9yIjtzOjE6Ii4iO31zOjQ6InVzZXIiO086MjA6Ikpvb21sYVxDTVNcVXNlclxVc2VyIjoxOntzOjI6ImlkIjtpOjA7fX1zOjE0OiIAKgBpbml0aWFsaXplZCI7YjowO3M6MTI6IgAqAHNlcGFyYXRvciI7czoxOiIuIjt9\";',0,''),('cnel1iqj5l3r6co9ocdnod6c1o',0,1,1684952805,'joomla|s:628:\"TzoyNDoiSm9vbWxhXFJlZ2lzdHJ5XFJlZ2lzdHJ5IjozOntzOjc6IgAqAGRhdGEiO086ODoic3RkQ2xhc3MiOjM6e3M6Nzoic2Vzc2lvbiI7Tzo4OiJzdGRDbGFzcyI6Mjp7czo3OiJjb3VudGVyIjtpOjE7czo1OiJ0aW1lciI7Tzo4OiJzdGRDbGFzcyI6Mzp7czo1OiJzdGFydCI7aToxNjg0OTUyODA1O3M6NDoibGFzdCI7aToxNjg0OTUyODA1O3M6Mzoibm93IjtpOjE2ODQ5NTI4MDU7fX1zOjg6InJlZ2lzdHJ5IjtPOjI0OiJKb29tbGFcUmVnaXN0cnlcUmVnaXN0cnkiOjM6e3M6NzoiACoAZGF0YSI7Tzo4OiJzdGRDbGFzcyI6MDp7fXM6MTQ6IgAqAGluaXRpYWxpemVkIjtiOjA7czoxMjoiACoAc2VwYXJhdG9yIjtzOjE6Ii4iO31zOjQ6InVzZXIiO086MjA6Ikpvb21sYVxDTVNcVXNlclxVc2VyIjoxOntzOjI6ImlkIjtpOjA7fX1zOjE0OiIAKgBpbml0aWFsaXplZCI7YjowO3M6MTI6IgAqAHNlcGFyYXRvciI7czoxOiIuIjt9\";',0,''),('cu190h7ug1nj0c4041ajgul938',0,1,1685101919,'joomla|s:628:\"TzoyNDoiSm9vbWxhXFJlZ2lzdHJ5XFJlZ2lzdHJ5IjozOntzOjc6IgAqAGRhdGEiO086ODoic3RkQ2xhc3MiOjM6e3M6Nzoic2Vzc2lvbiI7Tzo4OiJzdGRDbGFzcyI6Mjp7czo3OiJjb3VudGVyIjtpOjE7czo1OiJ0aW1lciI7Tzo4OiJzdGRDbGFzcyI6Mzp7czo1OiJzdGFydCI7aToxNjg1MTAxOTE4O3M6NDoibGFzdCI7aToxNjg1MTAxOTE4O3M6Mzoibm93IjtpOjE2ODUxMDE5MTg7fX1zOjg6InJlZ2lzdHJ5IjtPOjI0OiJKb29tbGFcUmVnaXN0cnlcUmVnaXN0cnkiOjM6e3M6NzoiACoAZGF0YSI7Tzo4OiJzdGRDbGFzcyI6MDp7fXM6MTQ6IgAqAGluaXRpYWxpemVkIjtiOjA7czoxMjoiACoAc2VwYXJhdG9yIjtzOjE6Ii4iO31zOjQ6InVzZXIiO086MjA6Ikpvb21sYVxDTVNcVXNlclxVc2VyIjoxOntzOjI6ImlkIjtpOjA7fX1zOjE0OiIAKgBpbml0aWFsaXplZCI7YjowO3M6MTI6IgAqAHNlcGFyYXRvciI7czoxOiIuIjt9\";',0,''),('ea6kdthbtpq2vth24jmvho916h',0,1,1685449540,'joomla|s:700:\"TzoyNDoiSm9vbWxhXFJlZ2lzdHJ5XFJlZ2lzdHJ5IjozOntzOjc6IgAqAGRhdGEiO086ODoic3RkQ2xhc3MiOjM6e3M6Nzoic2Vzc2lvbiI7Tzo4OiJzdGRDbGFzcyI6Mzp7czo3OiJjb3VudGVyIjtpOjM7czo1OiJ0aW1lciI7Tzo4OiJzdGRDbGFzcyI6Mzp7czo1OiJzdGFydCI7aToxNjg1NDQ5NTA5O3M6NDoibGFzdCI7aToxNjg1NDQ5NTI5O3M6Mzoibm93IjtpOjE2ODU0NDk1Mzk7fXM6NToidG9rZW4iO3M6MzI6IjAyOWIyYjNiOGM4NWY0OTUyMDNlMzU2ODRlMzczNGY5Ijt9czo4OiJyZWdpc3RyeSI7TzoyNDoiSm9vbWxhXFJlZ2lzdHJ5XFJlZ2lzdHJ5IjozOntzOjc6IgAqAGRhdGEiO086ODoic3RkQ2xhc3MiOjA6e31zOjE0OiIAKgBpbml0aWFsaXplZCI7YjowO3M6MTI6IgAqAHNlcGFyYXRvciI7czoxOiIuIjt9czo0OiJ1c2VyIjtPOjIwOiJKb29tbGFcQ01TXFVzZXJcVXNlciI6MTp7czoyOiJpZCI7aTowO319czoxNDoiACoAaW5pdGlhbGl6ZWQiO2I6MDtzOjEyOiIAKgBzZXBhcmF0b3IiO3M6MToiLiI7fQ==\";',0,''),('eh54c9cdpso33lfp23m9lrkgrn',0,1,1685112553,'joomla|s:628:\"TzoyNDoiSm9vbWxhXFJlZ2lzdHJ5XFJlZ2lzdHJ5IjozOntzOjc6IgAqAGRhdGEiO086ODoic3RkQ2xhc3MiOjM6e3M6Nzoic2Vzc2lvbiI7Tzo4OiJzdGRDbGFzcyI6Mjp7czo3OiJjb3VudGVyIjtpOjE7czo1OiJ0aW1lciI7Tzo4OiJzdGRDbGFzcyI6Mzp7czo1OiJzdGFydCI7aToxNjg1MTEyNTUzO3M6NDoibGFzdCI7aToxNjg1MTEyNTUzO3M6Mzoibm93IjtpOjE2ODUxMTI1NTM7fX1zOjg6InJlZ2lzdHJ5IjtPOjI0OiJKb29tbGFcUmVnaXN0cnlcUmVnaXN0cnkiOjM6e3M6NzoiACoAZGF0YSI7Tzo4OiJzdGRDbGFzcyI6MDp7fXM6MTQ6IgAqAGluaXRpYWxpemVkIjtiOjA7czoxMjoiACoAc2VwYXJhdG9yIjtzOjE6Ii4iO31zOjQ6InVzZXIiO086MjA6Ikpvb21sYVxDTVNcVXNlclxVc2VyIjoxOntzOjI6ImlkIjtpOjA7fX1zOjE0OiIAKgBpbml0aWFsaXplZCI7YjowO3M6MTI6IgAqAHNlcGFyYXRvciI7czoxOiIuIjt9\";',0,''),('g0rj6l9b0rh6cgcrj2bmo38vpb',1,0,1684956163,'joomla|s:2308:\"TzoyNDoiSm9vbWxhXFJlZ2lzdHJ5XFJlZ2lzdHJ5IjozOntzOjc6IgAqAGRhdGEiO086ODoic3RkQ2xhc3MiOjY6e3M6Nzoic2Vzc2lvbiI7Tzo4OiJzdGRDbGFzcyI6Mzp7czo3OiJjb3VudGVyIjtpOjQ3O3M6NToidGltZXIiO086ODoic3RkQ2xhc3MiOjM6e3M6NToic3RhcnQiO2k6MTY4NDk1MjQ2NDtzOjQ6Imxhc3QiO2k6MTY4NDk1NTMyMztzOjM6Im5vdyI7aToxNjg0OTU2MTYzO31zOjU6InRva2VuIjtzOjMyOiJjMmQ2NTY1NjYwNzQ4OGE4NmM4YjI5MTJiOTllZDU1YiI7fXM6ODoicmVnaXN0cnkiO086MjQ6Ikpvb21sYVxSZWdpc3RyeVxSZWdpc3RyeSI6Mzp7czo3OiIAKgBkYXRhIjtPOjg6InN0ZENsYXNzIjoyOntzOjExOiJjb21fbW9kdWxlcyI7Tzo4OiJzdGRDbGFzcyI6Mzp7czo3OiJtb2R1bGVzIjtPOjg6InN0ZENsYXNzIjozOntzOjE6IjAiO086ODoic3RkQ2xhc3MiOjQ6e3M6OToiY2xpZW50X2lkIjtpOjA7czo0OiJsaXN0IjthOjI6e3M6MTI6ImZ1bGxvcmRlcmluZyI7czoxNDoiYS5wb3NpdGlvbiBBU0MiO3M6NToibGltaXQiO3M6MjoiMjAiO31zOjY6ImZpbHRlciI7YTo2OntzOjY6InNlYXJjaCI7czowOiIiO3M6NToic3RhdGUiO3M6MDoiIjtzOjg6InBvc2l0aW9uIjtzOjA6IiI7czo2OiJtb2R1bGUiO3M6MDoiIjtzOjg6Im1lbnVpdGVtIjtzOjA6IiI7czo2OiJhY2Nlc3MiO3M6MDoiIjt9czoxMDoibGltaXRzdGFydCI7aTowO31zOjE6IjEiO086ODoic3RkQ2xhc3MiOjQ6e3M6OToiY2xpZW50X2lkIjtpOjE7czoxMDoibGltaXRzdGFydCI7aTowO3M6NDoibGlzdCI7YToyOntzOjEyOiJmdWxsb3JkZXJpbmciO3M6MTQ6ImEucG9zaXRpb24gQVNDIjtzOjU6ImxpbWl0IjtzOjI6IjIwIjt9czo2OiJmaWx0ZXIiO2E6NTp7czo2OiJzZWFyY2giO3M6MTE6ImNhc3Npb3DDqWlhIjtzOjU6InN0YXRlIjtzOjA6IiI7czo4OiJwb3NpdGlvbiI7czowOiIiO3M6NjoibW9kdWxlIjtzOjA6IiI7czo2OiJhY2Nlc3MiO3M6MDoiIjt9fXM6OToiY2xpZW50X2lkIjtzOjE6IjAiO31zOjQ6ImVkaXQiO086ODoic3RkQ2xhc3MiOjE6e3M6NjoibW9kdWxlIjtPOjg6InN0ZENsYXNzIjoyOntzOjI6ImlkIjthOjE6e2k6MDtpOjExODt9czo0OiJkYXRhIjtOO319czozOiJhZGQiO086ODoic3RkQ2xhc3MiOjE6e3M6NjoibW9kdWxlIjtPOjg6InN0ZENsYXNzIjoyOntzOjEyOiJleHRlbnNpb25faWQiO047czo2OiJwYXJhbXMiO047fX19czoxMzoiY29tX2luc3RhbGxlciI7Tzo4OiJzdGRDbGFzcyI6Mjp7czo3OiJtZXNzYWdlIjtzOjA6IiI7czoxNzoiZXh0ZW5zaW9uX21lc3NhZ2UiO3M6MDoiIjt9fXM6MTQ6IgAqAGluaXRpYWxpemVkIjtiOjA7czoxMjoiACoAc2VwYXJhdG9yIjtzOjE6Ii4iO31zOjQ6InVzZXIiO086MjA6Ikpvb21sYVxDTVNcVXNlclxVc2VyIjoxOntzOjI6ImlkIjtpOjU5MTt9czoxOToicGxnX3N5c3RlbV93ZWJhdXRobiI7Tzo4OiJzdGRDbGFzcyI6MTp7czo5OiJyZXR1cm5VcmwiO3M6NjE6Imh0dHBzOi8vZWRpdG9yYS5jaWVuY2lhY2FwaXRhbC5jb20uYnIvYWRtaW5pc3RyYXRvci9pbmRleC5waHAiO31zOjk6ImNvbV91c2VycyI7Tzo4OiJzdGRDbGFzcyI6MTp7czoxMToibWZhX2NoZWNrZWQiO2k6MTt9czoxMToiYXBwbGljYXRpb24iO086ODoic3RkQ2xhc3MiOjE6e3M6NToicXVldWUiO2E6MDp7fX19czoxNDoiACoAaW5pdGlhbGl6ZWQiO2I6MDtzOjEyOiIAKgBzZXBhcmF0b3IiO3M6MToiLiI7fQ==\";',591,'yuri'),('h5ob754jv8o32868kdjmrmajq7',0,1,1685016185,'joomla|s:700:\"TzoyNDoiSm9vbWxhXFJlZ2lzdHJ5XFJlZ2lzdHJ5IjozOntzOjc6IgAqAGRhdGEiO086ODoic3RkQ2xhc3MiOjM6e3M6Nzoic2Vzc2lvbiI7Tzo4OiJzdGRDbGFzcyI6Mzp7czo3OiJjb3VudGVyIjtpOjE7czo1OiJ0aW1lciI7Tzo4OiJzdGRDbGFzcyI6Mzp7czo1OiJzdGFydCI7aToxNjg1MDE2MTE0O3M6NDoibGFzdCI7aToxNjg1MDE2MTE0O3M6Mzoibm93IjtpOjE2ODUwMTYxMTQ7fXM6NToidG9rZW4iO3M6MzI6IjE3YTU2YjEzY2YxZDAyZTNiZDRjYTI0OWNiZGZmMzQ1Ijt9czo4OiJyZWdpc3RyeSI7TzoyNDoiSm9vbWxhXFJlZ2lzdHJ5XFJlZ2lzdHJ5IjozOntzOjc6IgAqAGRhdGEiO086ODoic3RkQ2xhc3MiOjA6e31zOjE0OiIAKgBpbml0aWFsaXplZCI7YjowO3M6MTI6IgAqAHNlcGFyYXRvciI7czoxOiIuIjt9czo0OiJ1c2VyIjtPOjIwOiJKb29tbGFcQ01TXFVzZXJcVXNlciI6MTp7czoyOiJpZCI7aTowO319czoxNDoiACoAaW5pdGlhbGl6ZWQiO2I6MDtzOjEyOiIAKgBzZXBhcmF0b3IiO3M6MToiLiI7fQ==\";',0,''),('jb6c1ghd6im27spscm9n1n6v3s',NULL,1,1685113916,'joomla|s:416:\"TzoyNDoiSm9vbWxhXFJlZ2lzdHJ5XFJlZ2lzdHJ5IjozOntzOjc6IgAqAGRhdGEiO086ODoic3RkQ2xhc3MiOjE6e3M6Nzoic2Vzc2lvbiI7Tzo4OiJzdGRDbGFzcyI6Mjp7czo1OiJ0aW1lciI7Tzo4OiJzdGRDbGFzcyI6Mzp7czo1OiJzdGFydCI7aToxNjg1MTEzOTE2O3M6NDoibGFzdCI7aToxNjg1MTEzOTE2O3M6Mzoibm93IjtpOjE2ODUxMTM5MTY7fXM6NToidG9rZW4iO3M6MzI6ImY4YTIzYmFkN2MzY2Y4YjRkODg0OTdhZTJlYmNmNWIxIjt9fXM6MTQ6IgAqAGluaXRpYWxpemVkIjtiOjA7czoxMjoiACoAc2VwYXJhdG9yIjtzOjE6Ii4iO30=\";',0,''),('ksh8qtmbrbek3803lovostblae',NULL,1,1684952474,'joomla|s:872:\"TzoyNDoiSm9vbWxhXFJlZ2lzdHJ5XFJlZ2lzdHJ5IjozOntzOjc6IgAqAGRhdGEiO086ODoic3RkQ2xhc3MiOjQ6e3M6Nzoic2Vzc2lvbiI7Tzo4OiJzdGRDbGFzcyI6Mzp7czo3OiJjb3VudGVyIjtpOjI7czo1OiJ0aW1lciI7Tzo4OiJzdGRDbGFzcyI6Mzp7czo1OiJzdGFydCI7aToxNjg0OTUyNDY0O3M6NDoibGFzdCI7aToxNjg0OTUyNDY0O3M6Mzoibm93IjtpOjE2ODQ5NTI0NzM7fXM6NToidG9rZW4iO3M6MzI6ImMyZDY1NjU2NjA3NDg4YTg2YzhiMjkxMmI5OWVkNTViIjt9czo4OiJyZWdpc3RyeSI7TzoyNDoiSm9vbWxhXFJlZ2lzdHJ5XFJlZ2lzdHJ5IjozOntzOjc6IgAqAGRhdGEiO086ODoic3RkQ2xhc3MiOjA6e31zOjE0OiIAKgBpbml0aWFsaXplZCI7YjowO3M6MTI6IgAqAHNlcGFyYXRvciI7czoxOiIuIjt9czo0OiJ1c2VyIjtPOjIwOiJKb29tbGFcQ01TXFVzZXJcVXNlciI6MTp7czoyOiJpZCI7aTowO31zOjE5OiJwbGdfc3lzdGVtX3dlYmF1dGhuIjtPOjg6InN0ZENsYXNzIjoxOntzOjk6InJldHVyblVybCI7czo2MToiaHR0cHM6Ly9lZGl0b3JhLmNpZW5jaWFjYXBpdGFsLmNvbS5ici9hZG1pbmlzdHJhdG9yL2luZGV4LnBocCI7fX1zOjE0OiIAKgBpbml0aWFsaXplZCI7YjowO3M6MTI6IgAqAHNlcGFyYXRvciI7czoxOiIuIjt9\";',0,''),('lt7human40idj9h2vunq578clo',0,1,1685016186,'joomla|s:700:\"TzoyNDoiSm9vbWxhXFJlZ2lzdHJ5XFJlZ2lzdHJ5IjozOntzOjc6IgAqAGRhdGEiO086ODoic3RkQ2xhc3MiOjM6e3M6Nzoic2Vzc2lvbiI7Tzo4OiJzdGRDbGFzcyI6Mzp7czo3OiJjb3VudGVyIjtpOjE7czo1OiJ0aW1lciI7Tzo4OiJzdGRDbGFzcyI6Mzp7czo1OiJzdGFydCI7aToxNjg1MDE2MTE0O3M6NDoibGFzdCI7aToxNjg1MDE2MTE0O3M6Mzoibm93IjtpOjE2ODUwMTYxMTQ7fXM6NToidG9rZW4iO3M6MzI6ImU4N2Q5NGZlZWViMWYwMTE2M2JmY2UwZjZkNGEwZGU1Ijt9czo4OiJyZWdpc3RyeSI7TzoyNDoiSm9vbWxhXFJlZ2lzdHJ5XFJlZ2lzdHJ5IjozOntzOjc6IgAqAGRhdGEiO086ODoic3RkQ2xhc3MiOjA6e31zOjE0OiIAKgBpbml0aWFsaXplZCI7YjowO3M6MTI6IgAqAHNlcGFyYXRvciI7czoxOiIuIjt9czo0OiJ1c2VyIjtPOjIwOiJKb29tbGFcQ01TXFVzZXJcVXNlciI6MTp7czoyOiJpZCI7aTowO319czoxNDoiACoAaW5pdGlhbGl6ZWQiO2I6MDtzOjEyOiIAKgBzZXBhcmF0b3IiO3M6MToiLiI7fQ==\";',0,''),('mbscj0iu3m10b7a5gi9v6kq1ve',0,1,1685449512,'joomla|s:628:\"TzoyNDoiSm9vbWxhXFJlZ2lzdHJ5XFJlZ2lzdHJ5IjozOntzOjc6IgAqAGRhdGEiO086ODoic3RkQ2xhc3MiOjM6e3M6Nzoic2Vzc2lvbiI7Tzo4OiJzdGRDbGFzcyI6Mjp7czo3OiJjb3VudGVyIjtpOjE7czo1OiJ0aW1lciI7Tzo4OiJzdGRDbGFzcyI6Mzp7czo1OiJzdGFydCI7aToxNjg1NDQ5NTEyO3M6NDoibGFzdCI7aToxNjg1NDQ5NTEyO3M6Mzoibm93IjtpOjE2ODU0NDk1MTI7fX1zOjg6InJlZ2lzdHJ5IjtPOjI0OiJKb29tbGFcUmVnaXN0cnlcUmVnaXN0cnkiOjM6e3M6NzoiACoAZGF0YSI7Tzo4OiJzdGRDbGFzcyI6MDp7fXM6MTQ6IgAqAGluaXRpYWxpemVkIjtiOjA7czoxMjoiACoAc2VwYXJhdG9yIjtzOjE6Ii4iO31zOjQ6InVzZXIiO086MjA6Ikpvb21sYVxDTVNcVXNlclxVc2VyIjoxOntzOjI6ImlkIjtpOjA7fX1zOjE0OiIAKgBpbml0aWFsaXplZCI7YjowO3M6MTI6IgAqAHNlcGFyYXRvciI7czoxOiIuIjt9\";',0,''),('mcrp7dkacudue5809j6ob0i9fu',0,1,1684952785,'joomla|s:628:\"TzoyNDoiSm9vbWxhXFJlZ2lzdHJ5XFJlZ2lzdHJ5IjozOntzOjc6IgAqAGRhdGEiO086ODoic3RkQ2xhc3MiOjM6e3M6Nzoic2Vzc2lvbiI7Tzo4OiJzdGRDbGFzcyI6Mjp7czo3OiJjb3VudGVyIjtpOjE7czo1OiJ0aW1lciI7Tzo4OiJzdGRDbGFzcyI6Mzp7czo1OiJzdGFydCI7aToxNjg0OTUyNzg1O3M6NDoibGFzdCI7aToxNjg0OTUyNzg1O3M6Mzoibm93IjtpOjE2ODQ5NTI3ODU7fX1zOjg6InJlZ2lzdHJ5IjtPOjI0OiJKb29tbGFcUmVnaXN0cnlcUmVnaXN0cnkiOjM6e3M6NzoiACoAZGF0YSI7Tzo4OiJzdGRDbGFzcyI6MDp7fXM6MTQ6IgAqAGluaXRpYWxpemVkIjtiOjA7czoxMjoiACoAc2VwYXJhdG9yIjtzOjE6Ii4iO31zOjQ6InVzZXIiO086MjA6Ikpvb21sYVxDTVNcVXNlclxVc2VyIjoxOntzOjI6ImlkIjtpOjA7fX1zOjE0OiIAKgBpbml0aWFsaXplZCI7YjowO3M6MTI6IgAqAHNlcGFyYXRvciI7czoxOiIuIjt9\";',0,''),('mvolqe25l0c3u08enjl5so9f30',0,1,1685112553,'joomla|s:628:\"TzoyNDoiSm9vbWxhXFJlZ2lzdHJ5XFJlZ2lzdHJ5IjozOntzOjc6IgAqAGRhdGEiO086ODoic3RkQ2xhc3MiOjM6e3M6Nzoic2Vzc2lvbiI7Tzo4OiJzdGRDbGFzcyI6Mjp7czo3OiJjb3VudGVyIjtpOjE7czo1OiJ0aW1lciI7Tzo4OiJzdGRDbGFzcyI6Mzp7czo1OiJzdGFydCI7aToxNjg1MTEyNTUzO3M6NDoibGFzdCI7aToxNjg1MTEyNTUzO3M6Mzoibm93IjtpOjE2ODUxMTI1NTM7fX1zOjg6InJlZ2lzdHJ5IjtPOjI0OiJKb29tbGFcUmVnaXN0cnlcUmVnaXN0cnkiOjM6e3M6NzoiACoAZGF0YSI7Tzo4OiJzdGRDbGFzcyI6MDp7fXM6MTQ6IgAqAGluaXRpYWxpemVkIjtiOjA7czoxMjoiACoAc2VwYXJhdG9yIjtzOjE6Ii4iO31zOjQ6InVzZXIiO086MjA6Ikpvb21sYVxDTVNcVXNlclxVc2VyIjoxOntzOjI6ImlkIjtpOjA7fX1zOjE0OiIAKgBpbml0aWFsaXplZCI7YjowO3M6MTI6IgAqAHNlcGFyYXRvciI7czoxOiIuIjt9\";',0,''),('nq8i4bgll8m4e8dvc5csku1m8i',0,1,1685445120,'joomla|s:700:\"TzoyNDoiSm9vbWxhXFJlZ2lzdHJ5XFJlZ2lzdHJ5IjozOntzOjc6IgAqAGRhdGEiO086ODoic3RkQ2xhc3MiOjM6e3M6Nzoic2Vzc2lvbiI7Tzo4OiJzdGRDbGFzcyI6Mzp7czo3OiJjb3VudGVyIjtpOjM7czo1OiJ0aW1lciI7Tzo4OiJzdGRDbGFzcyI6Mzp7czo1OiJzdGFydCI7aToxNjg1NDQ1MTEyO3M6NDoibGFzdCI7aToxNjg1NDQ1MTE5O3M6Mzoibm93IjtpOjE2ODU0NDUxMjA7fXM6NToidG9rZW4iO3M6MzI6IjgxY2U0MDc0ZjAwZjQ1ODNiZWZmMDRkODU5ZmZiNDcxIjt9czo4OiJyZWdpc3RyeSI7TzoyNDoiSm9vbWxhXFJlZ2lzdHJ5XFJlZ2lzdHJ5IjozOntzOjc6IgAqAGRhdGEiO086ODoic3RkQ2xhc3MiOjA6e31zOjE0OiIAKgBpbml0aWFsaXplZCI7YjowO3M6MTI6IgAqAHNlcGFyYXRvciI7czoxOiIuIjt9czo0OiJ1c2VyIjtPOjIwOiJKb29tbGFcQ01TXFVzZXJcVXNlciI6MTp7czoyOiJpZCI7aTowO319czoxNDoiACoAaW5pdGlhbGl6ZWQiO2I6MDtzOjEyOiIAKgBzZXBhcmF0b3IiO3M6MToiLiI7fQ==\";',0,''),('nsr92cmvljfpenm5q1p5cdk7nl',0,1,1685540918,'joomla|s:700:\"TzoyNDoiSm9vbWxhXFJlZ2lzdHJ5XFJlZ2lzdHJ5IjozOntzOjc6IgAqAGRhdGEiO086ODoic3RkQ2xhc3MiOjM6e3M6Nzoic2Vzc2lvbiI7Tzo4OiJzdGRDbGFzcyI6Mzp7czo3OiJjb3VudGVyIjtpOjE7czo1OiJ0aW1lciI7Tzo4OiJzdGRDbGFzcyI6Mzp7czo1OiJzdGFydCI7aToxNjg1NTQwOTE3O3M6NDoibGFzdCI7aToxNjg1NTQwOTE3O3M6Mzoibm93IjtpOjE2ODU1NDA5MTc7fXM6NToidG9rZW4iO3M6MzI6IjViZjhjZDg4ZDc2OGFmZjY2MDFmZmJiNzE4Y2ZmMTRjIjt9czo4OiJyZWdpc3RyeSI7TzoyNDoiSm9vbWxhXFJlZ2lzdHJ5XFJlZ2lzdHJ5IjozOntzOjc6IgAqAGRhdGEiO086ODoic3RkQ2xhc3MiOjA6e31zOjE0OiIAKgBpbml0aWFsaXplZCI7YjowO3M6MTI6IgAqAHNlcGFyYXRvciI7czoxOiIuIjt9czo0OiJ1c2VyIjtPOjIwOiJKb29tbGFcQ01TXFVzZXJcVXNlciI6MTp7czoyOiJpZCI7aTowO319czoxNDoiACoAaW5pdGlhbGl6ZWQiO2I6MDtzOjEyOiIAKgBzZXBhcmF0b3IiO3M6MToiLiI7fQ==\";',0,''),('pdk5e7v408sjukctnfnirj4lp3',0,1,1685101919,'joomla|s:628:\"TzoyNDoiSm9vbWxhXFJlZ2lzdHJ5XFJlZ2lzdHJ5IjozOntzOjc6IgAqAGRhdGEiO086ODoic3RkQ2xhc3MiOjM6e3M6Nzoic2Vzc2lvbiI7Tzo4OiJzdGRDbGFzcyI6Mjp7czo3OiJjb3VudGVyIjtpOjE7czo1OiJ0aW1lciI7Tzo4OiJzdGRDbGFzcyI6Mzp7czo1OiJzdGFydCI7aToxNjg1MTAxOTE4O3M6NDoibGFzdCI7aToxNjg1MTAxOTE4O3M6Mzoibm93IjtpOjE2ODUxMDE5MTg7fX1zOjg6InJlZ2lzdHJ5IjtPOjI0OiJKb29tbGFcUmVnaXN0cnlcUmVnaXN0cnkiOjM6e3M6NzoiACoAZGF0YSI7Tzo4OiJzdGRDbGFzcyI6MDp7fXM6MTQ6IgAqAGluaXRpYWxpemVkIjtiOjA7czoxMjoiACoAc2VwYXJhdG9yIjtzOjE6Ii4iO31zOjQ6InVzZXIiO086MjA6Ikpvb21sYVxDTVNcVXNlclxVc2VyIjoxOntzOjI6ImlkIjtpOjA7fX1zOjE0OiIAKgBpbml0aWFsaXplZCI7YjowO3M6MTI6IgAqAHNlcGFyYXRvciI7czoxOiIuIjt9\";',0,''),('q5h9c97qofhqoa9kupleveuu9v',NULL,1,1685036857,'joomla|s:416:\"TzoyNDoiSm9vbWxhXFJlZ2lzdHJ5XFJlZ2lzdHJ5IjozOntzOjc6IgAqAGRhdGEiO086ODoic3RkQ2xhc3MiOjE6e3M6Nzoic2Vzc2lvbiI7Tzo4OiJzdGRDbGFzcyI6Mjp7czo1OiJ0aW1lciI7Tzo4OiJzdGRDbGFzcyI6Mzp7czo1OiJzdGFydCI7aToxNjg1MDM2ODU3O3M6NDoibGFzdCI7aToxNjg1MDM2ODU3O3M6Mzoibm93IjtpOjE2ODUwMzY4NTc7fXM6NToidG9rZW4iO3M6MzI6ImE1NWY4ZTY4YjQwZWMzNzBlMTM4MDNiZWNjODlmZjYzIjt9fXM6MTQ6IgAqAGluaXRpYWxpemVkIjtiOjA7czoxMjoiACoAc2VwYXJhdG9yIjtzOjE6Ii4iO30=\";',0,''),('s7m42v3ndc6d9qun0j99fbnbqh',0,1,1685149702,'joomla|s:700:\"TzoyNDoiSm9vbWxhXFJlZ2lzdHJ5XFJlZ2lzdHJ5IjozOntzOjc6IgAqAGRhdGEiO086ODoic3RkQ2xhc3MiOjM6e3M6Nzoic2Vzc2lvbiI7Tzo4OiJzdGRDbGFzcyI6Mzp7czo3OiJjb3VudGVyIjtpOjE7czo1OiJ0aW1lciI7Tzo4OiJzdGRDbGFzcyI6Mzp7czo1OiJzdGFydCI7aToxNjg1MTQ5NzAxO3M6NDoibGFzdCI7aToxNjg1MTQ5NzAxO3M6Mzoibm93IjtpOjE2ODUxNDk3MDE7fXM6NToidG9rZW4iO3M6MzI6IjRkNTliYTVjNzhhMTlmZmM4OGJlNjdmZmJkMTNkNjNhIjt9czo4OiJyZWdpc3RyeSI7TzoyNDoiSm9vbWxhXFJlZ2lzdHJ5XFJlZ2lzdHJ5IjozOntzOjc6IgAqAGRhdGEiO086ODoic3RkQ2xhc3MiOjA6e31zOjE0OiIAKgBpbml0aWFsaXplZCI7YjowO3M6MTI6IgAqAHNlcGFyYXRvciI7czoxOiIuIjt9czo0OiJ1c2VyIjtPOjIwOiJKb29tbGFcQ01TXFVzZXJcVXNlciI6MTp7czoyOiJpZCI7aTowO319czoxNDoiACoAaW5pdGlhbGl6ZWQiO2I6MDtzOjEyOiIAKgBzZXBhcmF0b3IiO3M6MToiLiI7fQ==\";',0,''),('u35hatukj3f0rjqp0fddrch4am',0,1,1685548524,'joomla|s:700:\"TzoyNDoiSm9vbWxhXFJlZ2lzdHJ5XFJlZ2lzdHJ5IjozOntzOjc6IgAqAGRhdGEiO086ODoic3RkQ2xhc3MiOjM6e3M6Nzoic2Vzc2lvbiI7Tzo4OiJzdGRDbGFzcyI6Mzp7czo3OiJjb3VudGVyIjtpOjE7czo1OiJ0aW1lciI7Tzo4OiJzdGRDbGFzcyI6Mzp7czo1OiJzdGFydCI7aToxNjg1NTQ4NTIyO3M6NDoibGFzdCI7aToxNjg1NTQ4NTIyO3M6Mzoibm93IjtpOjE2ODU1NDg1MjI7fXM6NToidG9rZW4iO3M6MzI6IjNmNWQ2NzhhN2I5ODUyODMwZWY1ZDZhOTUxYjExMmNkIjt9czo4OiJyZWdpc3RyeSI7TzoyNDoiSm9vbWxhXFJlZ2lzdHJ5XFJlZ2lzdHJ5IjozOntzOjc6IgAqAGRhdGEiO086ODoic3RkQ2xhc3MiOjA6e31zOjE0OiIAKgBpbml0aWFsaXplZCI7YjowO3M6MTI6IgAqAHNlcGFyYXRvciI7czoxOiIuIjt9czo0OiJ1c2VyIjtPOjIwOiJKb29tbGFcQ01TXFVzZXJcVXNlciI6MTp7czoyOiJpZCI7aTowO319czoxNDoiACoAaW5pdGlhbGl6ZWQiO2I6MDtzOjEyOiIAKgBzZXBhcmF0b3IiO3M6MToiLiI7fQ==\";',0,''),('uuf9bup8697f8sflkdu29sqttk',0,1,1685030886,'joomla|s:628:\"TzoyNDoiSm9vbWxhXFJlZ2lzdHJ5XFJlZ2lzdHJ5IjozOntzOjc6IgAqAGRhdGEiO086ODoic3RkQ2xhc3MiOjM6e3M6Nzoic2Vzc2lvbiI7Tzo4OiJzdGRDbGFzcyI6Mjp7czo3OiJjb3VudGVyIjtpOjE7czo1OiJ0aW1lciI7Tzo4OiJzdGRDbGFzcyI6Mzp7czo1OiJzdGFydCI7aToxNjg1MDMwODg1O3M6NDoibGFzdCI7aToxNjg1MDMwODg1O3M6Mzoibm93IjtpOjE2ODUwMzA4ODU7fX1zOjg6InJlZ2lzdHJ5IjtPOjI0OiJKb29tbGFcUmVnaXN0cnlcUmVnaXN0cnkiOjM6e3M6NzoiACoAZGF0YSI7Tzo4OiJzdGRDbGFzcyI6MDp7fXM6MTQ6IgAqAGluaXRpYWxpemVkIjtiOjA7czoxMjoiACoAc2VwYXJhdG9yIjtzOjE6Ii4iO31zOjQ6InVzZXIiO086MjA6Ikpvb21sYVxDTVNcVXNlclxVc2VyIjoxOntzOjI6ImlkIjtpOjA7fX1zOjE0OiIAKgBpbml0aWFsaXplZCI7YjowO3M6MTI6IgAqAHNlcGFyYXRvciI7czoxOiIuIjt9\";',0,''),('ven8ng2c9cflgqtpp05d20alq4',0,1,1685449512,'joomla|s:628:\"TzoyNDoiSm9vbWxhXFJlZ2lzdHJ5XFJlZ2lzdHJ5IjozOntzOjc6IgAqAGRhdGEiO086ODoic3RkQ2xhc3MiOjM6e3M6Nzoic2Vzc2lvbiI7Tzo4OiJzdGRDbGFzcyI6Mjp7czo3OiJjb3VudGVyIjtpOjE7czo1OiJ0aW1lciI7Tzo4OiJzdGRDbGFzcyI6Mzp7czo1OiJzdGFydCI7aToxNjg1NDQ5NTEyO3M6NDoibGFzdCI7aToxNjg1NDQ5NTEyO3M6Mzoibm93IjtpOjE2ODU0NDk1MTI7fX1zOjg6InJlZ2lzdHJ5IjtPOjI0OiJKb29tbGFcUmVnaXN0cnlcUmVnaXN0cnkiOjM6e3M6NzoiACoAZGF0YSI7Tzo4OiJzdGRDbGFzcyI6MDp7fXM6MTQ6IgAqAGluaXRpYWxpemVkIjtiOjA7czoxMjoiACoAc2VwYXJhdG9yIjtzOjE6Ii4iO31zOjQ6InVzZXIiO086MjA6Ikpvb21sYVxDTVNcVXNlclxVc2VyIjoxOntzOjI6ImlkIjtpOjA7fX1zOjE0OiIAKgBpbml0aWFsaXplZCI7YjowO3M6MTI6IgAqAHNlcGFyYXRvciI7czoxOiIuIjt9\";',0,''),('vkoh041ip8t0t1p1gei5dgst58',0,1,1685030886,'joomla|s:628:\"TzoyNDoiSm9vbWxhXFJlZ2lzdHJ5XFJlZ2lzdHJ5IjozOntzOjc6IgAqAGRhdGEiO086ODoic3RkQ2xhc3MiOjM6e3M6Nzoic2Vzc2lvbiI7Tzo4OiJzdGRDbGFzcyI6Mjp7czo3OiJjb3VudGVyIjtpOjE7czo1OiJ0aW1lciI7Tzo4OiJzdGRDbGFzcyI6Mzp7czo1OiJzdGFydCI7aToxNjg1MDMwODg1O3M6NDoibGFzdCI7aToxNjg1MDMwODg1O3M6Mzoibm93IjtpOjE2ODUwMzA4ODU7fX1zOjg6InJlZ2lzdHJ5IjtPOjI0OiJKb29tbGFcUmVnaXN0cnlcUmVnaXN0cnkiOjM6e3M6NzoiACoAZGF0YSI7Tzo4OiJzdGRDbGFzcyI6MDp7fXM6MTQ6IgAqAGluaXRpYWxpemVkIjtiOjA7czoxMjoiACoAc2VwYXJhdG9yIjtzOjE6Ii4iO31zOjQ6InVzZXIiO086MjA6Ikpvb21sYVxDTVNcVXNlclxVc2VyIjoxOntzOjI6ImlkIjtpOjA7fX1zOjE0OiIAKgBpbml0aWFsaXplZCI7YjowO3M6MTI6IgAqAHNlcGFyYXRvciI7czoxOiIuIjt9\";',0,''),('vomol57rrgac4rpd1aoeirse2n',0,1,1685525543,'joomla|s:700:\"TzoyNDoiSm9vbWxhXFJlZ2lzdHJ5XFJlZ2lzdHJ5IjozOntzOjc6IgAqAGRhdGEiO086ODoic3RkQ2xhc3MiOjM6e3M6Nzoic2Vzc2lvbiI7Tzo4OiJzdGRDbGFzcyI6Mzp7czo3OiJjb3VudGVyIjtpOjE7czo1OiJ0aW1lciI7Tzo4OiJzdGRDbGFzcyI6Mzp7czo1OiJzdGFydCI7aToxNjg1NTI1NTM5O3M6NDoibGFzdCI7aToxNjg1NTI1NTM5O3M6Mzoibm93IjtpOjE2ODU1MjU1Mzk7fXM6NToidG9rZW4iO3M6MzI6IjVkMDQ4ZDZmYzY5ZDBlYzcwYzhlMjFhOTM4Yzk3NGVlIjt9czo4OiJyZWdpc3RyeSI7TzoyNDoiSm9vbWxhXFJlZ2lzdHJ5XFJlZ2lzdHJ5IjozOntzOjc6IgAqAGRhdGEiO086ODoic3RkQ2xhc3MiOjA6e31zOjE0OiIAKgBpbml0aWFsaXplZCI7YjowO3M6MTI6IgAqAHNlcGFyYXRvciI7czoxOiIuIjt9czo0OiJ1c2VyIjtPOjIwOiJKb29tbGFcQ01TXFVzZXJcVXNlciI6MTp7czoyOiJpZCI7aTowO319czoxNDoiACoAaW5pdGlhbGl6ZWQiO2I6MDtzOjEyOiIAKgBzZXBhcmF0b3IiO3M6MToiLiI7fQ==\";',0,'');

--
-- Table structure for table `josfs_tags`
--

CREATE TABLE `josfs_tags` (
  `id` int(10) unsigned NOT NULL AUTO_INCREMENT,
  `parent_id` int(10) unsigned NOT NULL DEFAULT 0,
  `lft` int(11) NOT NULL DEFAULT 0,
  `rgt` int(11) NOT NULL DEFAULT 0,
  `level` int(10) unsigned NOT NULL DEFAULT 0,
  `path` varchar(400) NOT NULL DEFAULT '',
  `title` varchar(255) NOT NULL,
  `alias` varchar(400) CHARACTER SET utf8mb4 COLLATE utf8mb4_bin NOT NULL DEFAULT '',
  `note` varchar(255) NOT NULL DEFAULT '',
  `description` mediumtext NOT NULL,
  `published` tinyint(4) NOT NULL DEFAULT 0,
  `checked_out` int(10) unsigned DEFAULT NULL,
  `checked_out_time` datetime DEFAULT NULL,
  `access` int(10) unsigned NOT NULL DEFAULT 0,
  `params` text NOT NULL,
  `metadesc` varchar(1024) NOT NULL COMMENT 'The meta description for the page.',
  `metakey` varchar(1024) NOT NULL DEFAULT '' COMMENT 'The keywords for the page.',
  `metadata` varchar(2048) NOT NULL COMMENT 'JSON encoded metadata properties.',
  `created_user_id` int(10) unsigned NOT NULL DEFAULT 0,
  `created_time` datetime NOT NULL,
  `created_by_alias` varchar(255) NOT NULL DEFAULT '',
  `modified_user_id` int(10) unsigned NOT NULL DEFAULT 0,
  `modified_time` datetime NOT NULL,
  `images` text NOT NULL,
  `urls` text NOT NULL,
  `hits` int(10) unsigned NOT NULL DEFAULT 0,
  `language` char(7) NOT NULL,
  `version` int(10) unsigned NOT NULL DEFAULT 1,
  `publish_up` datetime DEFAULT NULL,
  `publish_down` datetime DEFAULT NULL,
  PRIMARY KEY (`id`),
  KEY `tag_idx` (`published`,`access`),
  KEY `idx_access` (`access`),
  KEY `idx_checkout` (`checked_out`),
  KEY `idx_path` (`path`(100)),
  KEY `idx_left_right` (`lft`,`rgt`),
  KEY `idx_alias` (`alias`(100)),
  KEY `idx_language` (`language`)
) ENGINE=InnoDB AUTO_INCREMENT=20 DEFAULT CHARSET=utf8mb4 COLLATE=utf8mb4_unicode_ci;

--
-- Dumping data for table `josfs_tags`
--

INSERT INTO `josfs_tags` VALUES (1,0,0,37,0,'','ROOT','root','','',1,NULL,NULL,1,'','','','',591,'2023-04-20 15:49:25','',591,'2023-04-20 15:49:25','','',0,'*',1,NULL,NULL),(2,1,1,2,1,'milhoes','Milhões','milhoes','','',1,NULL,NULL,1,'{}','','','{}',591,'2023-04-20 15:57:56','',591,'2023-04-20 15:57:56','{}','{}',0,'*',1,NULL,NULL),(3,1,3,4,1,'global','Global','global','','',1,NULL,NULL,1,'{}','','','{}',591,'2023-04-20 15:57:56','',591,'2023-04-20 15:57:56','{}','{}',0,'*',2,NULL,NULL),(4,1,5,8,1,'amar','Amar','amar','','',1,NULL,NULL,1,'{}','','','{}',591,'2023-04-20 15:57:56','',591,'2023-04-20 15:57:56','{}','{}',0,'*',3,NULL,NULL),(5,4,6,7,2,'amar/joomla-4','Joomla 4','joomla-4','','',1,NULL,NULL,1,'{}','','','{}',591,'2023-04-20 15:57:56','',591,'2023-04-20 15:57:56','{}','{}',0,'*',4,NULL,NULL),(6,1,9,10,1,'biologia','Biologia','biologia','','',1,NULL,NULL,1,'{}','','','{}',591,'2023-04-22 13:58:26','',591,'2023-04-22 13:58:26','{}','{}',0,'*',1,NULL,NULL),(7,1,11,12,1,'natureza','Natureza','natureza','','',1,NULL,NULL,1,'{}','','','{}',591,'2023-04-22 13:58:26','',591,'2023-04-22 13:58:26','{}','{}',4,'*',1,NULL,NULL),(8,1,13,14,1,'ecologia','Ecologia','ecologia','','',1,NULL,NULL,1,'{}','','','{}',591,'2023-04-22 19:33:52','',591,'2023-04-22 19:33:52','{}','{}',0,'*',1,NULL,NULL),(9,1,15,16,1,'tecnologia','Tecnologia','tecnologia','','',1,NULL,NULL,1,'{}','','','{}',591,'2023-04-22 19:34:55','',591,'2023-04-22 19:34:55','{}','{}',0,'*',1,NULL,NULL),(10,1,17,18,1,'engenharia','Engenharia','engenharia','','',1,NULL,NULL,1,'{}','','','{}',591,'2023-04-22 19:34:55','',591,'2023-04-22 19:34:55','{}','{}',0,'*',1,NULL,NULL),(11,1,19,20,1,'mecanica','Mecânica','mecanica','','',1,NULL,NULL,1,'{}','','','{}',591,'2023-04-22 19:34:55','',591,'2023-04-22 19:34:55','{}','{}',0,'*',1,NULL,NULL),(12,1,21,22,1,'editores','Editores','editores','','',1,NULL,NULL,1,'{}','','','{}',591,'2023-04-22 22:39:57','',591,'2023-04-22 22:39:57','{}','{}',0,'*',1,NULL,NULL),(13,1,23,24,1,'equipe','Equipe','equipe','','',1,NULL,NULL,1,'{}','','','{}',591,'2023-04-22 22:41:22','',591,'2023-04-22 22:41:22','{}','{}',0,'*',1,NULL,NULL),(14,1,25,26,1,'servicos','Serviços','servicos','','',1,NULL,NULL,1,'{}','','','{}',591,'2023-04-23 00:38:57','',591,'2023-04-23 00:38:57','{}','{}',0,'*',1,NULL,NULL),(15,1,27,28,1,'editora','Editora','editora','','',1,NULL,NULL,1,'{}','','','{}',591,'2023-04-23 00:38:57','',591,'2023-04-23 00:38:57','{}','{}',0,'*',1,NULL,NULL),(16,1,29,30,1,'livros','Livros','livros','','',1,NULL,NULL,1,'{}','','','{}',591,'2023-04-23 00:56:30','',591,'2023-04-23 00:56:30','{}','{}',0,'*',1,NULL,NULL),(17,1,31,32,1,'publicados','Publicados','publicados','','',1,NULL,NULL,1,'{}','','','{}',591,'2023-04-23 00:56:30','',591,'2023-04-23 00:56:30','{}','{}',0,'*',1,NULL,NULL),(18,1,33,34,1,'geografia','Geografia','geografia','','',1,NULL,NULL,1,'{}','','','{}',591,'2023-04-25 14:22:30','',591,'2023-04-25 14:22:30','{}','{}',0,'*',1,NULL,NULL),(19,1,35,36,1,'ambiental','Ambiental','ambiental','','',1,NULL,NULL,1,'{}','','','{}',591,'2023-04-26 17:12:34','',591,'2023-04-26 17:12:34','{}','{}',0,'*',1,NULL,NULL);

--
-- Table structure for table `josfs_template_overrides`
--

CREATE TABLE `josfs_template_overrides` (
  `id` int(10) unsigned NOT NULL AUTO_INCREMENT,
  `template` varchar(50) NOT NULL DEFAULT '',
  `hash_id` varchar(255) NOT NULL DEFAULT '',
  `extension_id` int(11) DEFAULT 0,
  `state` tinyint(4) NOT NULL DEFAULT 0,
  `action` varchar(50) NOT NULL DEFAULT '',
  `client_id` tinyint(3) unsigned NOT NULL DEFAULT 0,
  `created_date` datetime NOT NULL,
  `modified_date` datetime DEFAULT NULL,
  PRIMARY KEY (`id`),
  KEY `idx_template` (`template`),
  KEY `idx_extension_id` (`extension_id`)
) ENGINE=InnoDB DEFAULT CHARSET=utf8mb4 COLLATE=utf8mb4_unicode_ci;

--
-- Dumping data for table `josfs_template_overrides`
--


--
-- Table structure for table `josfs_template_styles`
--

CREATE TABLE `josfs_template_styles` (
  `id` int(10) unsigned NOT NULL AUTO_INCREMENT,
  `template` varchar(50) NOT NULL DEFAULT '',
  `client_id` tinyint(3) unsigned NOT NULL DEFAULT 0,
  `home` char(7) NOT NULL DEFAULT '0',
  `title` varchar(255) NOT NULL DEFAULT '',
  `inheritable` tinyint(4) NOT NULL DEFAULT 0,
  `parent` varchar(50) DEFAULT '',
  `params` text NOT NULL,
  PRIMARY KEY (`id`),
  KEY `idx_template` (`template`),
  KEY `idx_client_id` (`client_id`),
  KEY `idx_client_id_home` (`client_id`,`home`)
) ENGINE=InnoDB AUTO_INCREMENT=12 DEFAULT CHARSET=utf8mb4 COLLATE=utf8mb4_unicode_ci;

--
-- Dumping data for table `josfs_template_styles`
--

INSERT INTO `josfs_template_styles` VALUES (10,'atum',1,'1','Atum - Default',1,'','{\"hue\":\"hsl(214, 63%, 20%)\",\"bg-light\":\"#f0f4fb\",\"text-dark\":\"#495057\",\"text-light\":\"#ffffff\",\"link-color\":\"#2a69b8\",\"special-color\":\"#001b4c\",\"monochrome\":\"0\",\"loginLogo\":\"\",\"loginLogoAlt\":\"\",\"logoBrandLarge\":\"\",\"logoBrandLargeAlt\":\"\",\"logoBrandSmall\":\"\",\"logoBrandSmallAlt\":\"\"}'),(11,'cassiopeia',0,'1','Editora - Cassiopeia',1,'','{\"brand\":true,\"logoFile\":\"images\\/logo\\/Ciencia%20Capital%20Editora%20500%20%20100%20px%20alt.png#joomlaImage:\\/\\/local-images\\/logo\\/Ciencia Capital Editora 500  100 px alt.png?width=500&height=70\",\"siteTitle\":\"Ci\\u00eancia Capital Editora\",\"siteDescription\":\"\",\"useFontScheme\":\"media\\/templates\\/site\\/cassiopeia\\/css\\/global\\/fonts-local_roboto.css\",\"colorName\":\"colors_standard\",\"fluidContainer\":\"1\",\"stickyHeader\":1,\"backTop\":1}');

--
-- Table structure for table `josfs_ucm_base`
--

CREATE TABLE `josfs_ucm_base` (
  `ucm_id` int(10) unsigned NOT NULL,
  `ucm_item_id` int(11) NOT NULL,
  `ucm_type_id` int(11) NOT NULL,
  `ucm_language_id` int(11) NOT NULL,
  PRIMARY KEY (`ucm_id`),
  KEY `idx_ucm_item_id` (`ucm_item_id`),
  KEY `idx_ucm_type_id` (`ucm_type_id`),
  KEY `idx_ucm_language_id` (`ucm_language_id`)
) ENGINE=InnoDB DEFAULT CHARSET=utf8mb4 COLLATE=utf8mb4_unicode_ci;

--
-- Dumping data for table `josfs_ucm_base`
--

INSERT INTO `josfs_ucm_base` VALUES (1,3,1,0),(2,4,1,0),(3,5,1,0),(4,6,1,0),(5,13,5,0),(6,14,5,0),(7,15,5,0),(8,16,5,0),(9,7,1,0),(10,17,5,0),(11,10,5,0),(12,8,1,0),(13,19,5,0),(14,21,5,0),(15,12,1,0);

--
-- Table structure for table `josfs_ucm_content`
--

CREATE TABLE `josfs_ucm_content` (
  `core_content_id` int(10) unsigned NOT NULL AUTO_INCREMENT,
  `core_type_alias` varchar(400) NOT NULL DEFAULT '' COMMENT 'FK to the content types table',
  `core_title` varchar(400) NOT NULL DEFAULT '',
  `core_alias` varchar(400) CHARACTER SET utf8mb4 COLLATE utf8mb4_bin NOT NULL DEFAULT '',
  `core_body` mediumtext DEFAULT NULL,
  `core_state` tinyint(4) NOT NULL DEFAULT 0,
  `core_checked_out_time` datetime DEFAULT NULL,
  `core_checked_out_user_id` int(10) unsigned DEFAULT NULL,
  `core_access` int(10) unsigned NOT NULL DEFAULT 0,
  `core_params` text DEFAULT NULL,
  `core_featured` tinyint(3) unsigned NOT NULL DEFAULT 0,
  `core_metadata` varchar(2048) NOT NULL DEFAULT '' COMMENT 'JSON encoded metadata properties.',
  `core_created_user_id` int(10) unsigned NOT NULL DEFAULT 0,
  `core_created_by_alias` varchar(255) NOT NULL DEFAULT '',
  `core_created_time` datetime NOT NULL,
  `core_modified_user_id` int(10) unsigned NOT NULL DEFAULT 0 COMMENT 'Most recent user that modified',
  `core_modified_time` datetime NOT NULL,
  `core_language` char(7) NOT NULL DEFAULT '',
  `core_publish_up` datetime DEFAULT NULL,
  `core_publish_down` datetime DEFAULT NULL,
  `core_content_item_id` int(10) unsigned NOT NULL DEFAULT 0 COMMENT 'ID from the individual type table',
  `asset_id` int(10) unsigned NOT NULL DEFAULT 0 COMMENT 'FK to the #__assets table.',
  `core_images` text DEFAULT NULL,
  `core_urls` text DEFAULT NULL,
  `core_hits` int(10) unsigned NOT NULL DEFAULT 0,
  `core_version` int(10) unsigned NOT NULL DEFAULT 1,
  `core_ordering` int(11) NOT NULL DEFAULT 0,
  `core_metakey` text DEFAULT NULL,
  `core_metadesc` text DEFAULT NULL,
  `core_catid` int(10) unsigned NOT NULL DEFAULT 0,
  `core_type_id` int(10) unsigned NOT NULL DEFAULT 0,
  PRIMARY KEY (`core_content_id`),
  KEY `tag_idx` (`core_state`,`core_access`),
  KEY `idx_access` (`core_access`),
  KEY `idx_alias` (`core_alias`(100)),
  KEY `idx_language` (`core_language`),
  KEY `idx_title` (`core_title`(100)),
  KEY `idx_modified_time` (`core_modified_time`),
  KEY `idx_created_time` (`core_created_time`),
  KEY `idx_content_type` (`core_type_alias`(100)),
  KEY `idx_core_modified_user_id` (`core_modified_user_id`),
  KEY `idx_core_checked_out_user_id` (`core_checked_out_user_id`),
  KEY `idx_core_created_user_id` (`core_created_user_id`),
  KEY `idx_core_type_id` (`core_type_id`)
) ENGINE=InnoDB AUTO_INCREMENT=16 DEFAULT CHARSET=utf8mb4 COLLATE=utf8mb4_unicode_ci COMMENT='Contains core content data in name spaced fields';

--
-- Dumping data for table `josfs_ucm_content`
--

INSERT INTO `josfs_ucm_content` VALUES (1,'com_content.article','Bem-vindo ao seu blog','bem-vindo-ao-seu-blog','<p>Este é um exemplo de postagem.</p><p>Se você acessar o site (link para Login do Administrador está no final desta página), poderá editar o mesmo e todos os outros artigos existentes. Você também poderá criar um novo artigo e fazer outras alterações no site.</p><p>À medida que adicionar e modificar artigos, você verá como seu site muda e também como pode personalizá-lo de várias maneiras.</p><p>Vá em frente, você não pode parar.</p>',1,NULL,NULL,1,'{}',1,'{}',591,'','2023-04-20 15:57:56',591,'2023-04-20 15:57:56','*','2023-04-20 15:57:56',NULL,3,122,'{\"image_intro\":\"images\\/sampledata\\/cassiopeia\\/nasa1-1200.jpg#joomlaImage:\\/\\/local-images\\/sampledata\\/cassiopeia\\/nasa1-1200.jpg?width=1200&height=400\",\"float_intro\":\"\",\"image_intro_alt\":\"Incr\\u00edvel Gal\\u00e1xia de Andr\\u00f4meda\",\"image_intro_alt_empty\":\"\",\"image_intro_caption\":\"\",\"image_fulltext\":\"images\\/sampledata\\/cassiopeia\\/nasa1-400.jpg#joomlaImage:\\/\\/local-images\\/sampledata\\/cassiopeia\\/nasa1-400.jpg?width=400&height=400\",\"float_fulltext\":\"float-start\",\"image_fulltext_alt\":\"\",\"image_fulltext_alt_empty\":1,\"image_fulltext_caption\":\"www.nasa.gov\\/multimedia\\/imagegallery\"}','{}',0,1,0,'','',8,1),(2,'com_content.article','Sobre sua página principal','sobre-sua-pagina-principal','<p>Sua página inicial está configurada para exibir os quatro artigos mais recentes da categoria blog em uma coluna. Depois há links para os próximos dois artigos mais antigos. Você pode alterar esses números editando as configurações de opções de conteúdo na aba blog no administrador do seu site. Se estiver logado, existe um link para o administrador do seu site.</p><p>Se você quiser que seu post no blog seja dividido em duas partes, uma introdução e depois uma página separada com conteúdo completo, use o recurso Leia Mais para inserir uma quebra no texto.</p>',1,NULL,NULL,1,'{}',1,'{}',591,'','2023-04-20 15:57:56',591,'2023-04-20 15:57:56','*','2023-04-20 15:57:56',NULL,4,123,'{\"image_intro\":\"images\\/sampledata\\/cassiopeia\\/nasa2-1200.jpg#joomlaImage:\\/\\/local-images\\/sampledata\\/cassiopeia\\/nasa2-1200.jpg?width=1200&height=400\",\"float_intro\":\"\",\"image_intro_alt\":\"\",\"image_intro_alt_empty\":1,\"image_intro_caption\":\"\",\"image_fulltext\":\"images\\/sampledata\\/cassiopeia\\/nasa2-400.jpg#joomlaImage:\\/\\/local-images\\/sampledata\\/cassiopeia\\/nasa2-400.jpg?width=400&height=400\",\"float_fulltext\":\"float-start\",\"image_fulltext_alt\":\"\",\"image_fulltext_alt_empty\":1,\"image_fulltext_caption\":\"www.nasa.gov\\/multimedia\\/imagegallery\"}','{}',0,1,0,'','',8,1),(3,'com_content.article','Seus Módulos','seus-modulos','<p>Seu site possui alguns módulos pré-configurados e usados com frequência. São eles:</p><ul><li>Modulo de Imagem, que mantêm a imagem abaixo do menu. Este é um módulo personalizado que você pode editar para alterar a imagem.</li><li>Postagens Mais Lidas, são listadas com base no número de vezes que foram lidas.</li><li>Artigos mais antigos, que listam artigos por mês.</li><li>Syndicate que permite que seus leitores leiam as suas postagens em um leitor de notícias RSS.</li><li>Tags Populares, que aparecerão se você usar tags em seus artigos. Informe uma etiqueta no campo Tags quando editar.</li></ul><p>cada um destes módulos tem muitas opções com as quais você pode experimentar no Gerenciador de Módulos no Administrador do seu site. Quando estiver conectado, você também pode selecionar o ícone de edição no canto superior direito, que levará você a uma tela de edição para esse módulo. Sempre certifique-se de salvar e fechar qualquer módulo que você editar.</p><p>Joomla! também inclui muitos outros módulos que você pode incorporar no seu site. Conforme você desenvolve seu site, você pode querer adicionar mais módulos que você possa encontrar no <a href=\'https://extensions.joomla.org/\'>Diretório de Extensões do Joomla.</a></p>',1,NULL,NULL,1,'{}',1,'{}',591,'','2023-04-20 15:57:56',591,'2023-04-20 15:57:56','*','2023-04-20 15:57:56',NULL,5,124,'{\"image_intro\":\"images\\/sampledata\\/cassiopeia\\/nasa3-1200.jpg#joomlaImage:\\/\\/local-images\\/sampledata\\/cassiopeia\\/nasa3-1200.jpg?width=1200&height=400\",\"float_intro\":\"\",\"image_intro_alt\":\"\",\"image_intro_alt_empty\":1,\"image_intro_caption\":\"\",\"image_fulltext\":\"images\\/sampledata\\/cassiopeia\\/nasa3-400.jpg#joomlaImage:\\/\\/local-images\\/sampledata\\/cassiopeia\\/nasa3-400.jpg?width=400&height=400\",\"float_fulltext\":\"float-start\",\"image_fulltext_alt\":\"N\\u00e9bula de Caranguejo\",\"image_fulltext_alt_empty\":\"\",\"image_fulltext_caption\":\"www.nasa.gov\\/multimedia\\/imagegallery\"}','{}',0,1,0,'','',8,1),(4,'com_content.article','Seu Tema','seu-tema','<p>Os templates controlam a aparência do seu site.</p><p>Este blog está instalado com o template Cassiopeia.</p><p>Você pode editar as opções selecionando \"Trabalhando no Seu Site\", Link das Configurações do Tema no menu que está visível quando você faz o login.</p><p>Por exemplo, você pode alterar a cor de fundo do site, cor de destaque, título do site, descrição do site e fonte de título em uso.</p><p>Mais opções estão disponíveis no administrador do site. Você também pode instalar um novo tema usando o gerenciador de extensões.</p>',1,NULL,NULL,1,'{}',1,'{}',591,'','2023-04-20 15:57:56',591,'2023-04-20 15:57:56','*','2023-04-20 15:57:56',NULL,6,125,'{\"image_intro\":\"images\\/sampledata\\/cassiopeia\\/nasa4-1200.jpg#joomlaImage:\\/\\/local-images\\/sampledata\\/cassiopeia\\/nasa4-1200.jpg?width=1200&height=400\",\"float_intro\":\"\",\"image_intro_alt\":\"\",\"image_intro_alt_empty\":1,\"image_intro_caption\":\"\",\"image_fulltext\":\"images\\/sampledata\\/cassiopeia\\/nasa4-400.jpg#joomlaImage:\\/\\/local-images\\/sampledata\\/cassiopeia\\/nasa4-400.jpg?width=400&height=400\",\"float_fulltext\":\"float-start\",\"image_fulltext_alt\":\"\",\"image_fulltext_alt_empty\":1,\"image_fulltext_caption\":\"www.nasa.gov\\/multimedia\\/imagegallery\"}','{}',0,1,0,'','',8,1),(5,'com_content.category','Biologia','biologia','<p>Publicações na área de Biologia.</p>',1,NULL,NULL,1,'{\"category_layout\":\"\",\"image\":\"\",\"image_alt\":\"\"}',0,'{\"author\":\"\",\"robots\":\"\"}',591,'','2023-04-22 13:58:26',591,'2023-04-22 13:58:26','*',NULL,NULL,13,147,'{}','{}',0,1,0,'','',12,5),(6,'com_content.category','Ecologia','ecologia','<p>Publicações na área de Ecologia.</p>',1,NULL,NULL,1,'{\"category_layout\":\"\",\"image\":\"\",\"image_alt\":\"\"}',0,'{\"author\":\"\",\"robots\":\"\"}',591,'','2023-04-22 14:11:09',591,'2023-04-22 19:33:52','*',NULL,NULL,14,148,'{}','{}',0,1,0,'','',12,5),(7,'com_content.category','Tecnologia','tecnologia','<p>Publicações nas áreas de Arquitetura e Urbanismo, Engenharia de Alimentos, Engenharia de Materiais, Engenharia de Produção, Engenharia Civil, Engenharia Ambiental, Engenharia Mecânica e Engenharia Química.</p>',1,NULL,NULL,1,'{\"category_layout\":\"\",\"image\":\"\",\"image_alt\":\"\"}',0,'{\"author\":\"\",\"robots\":\"\"}',591,'','2023-04-22 19:34:55',591,'2023-04-23 01:01:47','*',NULL,NULL,15,149,'{}','{}',0,1,0,'','',19,5),(8,'com_content.category','Engenharia Mecânica','engenharia-mecanica','<p>Publicações na área de Engenharia Mecânica.</p>',1,NULL,NULL,1,'{\"category_layout\":\"\",\"image\":\"\",\"image_alt\":\"\"}',0,'{\"author\":\"\",\"robots\":\"\"}',591,'','2023-04-22 19:35:45',591,'2023-04-22 19:35:45','*',NULL,NULL,16,150,'{}','{}',0,1,0,'','',15,5),(9,'com_content.article','Equipe Editorial','equipe-editorial','<p style=\"text-align: center;\"><strong>Conheça nosso time de profissionais</strong></p>\r\n<p style=\"text-align: justify;\">O time de editores da Ciência Capital Editora é composto por profissionais experientes e qualificados em diversas áreas científicas.</p>\r\n',1,NULL,NULL,1,'{\"article_layout\":\"\",\"show_title\":\"\",\"link_titles\":\"\",\"show_tags\":\"\",\"show_intro\":\"\",\"info_block_position\":\"\",\"info_block_show_title\":\"\",\"show_category\":\"\",\"link_category\":\"\",\"show_parent_category\":\"\",\"link_parent_category\":\"\",\"show_author\":\"\",\"link_author\":\"\",\"show_create_date\":\"\",\"show_modify_date\":\"\",\"show_publish_date\":\"\",\"show_item_navigation\":\"\",\"show_hits\":\"\",\"show_noauth\":\"\",\"urls_position\":\"\",\"alternative_readmore\":\"\",\"article_page_title\":\"\",\"show_publishing_options\":\"\",\"show_article_options\":\"\",\"show_urls_images_backend\":\"\",\"show_urls_images_frontend\":\"\"}',1,'{\"robots\":\"\",\"author\":\"\",\"rights\":\"\"}',591,'','2023-04-20 15:57:56',591,'2023-04-22 23:06:46','*','2023-04-20 15:57:56',NULL,7,126,'{\"image_intro\":\"images\\/editores\\/editores-equipe-medio.jpg#joomlaImage:\\/\\/local-images\\/editores\\/editores-equipe-medio.jpg?width=1500&height=1001\",\"image_intro_alt\":\"Corre\\u00e7\\u00e3o do material\",\"image_intro_alt_empty\":\"1\",\"float_intro\":\"\",\"image_intro_caption\":\"Cr\\u00e9dito da Imagem: Freepik\",\"image_fulltext\":\"images\\/editores\\/editores-equipe-artigo.jpg#joomlaImage:\\/\\/local-images\\/editores\\/editores-equipe-artigo.jpg?width=1500&height=1000\",\"image_fulltext_alt\":\"Meu livro pronto\",\"float_fulltext\":\"\",\"image_fulltext_caption\":\"Cr\\u00e9dito da Imagem: Freepik\"}','{\"urla\":\"\",\"urlatext\":\"\",\"targeta\":\"1\",\"urlb\":\"\",\"urlbtext\":\"\",\"targetb\":\"\",\"urlc\":\"\",\"urlctext\":\"\",\"targetc\":\"\"}',24,16,2,'Editor, Edição de Livro, Ciência, Autor, Ciência Capital, Escrever Livro, Publicar Livro, Publicação','O time de editores da Ciência Capital Editora é composto por profissionais experientes e qualificados em diversas áreas científicas. ',10,1),(10,'com_content.category','Equipe Editorial 2','equipe-editorial2','<p>O time de editores da Ciência Capital Editora é composto por profissionais experientes e qualificados em diversas áreas científicas. </p>',1,NULL,NULL,1,'{\"category_layout\":\"\",\"image\":\"\",\"image_alt\":\"\"}',0,'{\"author\":\"\",\"robots\":\"\"}',591,'','2023-04-22 22:41:22',591,'2023-04-22 23:27:38','*',NULL,NULL,17,151,'{}','{}',0,1,0,'','',1,5),(11,'com_content.category','Equipe Editorial','equipe-editorial','<p>O time de editores da Ciência Capital Editora é composto por profissionais experientes e qualificados em diversas áreas científicas. </p>',1,NULL,NULL,1,'{\"category_layout\":\"\",\"image\":\"\",\"image_alt\":\"\"}',0,'{\"author\":\"\",\"robots\":\"\"}',591,'','2023-04-20 15:57:56',591,'2023-04-22 23:27:51','*',NULL,NULL,10,118,'{}','{}',0,1,0,'','',1,5),(12,'com_content.article','Serviços Editoriais','servicos-editoriais','<p style=\"text-align: center;\"><strong>Serviços Editoriais</strong></p>\r\n<p style=\"text-align: justify;\">A Ciência Capital Editora oferece uma ampla gama de serviços editoriais para ajudar os autores a melhorar a qualidade e o impacto de seus trabalhos. </p>\r\n',1,NULL,NULL,1,'{\"article_layout\":\"\",\"show_title\":\"\",\"link_titles\":\"\",\"show_tags\":\"\",\"show_intro\":\"\",\"info_block_position\":\"\",\"info_block_show_title\":\"\",\"show_category\":\"\",\"link_category\":\"\",\"show_parent_category\":\"\",\"link_parent_category\":\"\",\"show_author\":\"\",\"link_author\":\"\",\"show_create_date\":\"\",\"show_modify_date\":\"\",\"show_publish_date\":\"\",\"show_item_navigation\":\"\",\"show_hits\":\"\",\"show_noauth\":\"\",\"urls_position\":\"\",\"alternative_readmore\":\"\",\"article_page_title\":\"\",\"show_publishing_options\":\"\",\"show_article_options\":\"\",\"show_urls_images_backend\":\"\",\"show_urls_images_frontend\":\"\"}',1,'{\"robots\":\"\",\"author\":\"\",\"rights\":\"\"}',591,'','2023-04-20 15:57:56',591,'2023-04-23 19:18:46','*','2023-04-20 15:57:56',NULL,8,127,'{\"image_intro\":\"images\\/servicos\\/servicos-editoriais.jpg#joomlaImage:\\/\\/local-images\\/servicos\\/servicos-editoriais.jpg?width=1000&height=667\",\"image_intro_alt\":\"\",\"image_intro_alt_empty\":\"1\",\"float_intro\":\"\",\"image_intro_caption\":\"Cr\\u00e9dito da Imagem Freepik\",\"image_fulltext\":\"images\\/servicos\\/servicos-editoriais-artigo3.jpg#joomlaImage:\\/\\/local-images\\/servicos\\/servicos-editoriais-artigo3.jpg?width=5560&height=3707\",\"image_fulltext_alt\":\"\",\"float_fulltext\":\"\",\"image_fulltext_caption\":\"Cr\\u00e9dito da Imagem Freepik\"}','{\"urla\":\"\",\"urlatext\":\"\",\"targeta\":\"\",\"urlb\":\"\",\"urlbtext\":\"\",\"targetb\":\"\",\"urlc\":\"\",\"urlctext\":\"\",\"targetc\":\"\"}',60,20,1,'','',18,1),(13,'com_content.category','Livros Publicados','livros-publicados','<p>Todos os livros publicados pela Ciência Capital Editora.</p>',1,NULL,NULL,1,'{\"category_layout\":\"_:default\",\"image\":\"\",\"image_alt\":\"\",\"workflow_id\":\"use_default\"}',0,'{\"author\":\"\",\"robots\":\"\"}',591,'','2023-04-23 00:56:30',591,'2023-04-27 13:47:57','*',NULL,NULL,19,153,'{}','{}',0,1,0,'','',1,5),(14,'com_content.category','Geografia','geografia','<p>Publicações na área de Geografia.</p>',1,NULL,NULL,1,'{\"category_layout\":\"\",\"image\":\"\",\"image_alt\":\"\"}',0,'{\"author\":\"\",\"robots\":\"\"}',591,'','2023-04-25 14:22:30',591,'2023-04-25 14:22:30','*',NULL,NULL,21,155,'{}','{}',0,1,0,'','',12,5),(15,'com_content.article','Licenciamento Ambiental','licenciamento-ambiental','<h3>Resumo do livro</h3>\r\n<p style=\"text-align: justify;\">O livro Licenciamento ambiental do Professor Williams Guimarães busca dar um suporte aos estudantes e profissionais da Engenharia Civil a respeito dos trâmites legais necessários ao se executar uma edificação. Trata dos temas: a necessidade de licenciar um empreendimento, órgãos que competem conceder o licenciamento ambiental, tipos de licença ambiental, procedimentos para a obtenção da licença ambiental, quais as penalidades para quem não tirar as licenças devidas e os custos do licenciamento ambiental.</p>\r\n',1,NULL,NULL,1,'{\"article_layout\":\"\",\"show_title\":\"\",\"link_titles\":\"\",\"show_tags\":\"\",\"show_intro\":\"\",\"info_block_position\":\"\",\"info_block_show_title\":\"\",\"show_category\":\"\",\"link_category\":\"\",\"show_parent_category\":\"\",\"link_parent_category\":\"\",\"show_author\":\"\",\"link_author\":\"\",\"show_create_date\":\"\",\"show_modify_date\":\"\",\"show_publish_date\":\"\",\"show_item_navigation\":\"\",\"show_hits\":\"\",\"show_noauth\":\"\",\"urls_position\":\"\",\"alternative_readmore\":\"\",\"article_page_title\":\"\",\"show_publishing_options\":\"\",\"show_article_options\":\"\",\"show_urls_images_backend\":\"\",\"show_urls_images_frontend\":\"\"}',0,'{\"robots\":\"\",\"author\":\"\",\"rights\":\"\"}',591,'','2023-04-26 17:12:34',591,'2023-04-27 13:24:56','*','2023-04-26 17:12:34',NULL,12,156,'{\"image_intro\":\"images\\/livros\\/capa-licenciamento-ambiental.png#joomlaImage:\\/\\/local-images\\/livros\\/capa-licenciamento-ambiental.png?width=307&height=438\",\"image_intro_alt\":\"\",\"image_intro_alt_empty\":\"1\",\"float_intro\":\"\",\"image_intro_caption\":\"\",\"image_fulltext\":\"images\\/livros\\/capa-autor-licenciamento-ambiental.png#joomlaImage:\\/\\/local-images\\/livros\\/capa-autor-licenciamento-ambiental.png?width=1500&height=700\",\"image_fulltext_alt\":\"\",\"image_fulltext_alt_empty\":\"1\",\"float_fulltext\":\"\",\"image_fulltext_caption\":\"\"}','{\"urla\":\"\",\"urlatext\":\"\",\"targeta\":\"\",\"urlb\":\"\",\"urlbtext\":\"\",\"targetb\":\"\",\"urlc\":\"\",\"urlctext\":\"\",\"targetc\":\"\"}',15,9,0,'','',21,1);

--
-- Table structure for table `josfs_update_sites`
--

CREATE TABLE `josfs_update_sites` (
  `update_site_id` int(11) NOT NULL AUTO_INCREMENT,
  `name` varchar(100) DEFAULT '',
  `type` varchar(20) DEFAULT '',
  `location` text NOT NULL,
  `enabled` int(11) DEFAULT 0,
  `last_check_timestamp` bigint(20) DEFAULT 0,
  `extra_query` varchar(1000) DEFAULT '',
  `checked_out` int(10) unsigned DEFAULT NULL,
  `checked_out_time` datetime DEFAULT NULL,
  PRIMARY KEY (`update_site_id`)
) ENGINE=InnoDB AUTO_INCREMENT=4 DEFAULT CHARSET=utf8mb4 COLLATE=utf8mb4_unicode_ci COMMENT='Update Sites';

--
-- Dumping data for table `josfs_update_sites`
--

INSERT INTO `josfs_update_sites` VALUES (1,'Joomla! Core','collection','https://update.joomla.org/core/list.xml',1,1685582657,'',NULL,NULL),(2,'Accredited Joomla! Translations','collection','https://update.joomla.org/language/translationlist_4.xml',1,1685582785,'',NULL,NULL),(3,'Joomla! Update Component','extension','https://update.joomla.org/core/extensions/com_joomlaupdate.xml',1,1685582790,'',NULL,NULL);

--
-- Table structure for table `josfs_update_sites_extensions`
--

CREATE TABLE `josfs_update_sites_extensions` (
  `update_site_id` int(11) NOT NULL DEFAULT 0,
  `extension_id` int(11) NOT NULL DEFAULT 0,
  PRIMARY KEY (`update_site_id`,`extension_id`)
) ENGINE=InnoDB DEFAULT CHARSET=utf8mb4 COLLATE=utf8mb4_unicode_ci COMMENT='Links extensions to update sites';

--
-- Dumping data for table `josfs_update_sites_extensions`
--

INSERT INTO `josfs_update_sites_extensions` VALUES (1,224),(2,225),(2,10002),(3,24);

--
-- Table structure for table `josfs_updates`
--

CREATE TABLE `josfs_updates` (
  `update_id` int(11) NOT NULL AUTO_INCREMENT,
  `update_site_id` int(11) DEFAULT 0,
  `extension_id` int(11) DEFAULT 0,
  `name` varchar(100) DEFAULT '',
  `description` text NOT NULL,
  `element` varchar(100) DEFAULT '',
  `type` varchar(20) DEFAULT '',
  `folder` varchar(20) DEFAULT '',
  `client_id` tinyint(4) DEFAULT 0,
  `version` varchar(32) DEFAULT '',
  `data` text NOT NULL,
  `detailsurl` text NOT NULL,
  `infourl` text NOT NULL,
  `changelogurl` text DEFAULT NULL,
  `extra_query` varchar(1000) DEFAULT '',
  PRIMARY KEY (`update_id`)
) ENGINE=InnoDB AUTO_INCREMENT=1072 DEFAULT CHARSET=utf8mb4 COLLATE=utf8mb4_unicode_ci COMMENT='Available Updates';

--
-- Dumping data for table `josfs_updates`
--

INSERT INTO `josfs_updates` VALUES (1020,1,224,'Joomla','','joomla','file','',0,'4.3.2','','https://update.joomla.org/core/sts/extension_sts.xml','','',''),(1021,2,0,'Afrikaans','','pkg_af-ZA','package','',0,'4.3.2.1','','https://update.joomla.org/language/details4/af-ZA_details.xml','','',''),(1022,2,0,'Arabic Unitag','','pkg_ar-AA','package','',0,'4.0.2.1','','https://update.joomla.org/language/details4/ar-AA_details.xml','','',''),(1023,2,0,'Bulgarian','','pkg_bg-BG','package','',0,'4.2.7.1','','https://update.joomla.org/language/details4/bg-BG_details.xml','','',''),(1024,2,0,'Catalan','','pkg_ca-ES','package','',0,'4.0.4.2','','https://update.joomla.org/language/details4/ca-ES_details.xml','','',''),(1025,2,0,'Chinese, Simplified','','pkg_zh-CN','package','',0,'4.3.0.2','','https://update.joomla.org/language/details4/zh-CN_details.xml','','',''),(1026,2,0,'Chinese, Traditional','','pkg_zh-TW','package','',0,'4.2.3.1','','https://update.joomla.org/language/details4/zh-TW_details.xml','','',''),(1027,2,0,'Croatian','','pkg_hr-HR','package','',0,'4.3.1.1','','https://update.joomla.org/language/details4/hr-HR_details.xml','','',''),(1028,2,0,'Czech','','pkg_cs-CZ','package','',0,'4.3.1.1','','https://update.joomla.org/language/details4/cs-CZ_details.xml','','',''),(1029,2,0,'Danish','','pkg_da-DK','package','',0,'4.3.2.1','','https://update.joomla.org/language/details4/da-DK_details.xml','','',''),(1030,2,0,'Dutch','','pkg_nl-NL','package','',0,'4.3.2.1','','https://update.joomla.org/language/details4/nl-NL_details.xml','','',''),(1031,2,0,'English, Australia','','pkg_en-AU','package','',0,'4.3.1.1','','https://update.joomla.org/language/details4/en-AU_details.xml','','',''),(1032,2,0,'English, Canada','','pkg_en-CA','package','',0,'4.3.1.1','','https://update.joomla.org/language/details4/en-CA_details.xml','','',''),(1033,2,0,'English, New Zealand','','pkg_en-NZ','package','',0,'4.3.1.1','','https://update.joomla.org/language/details4/en-NZ_details.xml','','',''),(1034,2,0,'English, USA','','pkg_en-US','package','',0,'4.3.1.1','','https://update.joomla.org/language/details4/en-US_details.xml','','',''),(1035,2,0,'Estonian','','pkg_et-EE','package','',0,'4.3.0.1','','https://update.joomla.org/language/details4/et-EE_details.xml','','',''),(1036,2,0,'Finnish','','pkg_fi-FI','package','',0,'4.1.1.2','','https://update.joomla.org/language/details4/fi-FI_details.xml','','',''),(1037,2,0,'Flemish','','pkg_nl-BE','package','',0,'4.3.0.1','','https://update.joomla.org/language/details4/nl-BE_details.xml','','',''),(1038,2,0,'French','','pkg_fr-FR','package','',0,'4.3.2.1','','https://update.joomla.org/language/details4/fr-FR_details.xml','','',''),(1039,2,0,'Georgian','','pkg_ka-GE','package','',0,'4.3.2.1','','https://update.joomla.org/language/details4/ka-GE_details.xml','','',''),(1040,2,0,'German','','pkg_de-DE','package','',0,'4.3.2.1','','https://update.joomla.org/language/details4/de-DE_details.xml','','',''),(1041,2,0,'German, Austria','','pkg_de-AT','package','',0,'4.3.2.1','','https://update.joomla.org/language/details4/de-AT_details.xml','','',''),(1042,2,0,'German, Liechtenstein','','pkg_de-LI','package','',0,'4.3.2.1','','https://update.joomla.org/language/details4/de-LI_details.xml','','',''),(1043,2,0,'German, Luxembourg','','pkg_de-LU','package','',0,'4.3.2.1','','https://update.joomla.org/language/details4/de-LU_details.xml','','',''),(1044,2,0,'German, Switzerland','','pkg_de-CH','package','',0,'4.3.2.1','','https://update.joomla.org/language/details4/de-CH_details.xml','','',''),(1045,2,0,'Greek','','pkg_el-GR','package','',0,'4.3.2.1','','https://update.joomla.org/language/details4/el-GR_details.xml','','',''),(1046,2,0,'Hungarian','','pkg_hu-HU','package','',0,'4.3.1.1','','https://update.joomla.org/language/details4/hu-HU_details.xml','','',''),(1047,2,0,'Irish','','pkg_ga-IE','package','',0,'4.2.8.1','','https://update.joomla.org/language/details4/ga-IE_details.xml','','',''),(1048,2,0,'Italian','','pkg_it-IT','package','',0,'4.3.2.1','','https://update.joomla.org/language/details4/it-IT_details.xml','','',''),(1049,2,0,'Japanese','','pkg_ja-JP','package','',0,'4.3.1.1','','https://update.joomla.org/language/details4/ja-JP_details.xml','','',''),(1050,2,0,'Kazakh','','pkg_kk-KZ','package','',0,'4.1.2.1','','https://update.joomla.org/language/details4/kk-KZ_details.xml','','',''),(1051,2,0,'Latvian','','pkg_lv-LV','package','',0,'4.3.1.1','','https://update.joomla.org/language/details4/lv-LV_details.xml','','',''),(1052,2,0,'Lithuanian','','pkg_lt-LT','package','',0,'4.2.9.1','','https://update.joomla.org/language/details4/lt-LT_details.xml','','',''),(1053,2,0,'Macedonian','','pkg_mk-MK','package','',0,'4.2.4.1','','https://update.joomla.org/language/details4/mk-MK_details.xml','','',''),(1054,2,0,'Norwegian Bokmål','','pkg_nb-NO','package','',0,'4.0.1.1','','https://update.joomla.org/language/details4/nb-NO_details.xml','','',''),(1055,2,0,'Persian Farsi','','pkg_fa-IR','package','',0,'4.3.2.1','','https://update.joomla.org/language/details4/fa-IR_details.xml','','',''),(1056,2,0,'Polish','','pkg_pl-PL','package','',0,'4.2.8.2','','https://update.joomla.org/language/details4/pl-PL_details.xml','','',''),(1057,2,0,'Portuguese, Portugal','','pkg_pt-PT','package','',0,'4.0.0-rc4.2','','https://update.joomla.org/language/details4/pt-PT_details.xml','','',''),(1058,2,0,'Romanian','','pkg_ro-RO','package','',0,'4.3.1.1','','https://update.joomla.org/language/details4/ro-RO_details.xml','','',''),(1059,2,0,'Russian','','pkg_ru-RU','package','',0,'4.2.9.1','','https://update.joomla.org/language/details4/ru-RU_details.xml','','',''),(1060,2,0,'Serbian, Cyrillic','','pkg_sr-RS','package','',0,'4.3.2.1','','https://update.joomla.org/language/details4/sr-RS_details.xml','','',''),(1061,2,0,'Serbian, Latin','','pkg_sr-YU','package','',0,'4.3.2.1','','https://update.joomla.org/language/details4/sr-YU_details.xml','','',''),(1062,2,0,'Slovak','','pkg_sk-SK','package','',0,'4.3.0.1','','https://update.joomla.org/language/details4/sk-SK_details.xml','','',''),(1063,2,0,'Slovenian','','pkg_sl-SI','package','',0,'4.3.2.1','','https://update.joomla.org/language/details4/sl-SI_details.xml','','',''),(1064,2,0,'Spanish','','pkg_es-ES','package','',0,'4.2.3.1','','https://update.joomla.org/language/details4/es-ES_details.xml','','',''),(1065,2,0,'Swedish','','pkg_sv-SE','package','',0,'4.3.2.2','','https://update.joomla.org/language/details4/sv-SE_details.xml','','',''),(1066,2,0,'Tamil, India','','pkg_ta-IN','package','',0,'4.3.2.1','','https://update.joomla.org/language/details4/ta-IN_details.xml','','',''),(1067,2,0,'Thai','','pkg_th-TH','package','',0,'4.3.1.1','','https://update.joomla.org/language/details4/th-TH_details.xml','','',''),(1068,2,0,'Turkish','','pkg_tr-TR','package','',0,'4.3.2.1','','https://update.joomla.org/language/details4/tr-TR_details.xml','','',''),(1069,2,0,'Ukrainian','','pkg_uk-UA','package','',0,'4.3.1.1','','https://update.joomla.org/language/details4/uk-UA_details.xml','','',''),(1070,2,0,'Vietnamese','','pkg_vi-VN','package','',0,'4.2.2.1','','https://update.joomla.org/language/details4/vi-VN_details.xml','','',''),(1071,2,0,'Welsh','','pkg_cy-GB','package','',0,'4.3.2.1','','https://update.joomla.org/language/details4/cy-GB_details.xml','','','');

--
-- Table structure for table `josfs_user_keys`
--

CREATE TABLE `josfs_user_keys` (
  `id` int(10) unsigned NOT NULL AUTO_INCREMENT,
  `user_id` varchar(150) NOT NULL,
  `token` varchar(255) NOT NULL,
  `series` varchar(191) NOT NULL,
  `time` varchar(200) NOT NULL,
  `uastring` varchar(255) NOT NULL,
  PRIMARY KEY (`id`),
  UNIQUE KEY `series` (`series`),
  KEY `user_id` (`user_id`)
) ENGINE=InnoDB AUTO_INCREMENT=3 DEFAULT CHARSET=utf8mb4 COLLATE=utf8mb4_unicode_ci;

--
-- Dumping data for table `josfs_user_keys`
--


--
-- Table structure for table `josfs_user_mfa`
--

CREATE TABLE `josfs_user_mfa` (
  `id` int(11) NOT NULL AUTO_INCREMENT,
  `user_id` int(10) unsigned NOT NULL,
  `title` varchar(255) NOT NULL DEFAULT '',
  `method` varchar(100) NOT NULL,
  `default` tinyint(4) NOT NULL DEFAULT 0,
  `options` mediumtext NOT NULL,
  `created_on` datetime NOT NULL,
  `last_used` datetime DEFAULT NULL,
  PRIMARY KEY (`id`),
  KEY `idx_user_id` (`user_id`)
) ENGINE=InnoDB DEFAULT CHARSET=utf8mb4 COLLATE=utf8mb4_unicode_ci COMMENT='Multi-factor Authentication settings';

--
-- Dumping data for table `josfs_user_mfa`
--


--
-- Table structure for table `josfs_user_notes`
--

CREATE TABLE `josfs_user_notes` (
  `id` int(10) unsigned NOT NULL AUTO_INCREMENT,
  `user_id` int(10) unsigned NOT NULL DEFAULT 0,
  `catid` int(10) unsigned NOT NULL DEFAULT 0,
  `subject` varchar(100) NOT NULL DEFAULT '',
  `body` text NOT NULL,
  `state` tinyint(4) NOT NULL DEFAULT 0,
  `checked_out` int(10) unsigned DEFAULT NULL,
  `checked_out_time` datetime DEFAULT NULL,
  `created_user_id` int(10) unsigned NOT NULL DEFAULT 0,
  `created_time` datetime NOT NULL,
  `modified_user_id` int(10) unsigned NOT NULL DEFAULT 0,
  `modified_time` datetime NOT NULL,
  `review_time` datetime DEFAULT NULL,
  `publish_up` datetime DEFAULT NULL,
  `publish_down` datetime DEFAULT NULL,
  PRIMARY KEY (`id`),
  KEY `idx_user_id` (`user_id`),
  KEY `idx_category_id` (`catid`)
) ENGINE=InnoDB DEFAULT CHARSET=utf8mb4 COLLATE=utf8mb4_unicode_ci;

--
-- Dumping data for table `josfs_user_notes`
--


--
-- Table structure for table `josfs_user_profiles`
--

CREATE TABLE `josfs_user_profiles` (
  `user_id` int(11) NOT NULL,
  `profile_key` varchar(100) NOT NULL,
  `profile_value` text NOT NULL,
  `ordering` int(11) NOT NULL DEFAULT 0,
  UNIQUE KEY `idx_user_id_profile_key` (`user_id`,`profile_key`)
) ENGINE=InnoDB DEFAULT CHARSET=utf8mb4 COLLATE=utf8mb4_unicode_ci COMMENT='Simple user profile storage table';

--
-- Dumping data for table `josfs_user_profiles`
--

INSERT INTO `josfs_user_profiles` VALUES (591,'joomlatoken.enabled','1',2),(591,'joomlatoken.token','R8GuF1S+njU6Ds+Vbha3Jr42DnnRZn/JM3hIsB+QvCs=',1);

--
-- Table structure for table `josfs_user_usergroup_map`
--

CREATE TABLE `josfs_user_usergroup_map` (
  `user_id` int(10) unsigned NOT NULL DEFAULT 0 COMMENT 'Foreign Key to #__users.id',
  `group_id` int(10) unsigned NOT NULL DEFAULT 0 COMMENT 'Foreign Key to #__usergroups.id',
  PRIMARY KEY (`user_id`,`group_id`)
) ENGINE=InnoDB DEFAULT CHARSET=utf8mb4 COLLATE=utf8mb4_unicode_ci;

--
-- Dumping data for table `josfs_user_usergroup_map`
--

INSERT INTO `josfs_user_usergroup_map` VALUES (591,8);

--
-- Table structure for table `josfs_usergroups`
--

CREATE TABLE `josfs_usergroups` (
  `id` int(10) unsigned NOT NULL AUTO_INCREMENT COMMENT 'Primary Key',
  `parent_id` int(10) unsigned NOT NULL DEFAULT 0 COMMENT 'Adjacency List Reference Id',
  `lft` int(11) NOT NULL DEFAULT 0 COMMENT 'Nested set lft.',
  `rgt` int(11) NOT NULL DEFAULT 0 COMMENT 'Nested set rgt.',
  `title` varchar(100) NOT NULL DEFAULT '',
  PRIMARY KEY (`id`),
  UNIQUE KEY `idx_usergroup_parent_title_lookup` (`parent_id`,`title`),
  KEY `idx_usergroup_title_lookup` (`title`),
  KEY `idx_usergroup_adjacency_lookup` (`parent_id`),
  KEY `idx_usergroup_nested_set_lookup` (`lft`,`rgt`) USING BTREE
) ENGINE=InnoDB AUTO_INCREMENT=10 DEFAULT CHARSET=utf8mb4 COLLATE=utf8mb4_unicode_ci;

--
-- Dumping data for table `josfs_usergroups`
--

INSERT INTO `josfs_usergroups` VALUES (1,0,1,18,'Public'),(2,1,8,15,'Registered'),(3,2,9,14,'Author'),(4,3,10,13,'Editor'),(5,4,11,12,'Publisher'),(6,1,4,7,'Manager'),(7,6,5,6,'Administrator'),(8,1,16,17,'Super Users'),(9,1,2,3,'Guest');

--
-- Table structure for table `josfs_users`
--

CREATE TABLE `josfs_users` (
  `id` int(11) NOT NULL AUTO_INCREMENT,
  `name` varchar(400) NOT NULL DEFAULT '',
  `username` varchar(150) NOT NULL DEFAULT '',
  `email` varchar(100) NOT NULL DEFAULT '',
  `password` varchar(100) NOT NULL DEFAULT '',
  `block` tinyint(4) NOT NULL DEFAULT 0,
  `sendEmail` tinyint(4) DEFAULT 0,
  `registerDate` datetime NOT NULL,
  `lastvisitDate` datetime DEFAULT NULL,
  `activation` varchar(100) NOT NULL DEFAULT '',
  `params` text NOT NULL,
  `lastResetTime` datetime DEFAULT NULL COMMENT 'Date of last password reset',
  `resetCount` int(11) NOT NULL DEFAULT 0 COMMENT 'Count of password resets since lastResetTime',
  `otpKey` varchar(1000) NOT NULL DEFAULT '' COMMENT 'Two factor authentication encrypted keys',
  `otep` varchar(1000) NOT NULL DEFAULT '' COMMENT 'Backup Codes',
  `requireReset` tinyint(4) NOT NULL DEFAULT 0 COMMENT 'Require user to reset password on next login',
  `authProvider` varchar(100) NOT NULL DEFAULT '' COMMENT 'Name of used authentication plugin',
  PRIMARY KEY (`id`),
  UNIQUE KEY `idx_username` (`username`),
  KEY `idx_name` (`name`(100)),
  KEY `idx_block` (`block`),
  KEY `email` (`email`)
) ENGINE=InnoDB AUTO_INCREMENT=592 DEFAULT CHARSET=utf8mb4 COLLATE=utf8mb4_unicode_ci;

--
-- Dumping data for table `josfs_users`
--

INSERT INTO `josfs_users` VALUES (591,'Contato Editora Ciência Capital','yuri','contato@cienciacapital.com.br','$2y$10$pR3nQtP1VKKNrECyP65Sp./Jgxu7ghFQdXvu1LGsErATObQ/JRxPm',0,1,'2023-04-20 15:49:25','2023-06-01 01:26:20','0','{\"admin_style\":\"\",\"admin_language\":\"\",\"language\":\"\",\"editor\":\"\",\"timezone\":\"\",\"a11y_mono\":\"0\",\"a11y_contrast\":\"0\",\"a11y_highlight\":\"0\",\"a11y_font\":\"0\"}',NULL,0,'','',0,'');

--
-- Table structure for table `josfs_viewlevels`
--

CREATE TABLE `josfs_viewlevels` (
  `id` int(10) unsigned NOT NULL AUTO_INCREMENT COMMENT 'Primary Key',
  `title` varchar(100) NOT NULL DEFAULT '',
  `ordering` int(11) NOT NULL DEFAULT 0,
  `rules` varchar(5120) NOT NULL COMMENT 'JSON encoded access control.',
  PRIMARY KEY (`id`),
  UNIQUE KEY `idx_assetgroup_title_lookup` (`title`)
) ENGINE=InnoDB AUTO_INCREMENT=7 DEFAULT CHARSET=utf8mb4 COLLATE=utf8mb4_unicode_ci;

--
-- Dumping data for table `josfs_viewlevels`
--

INSERT INTO `josfs_viewlevels` VALUES (1,'Public',0,'[1]'),(2,'Registered',2,'[6,2,8]'),(3,'Special',3,'[6,3,8]'),(5,'Guest',1,'[9]'),(6,'Super Users',4,'[8]');

--
-- Table structure for table `josfs_webauthn_credentials`
--

CREATE TABLE `josfs_webauthn_credentials` (
  `id` varchar(1000) NOT NULL COMMENT 'Credential ID',
  `user_id` varchar(128) NOT NULL COMMENT 'User handle',
  `label` varchar(190) NOT NULL COMMENT 'Human readable label',
  `credential` mediumtext NOT NULL COMMENT 'Credential source data, JSON format',
  PRIMARY KEY (`id`(100)),
  KEY `user_id` (`user_id`(100))
) ENGINE=InnoDB DEFAULT CHARSET=utf8mb4 COLLATE=utf8mb4_unicode_ci;

--
-- Dumping data for table `josfs_webauthn_credentials`
--


--
-- Table structure for table `josfs_workflow_associations`
--

CREATE TABLE `josfs_workflow_associations` (
  `item_id` int(11) NOT NULL DEFAULT 0 COMMENT 'Extension table id value',
  `stage_id` int(11) NOT NULL COMMENT 'Foreign Key to #__workflow_stages.id',
  `extension` varchar(50) NOT NULL,
  PRIMARY KEY (`item_id`,`extension`),
  KEY `idx_item_stage_extension` (`item_id`,`stage_id`,`extension`),
  KEY `idx_item_id` (`item_id`),
  KEY `idx_stage_id` (`stage_id`),
  KEY `idx_extension` (`extension`)
) ENGINE=InnoDB DEFAULT CHARSET=utf8mb4 COLLATE=utf8mb4_unicode_ci;

--
-- Dumping data for table `josfs_workflow_associations`
--

INSERT INTO `josfs_workflow_associations` VALUES (1,1,'com_content.article'),(2,1,'com_content.article'),(7,1,'com_content.article'),(8,1,'com_content.article'),(9,1,'com_content.article'),(10,1,'com_content.article'),(11,1,'com_content.article'),(12,1,'com_content.article'),(3,7,'com_content.article'),(4,7,'com_content.article'),(5,7,'com_content.article'),(6,7,'com_content.article');

--
-- Table structure for table `josfs_workflow_stages`
--

CREATE TABLE `josfs_workflow_stages` (
  `id` int(11) NOT NULL AUTO_INCREMENT,
  `asset_id` int(11) DEFAULT 0,
  `ordering` int(11) NOT NULL DEFAULT 0,
  `workflow_id` int(11) NOT NULL,
  `published` tinyint(4) NOT NULL DEFAULT 0,
  `title` varchar(255) NOT NULL,
  `description` text NOT NULL,
  `default` tinyint(4) NOT NULL DEFAULT 0,
  `checked_out_time` datetime DEFAULT NULL,
  `checked_out` int(10) unsigned DEFAULT NULL,
  PRIMARY KEY (`id`),
  KEY `idx_workflow_id` (`workflow_id`),
  KEY `idx_checked_out` (`checked_out`),
  KEY `idx_title` (`title`(191)),
  KEY `idx_asset_id` (`asset_id`),
  KEY `idx_default` (`default`)
) ENGINE=InnoDB AUTO_INCREMENT=11 DEFAULT CHARSET=utf8mb4 COLLATE=utf8mb4_unicode_ci;

--
-- Dumping data for table `josfs_workflow_stages`
--

INSERT INTO `josfs_workflow_stages` VALUES (1,57,1,1,1,'COM_WORKFLOW_BASIC_STAGE','',1,NULL,NULL),(2,95,0,2,1,'Ideia','Etapa básica. Todos os artigos enviados recentemente para o blog.',0,NULL,NULL),(3,96,0,2,1,'Redação','O redator está no trabalho.',0,NULL,NULL),(4,97,0,2,1,'Design Gráfico','Designer Gráfico está em serviço.',0,NULL,NULL),(5,98,0,2,1,'Verificação de fatos','O verificador de fatos está no trabalho.',0,NULL,NULL),(6,99,0,2,1,'Revisão de conteúdo','O artigo foi revisado, passou por verificação de texto, ilustração e HTML.',0,NULL,NULL),(7,100,0,2,1,'Publicado','Online e publicado.',1,NULL,NULL),(8,101,0,2,1,'Em espera','Em espera, aguardando.',0,NULL,NULL),(9,102,0,2,1,'No lixo','Não aceito',0,NULL,NULL),(10,103,0,2,1,'Não publicado','Um artigo publicado foi despublicado e retirado de destaque',0,NULL,NULL);

--
-- Table structure for table `josfs_workflow_transitions`
--

CREATE TABLE `josfs_workflow_transitions` (
  `id` int(11) NOT NULL AUTO_INCREMENT,
  `asset_id` int(11) DEFAULT 0,
  `ordering` int(11) NOT NULL DEFAULT 0,
  `workflow_id` int(11) NOT NULL,
  `published` tinyint(4) NOT NULL DEFAULT 0,
  `title` varchar(255) NOT NULL,
  `description` text NOT NULL,
  `from_stage_id` int(11) NOT NULL,
  `to_stage_id` int(11) NOT NULL,
  `options` text NOT NULL,
  `checked_out_time` datetime DEFAULT NULL,
  `checked_out` int(10) unsigned DEFAULT NULL,
  PRIMARY KEY (`id`),
  KEY `idx_title` (`title`(191)),
  KEY `idx_asset_id` (`asset_id`),
  KEY `idx_checked_out` (`checked_out`),
  KEY `idx_from_stage_id` (`from_stage_id`),
  KEY `idx_to_stage_id` (`to_stage_id`),
  KEY `idx_workflow_id` (`workflow_id`)
) ENGINE=InnoDB AUTO_INCREMENT=20 DEFAULT CHARSET=utf8mb4 COLLATE=utf8mb4_unicode_ci;

--
-- Dumping data for table `josfs_workflow_transitions`
--

INSERT INTO `josfs_workflow_transitions` VALUES (1,58,1,1,1,'UNPUBLISH','',-1,1,'{\"publishing\":\"0\"}',NULL,NULL),(2,59,2,1,1,'PUBLISH','',-1,1,'{\"publishing\":\"1\"}',NULL,NULL),(3,60,3,1,1,'TRASH','',-1,1,'{\"publishing\":\"-2\"}',NULL,NULL),(4,61,4,1,1,'ARCHIVE','',-1,1,'{\"publishing\":\"2\"}',NULL,NULL),(5,62,5,1,1,'FEATURE','',-1,1,'{\"featuring\":\"1\"}',NULL,NULL),(6,63,6,1,1,'UNFEATURE','',-1,1,'{\"featuring\":\"0\"}',NULL,NULL),(7,64,7,1,1,'PUBLISH_AND_FEATURE','',-1,1,'{\"publishing\":\"1\",\"featuring\":\"1\"}',NULL,NULL),(8,104,0,2,1,'Escrever artigo','O estrategista de conteúdo verifica qualquer ideia que seja apresentada na categoria do blog. ',2,3,'{\"publishing\":0,\"featuring\":0,\"notification_send_mail\":false}',NULL,NULL),(9,105,0,2,1,'Design Gráfico','O Designer Gráfico agora pode adicionar qualquer ilustração.',3,4,'{\"publishing\":0,\"featuring\":0,\"notification_send_mail\":false}',NULL,NULL),(10,106,0,2,1,'Verificar Fatos','O artigo está completo e deve ser verificado por um especialista no assunto.',4,5,'{\"publishing\":0,\"featuring\":0,\"notification_send_mail\":false}',NULL,NULL),(11,107,0,2,1,'Revisar Conteúdo','O artigo completo foi revisado.',5,6,'{\"publishing\":0,\"featuring\":0,\"notification_send_mail\":false}',NULL,NULL),(12,108,0,2,1,'Editar','O artigo deve ser revisado.',6,3,'{\"publishing\":0,\"featuring\":0,\"notification_send_mail\":false}',NULL,NULL),(13,109,0,2,1,'Publicar e Destacar','',6,7,'{\"publishing\":1,\"featuring\":1,\"notification_send_mail\":true,\"notification_text\":\"Artigo publicado!\",\"notification_groups\":[\"7\"]}',NULL,NULL),(14,110,0,2,1,'Colocar em espera','',-1,8,'{\"publishing\":2,\"featuring\":0,\"notification_send_mail\":false}',NULL,NULL),(15,111,0,2,1,'Lixeira','',2,9,'{\"publishing\":-2,\"featuring\":0,\"notification_send_mail\":false}',NULL,NULL),(16,112,0,2,1,'Ideia de resumo','Um artigo suspenso pode ser retomado como ideia.',8,2,'{\"publishing\":0,\"featuring\":0,\"notification_send_mail\":false}',NULL,NULL),(17,113,0,2,1,'Despublicar','Um artigo publicado não está publicado.',7,10,'{\"publishing\":0,\"featuring\":0,\"notification_send_mail\":false}',NULL,NULL),(18,114,0,2,1,'Lixeira','Descartar um artigo publicado.',7,9,'{\"publishing\":0,\"featuring\":0,\"notification_send_mail\":false}',NULL,NULL),(19,115,0,2,1,'Publicar novamente','Reativar um artigo não publicado.',10,7,'{\"publishing\":1,\"featuring\":0,\"notification_send_mail\":true,\"notification_text\":\"Artigo publicado!\",\"notification_groups\":[\"7\"]}',NULL,NULL);

--
-- Table structure for table `josfs_workflows`
--

CREATE TABLE `josfs_workflows` (
  `id` int(11) NOT NULL AUTO_INCREMENT,
  `asset_id` int(11) DEFAULT 0,
  `published` tinyint(4) NOT NULL DEFAULT 0,
  `title` varchar(255) NOT NULL,
  `description` text NOT NULL,
  `extension` varchar(50) NOT NULL,
  `default` tinyint(4) NOT NULL DEFAULT 0,
  `ordering` int(11) NOT NULL DEFAULT 0,
  `created` datetime NOT NULL,
  `created_by` int(11) NOT NULL DEFAULT 0,
  `modified` datetime NOT NULL,
  `modified_by` int(11) NOT NULL DEFAULT 0,
  `checked_out_time` datetime DEFAULT NULL,
  `checked_out` int(10) unsigned DEFAULT NULL,
  PRIMARY KEY (`id`),
  KEY `idx_asset_id` (`asset_id`),
  KEY `idx_title` (`title`(191)),
  KEY `idx_extension` (`extension`),
  KEY `idx_default` (`default`),
  KEY `idx_created` (`created`),
  KEY `idx_created_by` (`created_by`),
  KEY `idx_modified` (`modified`),
  KEY `idx_modified_by` (`modified_by`),
  KEY `idx_checked_out` (`checked_out`)
) ENGINE=InnoDB AUTO_INCREMENT=3 DEFAULT CHARSET=utf8mb4 COLLATE=utf8mb4_unicode_ci;

--
-- Dumping data for table `josfs_workflows`
--

INSERT INTO `josfs_workflows` VALUES (1,56,1,'COM_WORKFLOW_BASIC_WORKFLOW','','com_content.article',1,1,'2023-04-20 15:49:25',591,'2023-04-20 15:49:25',591,NULL,NULL),(2,94,1,'Fluxo de trabalho do Blog','Fluxo do trabalho de composição do texto desde a ideia até que seja publicado e colocado online. Funções envolvidas: Estratega de conteúdos, Redator, Designer gráfico, Analista de assuntos e Editor de conteúdos.','com_content.article',0,0,'2023-04-20 15:57:56',591,'2023-04-20 15:57:56',591,NULL,NULL);


